MONTHLY CLIMATOLOGICAL SUMMARY for DEC. 2019

NAME: N2KI - Skywarn Spotter ID 15-360NYC   CITY: Washingtonville STATE: NY
ELEV: 300ft LAT: 041:26:00 LONG: 0074:07:00

                            TEMPERATURE ( F), RAIN (in.), WIND SPEED (mph)

                                               HEAT     COOL           AVG
      MEAN                                     DEG      DEG            WIND                       DOM
DAY   TEMP    HIGH   TIME     LOW    TIME      DAYS     DAYS    RAIN   SPEED    HIGH    TIME      DIR
--------------------------------------------------------------------------------------------------------
01    24.7   030.5   23:25    20.5   06:45     40.3     00.0   00.00   01.8     10.3    20:32      NE
02    30.9   032.0   14:47    29.2   00:00     34.1     00.0   00.00   00.1     04.6    00:34      NE
03    29.2   036.1   15:09    22.8   08:02     35.7     00.0   00.01   01.2     16.1    13:43      W 
04    30.9   036.0   12:51    22.9   08:05     34.1     00.0   00.03   01.2     16.1    13:43     WSW
05    35.0   040.6   12:43    32.6   23:48     29.9     00.0   00.27   02.6     18.4    15:16      W 
06    35.9   042.6   19:01    27.7   05:32     29.0     00.0   00.33   01.6     12.7    23:13      W 
07    28.2   036.1   12:55    17.0   00:00     36.7     00.0   00.00   01.2     11.5    00:23     WSW
08    23.5   037.3   14:09    09.0   07:14     41.4     00.0   00.01   00.4     09.2    14:30     SSW
09    39.2   049.9   20:21    32.1   06:10     25.7     00.0   00.52   00.7     10.3    20:56     WNW
10    44.0   051.9   13:29    35.1   00:00     21.0     00.0   00.23   00.9     10.3    14:14     WSW
11    31.6   035.1   00:07    25.5   23:59     33.4     00.0   00.18   01.0     11.5    22:40     WSW
12    25.1   032.8   13:34    19.4   07:20     39.9     00.0   00.00   00.8     13.8    01:30     WSW
13    28.8   035.7   00:00    20.4   03:45     36.2     00.0   00.32   00.3     03.5    23:36     SSW
14    41.8   048.7   19:40    35.7   00:31     23.2     00.0   00.51   01.4     17.3    21:37      W 
15    39.5   045.1   12:12    31.7   00:00     25.4     00.0   00.00   03.4     20.7    10:59      W 
16    30.6   033.2   15:33    27.6   07:24     34.4     00.0   00.00   00.7     09.2    01:11     WSW
17    29.7   030.9   15:04    28.4   03:46     35.2     00.0   00.00   00.9     06.9    05:53      NE
18    26.9   032.5   13:21    16.8   00:00     38.0     00.0   00.08   01.8     16.1    23:25      W 
19    17.4   023.1   14:31    13.2   08:03     47.5     00.0   00.00   03.4     17.3    00:04      W 
20    21.8   032.6   13:55    14.7   00:00     43.2     00.0   00.02   01.1     08.1    19:25      SW
21    19.1   027.8   16:03    12.6   05:40     45.8     00.0   00.00   00.3     03.5    14:14     ENE
22    28.5   044.8   14:33    15.7   03:19     36.5     00.0   00.15   01.3     09.2    13:37      W 
23    36.4   054.8   15:15    22.9   07:38     28.5     00.0   00.09   01.4     10.3    12:16      W 
24    34.3   043.8   14:13    23.3   00:00     30.6     00.0   00.00   01.1     13.8    13:47     NNE
25    27.4   042.5   14:39    17.7   08:06     37.5     00.0   00.00   00.2     03.5    14:56     SSW
26    33.0   041.3   15:17    22.7   05:28     32.0     00.0   00.00   00.6     06.9    14:19     ESE
27    42.6   050.4   15:55    33.8   23:14     22.3     00.0   00.00   00.9     10.3    15:52     WSW
28    38.3   048.2   14:04    28.2   22:57     26.7     00.0   00.00   01.2     11.5    10:24      W 
29    34.1   039.5   14:43    26.1   08:02     30.8     00.0   00.31   00.5     08.1    02:27     ENE
31    35.7   037.8   14:02    33.8   18:32     29.2     00.0   00.00   01.5     12.7    14:17      NE
--------------------------------------------------------------------------------------------------------
31.5 (31.5)   54.8  day 23     09.0  day 08   1004.2    000.0   03.89   01.2     20.7   day 15      W 
Max <=  32: 5
Min <=  86: 30
Min <=  23: 15
Max Rain: 0.52 ON 9-12-20
Days of Rain: 15 (> .008in) 11 (> .08in) 0 (> 0.8in)