MONTHLY CLIMATOLOGICAL SUMMARY for DEC. 2018

NAME: N2KI - Skywarn Spotter ID 15-360NYC   CITY: Washingtonville STATE: NY
ELEV: 300ft LAT: 041:26:00 LONG: 0074:07:00

                            TEMPERATURE ( F), RAIN (in.), WIND SPEED (mph)

                                               HEAT     COOL           AVG
      MEAN                                     DEG      DEG            WIND                       DOM
DAY   TEMP    HIGH   TIME     LOW    TIME      DAYS     DAYS    RAIN   SPEED    HIGH    TIME      DIR
--------------------------------------------------------------------------------------------------------
01    36.6   040.9   13:45    31.4   08:06     28.3     00.0   00.12   00.2     06.9    14:24     ENE
02    43.1   046.0   00:00    39.1   00:03     21.8     00.0   00.39   00.2     09.2    00:56      N 
03    48.0   053.0   12:11    40.1   00:00     17.0     00.0   00.00   02.1     19.6    12:08      W 
04    33.9   040.1   00:03    21.9   23:57     31.0     00.0   00.00   01.6     14.9    11:41      NW
05    26.2   034.0   15:10    18.4   07:46     38.8     00.0   00.00   00.1     04.6    10:50      NE
06    31.5   040.1   14:14    21.4   04:09     33.5     00.0   00.00   01.4     16.1    12:10     WSW
07    30.9   035.1   14:32    22.5   23:18     34.1     00.0   00.00   01.9     16.1    13:39     WNW
08    24.4   032.6   12:54    16.8   06:32     40.5     00.0   00.00   00.6     11.5    16:13     WNW
09    25.5   032.3   14:07    18.5   04:33     39.4     00.0   00.00   00.2     06.9    16:02      W 
10    25.4   038.0   14:53    15.8   07:50     39.5     00.0   00.00   00.3     08.1    11:23     NNW
11    25.2   038.4   14:27    13.9   07:47     39.7     00.0   00.00   00.1     06.9    14:18     NNW
12    31.6   037.9   13:04    24.9   23:25     33.3     00.0   00.00   00.6     11.5    13:25     WNW
13    28.4   030.2   00:00    25.2   00:04     36.5     00.0   00.00   00.3     05.8    10:20     NNE
14    36.8   044.5   15:55    30.2   00:18     28.1     00.0   00.03   00.0     04.6    15:12     ENE
15    42.8   047.2   15:33    39.3   01:07     22.1     00.0   00.09   00.2     06.9    23:44      E 
16    36.8   039.8   00:49    35.1   21:25     28.1     00.0   00.95   01.2     10.3    11:08      NE
17    38.1   042.4   13:57    33.9   08:10     26.8     00.0   00.07   02.4     21.9    23:52     WNW
18    29.1   037.0   00:09    22.1   00:00     35.8     00.0   00.00   03.5     19.6    00:45      NW
19    27.6   041.1   14:47    18.3   04:54     37.4     00.0   00.00   00.3     11.5    12:08     WSW
20    33.1   045.4   00:00    21.4   07:42     31.8     00.0   00.16   00.1     10.3    23:52     WSW
21    58.7   063.6   07:32    45.4   00:01     06.3     00.0   01.01   02.9     28.8    03:32     SSE
22    42.9   056.8   00:08    37.4   00:00     22.0     00.0   00.00   03.8     24.1    16:46      W 
23    35.4   040.3   14:28    31.4   18:48     29.5     00.0   00.00   01.9     20.7    01:40     WNW
24    35.6   041.7   13:14    31.5   04:14     29.4     00.0   00.06   01.1     14.9    17:16      W 
25    34.0   037.3   13:14    28.3   23:54     30.9     00.0   00.00   01.2     12.7    14:23     WNW
26    32.1   038.8   15:32    26.3   03:54     32.8     00.0   00.00   00.4     13.8    14:32      W 
27    35.1   037.9   00:00    28.4   08:24     29.9     00.0   00.00   00.7     12.7    05:08     ENE
28    45.9   054.0   22:55    37.9   00:04     19.0     00.0   00.35   00.4     10.3    00:25      W 
29    44.8   053.4   00:08    34.0   00:00     20.1     00.0   00.00   02.8     19.6    17:44      W 
30    31.5   034.7   16:06    27.9   09:18     33.5     00.0   00.01   00.1     08.1    00:38     ENE
31    34.0   043.2   22:00    24.2   07:55     30.9     00.0   00.74   00.3     11.5    20:10      E 
--------------------------------------------------------------------------------------------------------
35.0 (34.8)   63.6  day 21     13.9  day 11   928.1    000.0   04.01   01.1     28.8   day 21     WNW
Max <=  32: 1
Min <=  86: 31
Min <=  23: 11
Max Rain: 1.01 ON 21-12-19
Days of Rain: 12 (> .008in) 8 (> .08in) 2 (> 0.8in)