MONTHLY CLIMATOLOGICAL SUMMARY for DEC. 2017

NAME: N2KI - Skywarn Spotter ID 15-360NYC   CITY: Washingtonville STATE: NY
ELEV: 300ft LAT: 041:26:00 LONG: 0074:07:00

                            TEMPERATURE ( F), RAIN (in.), WIND SPEED (mph)

                                               HEAT     COOL           AVG
      MEAN                                     DEG      DEG            WIND                       DOM
DAY   TEMP    HIGH   TIME     LOW    TIME      DAYS     DAYS    RAIN   SPEED    HIGH    TIME      DIR
--------------------------------------------------------------------------------------------------------
01    38.7   050.0   13:34    27.1   00:00     26.2     00.0   00.02   00.5     11.5    11:25      W 
02    32.9   044.9   14:57    22.3   07:22     32.0     00.0   00.00   00.0     04.6    14:12     WNW
03    34.1   044.8   15:38    26.6   23:53     30.9     00.0   00.00   00.0     02.3    14:21     WNW
04    32.5   036.9   16:28    25.8   01:43     32.4     00.0   00.00   00.0     03.5    23:40     WNW
05    52.5   060.3   16:26    36.0   00:01     12.5     00.0   00.23   01.5     20.7    12:36     SSW
06    41.3   055.8   02:13    29.6   20:51     23.7     00.0   00.06   01.9     26.4    02:21      W 
07    37.3   043.4   14:03    31.4   07:50     27.7     00.0   00.00   01.7     21.9    14:45     WSW
08    31.3   035.2   14:14    23.6   07:47     33.6     00.0   00.00   00.4     09.2    12:15     WSW
09    30.2   033.3   10:43    27.3   00:00     34.7     00.0   00.00   00.0     05.8    00:43     WSW
10    31.1   037.1   14:13    24.8   07:48     33.9     00.0   00.11   01.1     14.9    12:12     WSW
11    33.5   038.0   11:58    30.1   08:02     31.4     00.0   00.05   00.7     11.5    12:01      W 
12    36.7   044.1   10:32    25.2   00:00     28.2     00.0   00.08   01.5     19.6    23:30      W 
13    22.3   027.5   15:17    18.1   08:01     42.6     00.0   00.00   04.6     28.8    14:21      W 
14    22.3   029.6   12:39    14.3   00:00     42.6     00.0   00.03   01.3     16.1    16:54      W 
15    19.2   024.7   14:29    13.4   01:03     45.8     00.0   00.00   00.2     04.6    14:12     WSW
16    26.0   033.7   13:31    10.8   02:55     39.0     00.0   00.01   01.2     14.9    14:24     WSW
17    29.2   031.1   14:43    27.5   07:44     35.8     00.0   00.00   00.1     03.5    21:50      W 
18    33.3   040.9   22:01    27.8   00:41     31.6     00.0   00.01   00.1     05.8    21:48     WSW
19    46.5   052.5   13:54    36.6   01:58     18.5     00.0   00.00   02.5     26.4    14:08     WSW
20    38.9   048.4   00:51    29.9   00:00     26.0     00.0   00.00   02.0     20.7    11:39     WNW
21    30.5   038.0   13:54    24.3   04:10     34.5     00.0   00.00   00.3     08.1    10:07      W 
22    30.7   035.3   12:59    27.0   01:05     34.3     00.0   00.00   00.1     05.8    13:00     WNW
23    35.3   040.7   19:47    30.1   00:01     29.6     00.0   00.57   00.2     14.9    23:57      W 
24    35.1   038.4   14:18    30.8   07:57     29.9     00.0   00.00   00.8     11.5    22:15      E 
25    30.6   034.7   10:29    24.0   00:00     34.3     00.0   00.01   03.4     27.6    15:00      W 
26    20.1   025.3   14:15    08.7   00:00     44.8     00.0   00.01   02.2     16.1    13:07      W 
27    13.1   022.3   14:46    06.0   06:12     51.8     00.0   00.00   01.0     13.8    12:41      W 
28    10.8   015.7   15:08    05.4   00:00     54.1     00.0   00.00   02.8     19.6    09:47      W 
29    11.3   020.3   14:43    04.0   01:38     53.6     00.0   00.00   01.1     13.8    13:23      W 
30    12.0   021.6   15:33    04.4   00:00     53.0     00.0   00.00   00.2     06.9    14:43      W 
31    09.0   012.4   05:32    03.9   02:42     56.0     00.0   00.00   02.2     19.6    05:38     WNW
--------------------------------------------------------------------------------------------------------
29.3 (28.9)   60.3  day 05     03.9  day 31   1105.0    000.0   01.19   01.2     28.8   day 13      W 
Max <=  32: 10
Min <=  86: 31
Max <= 23: 5
Min <=  23: 11
Max <=  14: 1
Min <=   5: 3
Max Rain: 0.57 ON 23-12-18
Days of Rain: 12 (> .008in) 4 (> .08in) 0 (> 0.8in)