MONTHLY CLIMATOLOGICAL SUMMARY for DEC. 2016

NAME: N2KI - Skywarn Spotter ID 15-360NYC   CITY: Washingtonville STATE: NY
ELEV: 300ft LAT: 041:26:00 LONG: 0074:07:00

                            TEMPERATURE ( F), RAIN (in.), WIND SPEED (mph)

                                               HEAT     COOL           AVG
      MEAN                                     DEG      DEG            WIND                       DOM
DAY   TEMP    HIGH   TIME     LOW    TIME      DAYS     DAYS    RAIN   SPEED    HIGH    TIME      DIR
--------------------------------------------------------------------------------------------------------
01    45.9   051.5   11:12    38.3   00:00     19.0     00.0   00.15   04.0     14.9    11:12      W 
02    42.2   049.1   14:11    36.8   06:09     22.7     00.0   00.00   05.3     14.9    11:24      W 
03    41.3   044.9   14:02    39.1   06:27     23.6     00.0   00.00   05.4     19.6    10:04      W 
04    36.4   043.4   13:19    28.9   08:03     28.5     00.0   00.00   01.2     09.2    01:17     NNW
05    35.9   045.8   14:05    29.0   00:00     29.0     00.0   00.09   01.3     10.3    12:07      W 
06    32.6   042.8   15:48    24.4   07:16     32.4     00.0   00.00   00.1     04.6    12:04     WNW
07    34.7   041.6   15:28    31.0   00:00     30.2     00.0   00.21   00.2     05.8    13:04      E 
08    34.8   042.7   14:22    29.2   06:05     30.2     00.0   00.00   02.5     14.9    13:05      W 
09    31.3   036.3   13:03    21.7   00:00     33.6     00.0   00.00   06.1     19.6    14:13     WNW
10    25.1   031.6   14:13    18.3   04:28     39.8     00.0   00.00   01.5     11.5    11:16      W 
11    25.3   032.0   15:00    18.2   07:13     39.6     00.0   00.00   00.9     10.3    15:02     WSW
12    35.8   042.0   15:14    28.2   00:15     29.1     00.0   00.27   02.1     11.5    15:00     WSW
13    34.4   039.7   14:29    25.3   07:26     30.5     00.0   00.00   01.1     09.2    00:18     WSW
14    32.8   038.5   12:06    24.9   20:00     32.2     00.0   00.00   02.7     12.7    12:01      W 
15    22.1   029.9   00:09    18.3   00:00     42.8     00.0   00.00   10.1     19.6    17:13      W 
16    19.5   024.7   15:24    12.5   07:17     45.5     00.0   00.00   03.1     11.5    10:05      W 
17    26.4   032.6   00:00    21.0   03:29     38.6     00.0   00.00   00.6     11.5    05:03      SW
18    38.4   052.1   13:11    27.9   00:00     26.5     00.0   00.63   04.0     16.1    13:19      W 
19    21.0   027.9   00:03    10.8   00:00     44.0     00.0   00.00   01.3     11.5    00:14      NE
20    19.7   032.6   15:16    04.8   07:18     45.3     00.0   00.00   01.5     11.5    23:12     WSW
21    29.5   037.7   15:06    18.2   06:04     35.4     00.0   00.00   01.3     10.3    11:20     WSW
22    35.9   046.0   14:04    26.5   00:04     29.1     00.0   00.00   02.7     13.8    08:10      W 
23    38.6   045.9   14:13    29.7   07:21     26.3     00.0   00.00   02.0     11.5    12:04      W 
24    39.1   044.5   18:15    32.8   03:05     25.8     00.0   00.40   02.6     11.5    20:22     WSW
25    38.6   047.9   14:08    28.3   00:00     26.3     00.0   00.00   01.8     10.3    09:19      N 
26    28.3   037.3   22:24    21.8   06:22     36.7     00.0   00.01   00.6     05.8    02:09      N 
27    46.9   057.4   13:29    33.5   22:29     18.0     00.0   00.00   04.5     18.4    06:23      W 
28    34.7   038.6   10:25    24.0   00:00     30.2     00.0   00.00   02.3     11.5    12:14      W 
29    31.2   040.7   13:14    22.8   02:03     33.7     00.0   00.22   01.1     10.3    23:29     WSW
30    33.5   040.3   18:00    29.9   23:29     31.5     00.0   00.00   05.3     19.6    11:15      W 
31    40.5   041.3   23:37    39.9   21:27     24.4     00.0   00.00   01.3     16.1    19:17      SW
--------------------------------------------------------------------------------------------------------
33.3 (33.1)   57.4  day 27     04.8  day 20   980.8    000.0   01.98   02.6     19.6   day 30      W 
Max <=  32: 5
Min <=  86: 31
Min <=  23: 11
Min <=   5: 1
Max Rain: 0.63 ON 18-12-17
Days of Rain: 8 (> .008in) 7 (> .08in) 0 (> 0.8in)