MONTHLY CLIMATOLOGICAL SUMMARY for DEC. 2015

NAME: N2KI - Skywarn Spotter ID 13-330NYC   CITY: Washingtonville STATE: NY
ELEV: 300ft LAT: 041:26:00 LONG: 0074:07:00

                            TEMPERATURE ( F), RAIN (in.), WIND SPEED (mph)

                                               HEAT     COOL           AVG
      MEAN                                     DEG      DEG            WIND                       DOM
DAY   TEMP    HIGH   TIME     LOW    TIME      DAYS     DAYS    RAIN   SPEED    HIGH    TIME      DIR
--------------------------------------------------------------------------------------------------------
01    39.7   045.2   18:02    25.1   21:02     25.3     00.0   00.36   00.0     03.5    21:05     ENE
02    44.8   050.5   23:20    41.2   05:59     20.1     00.0   00.52   00.1     06.9    23:32     NNE
03    44.7   049.8   00:04    40.4   07:50     20.3     00.0   00.00   02.0     19.6    14:40      W 
04    43.6   049.6   14:18    38.2   06:36     21.3     00.0   00.00   01.0     11.5    14:22      W 
05    36.1   050.9   14:42    26.7   07:43     28.8     00.0   00.00   00.1     03.5    14:26     WSW
06    34.9   055.0   14:30    22.9   07:45     30.1     00.0   00.00   00.1     06.9    13:18     WSW
07    38.2   051.4   14:35    29.2   01:52     26.7     00.0   00.01   00.2     06.9    04:58     WSW
08    36.9   044.0   14:49    26.1   00:00     28.0     00.0   00.00   00.3     09.2    04:18     NNE
09    39.4   052.4   22:57    24.2   02:53     25.5     00.0   00.00   01.0     24.1    22:51      SW
10    48.8   057.3   15:20    37.9   00:00     16.2     00.0   00.00   00.2     06.9    10:15     SSW
11    47.9   061.2   14:00    33.8   08:11     17.1     00.0   00.00   00.8     14.9    13:46     SSW
12    52.0   060.6   13:59    40.2   08:08     13.0     00.0   00.00   00.1     05.8    10:39     SSW
13    52.1   056.8   12:30    49.2   01:40     12.9     00.0   00.00   00.2     09.2    13:41     ESE
14    55.9   063.9   00:00    50.1   08:13     09.1     00.0   00.15   00.6     14.9    13:49     SSW
15    55.4   064.2   00:29    48.3   00:00     09.5     00.0   00.15   03.3     20.7    15:51      W 
16    45.0   050.1   14:59    38.4   05:00     20.0     00.0   00.00   00.5     11.5    15:43      S 
17    49.2   052.3   15:22    43.2   00:21     15.7     00.0   00.69   00.1     12.7    06:32      SW
18    43.2   051.7   01:59    32.9   23:29     21.8     00.0   00.00   01.0     16.1    20:30      W 
19    34.4   037.3   15:27    30.9   07:52     30.6     00.0   00.00   02.9     24.1    14:24      W 
20    34.3   041.8   14:38    28.8   23:22     30.6     00.0   00.00   01.3     18.4    01:42      W 
21    40.4   050.1   22:51    28.5   05:51     24.6     00.0   00.00   00.4     11.5    16:59      W 
22    50.3   056.3   16:49    42.1   23:23     14.7     00.0   00.19   00.5     12.7    16:24     WSW
23    50.6   057.5   22:31    41.5   01:09     14.3     00.0   00.47   00.6     16.1    17:59      NE
24    59.0   070.5   14:24    44.1   00:00     05.9     00.0   00.03   01.1     19.6    14:10     WSW
25    49.6   059.5   15:27    40.9   08:23     15.3     00.0   00.00   00.1     09.2    22:16     SSE
26    47.6   052.7   00:15    44.6   08:24     17.3     00.0   00.04   00.8     11.5    05:34      E 
27    48.9   057.1   15:53    41.7   00:00     16.1     00.0   00.09   01.4     16.1    12:06      W 
28    34.8   041.7   00:01    29.2   23:47     30.1     00.0   00.01   01.8     14.9    22:29      NE
29    32.2   034.8   00:00    27.5   03:34     32.7     00.0   00.16   00.5     11.5    01:40     ENE
30    36.8   039.2   15:29    34.3   05:29     28.1     00.0   00.48   00.0     03.5    21:20     WSW
31    40.2   044.1   13:07    37.5   00:09     24.7     00.0   00.11   00.8     16.1    13:34      W 
--------------------------------------------------------------------------------------------------------
44.1 (44.0)   70.5  day 24     22.9  day 06   646.4    000.0   03.47   00.8     24.2   day 19     WSW
Min <=  86: 31
Min <=  23: 1
Max Rain: 0.69 ON 17-12-16
Days of Rain: 15 (> .008in) 11 (> .08in) 0 (> 0.8in)