MONTHLY CLIMATOLOGICAL SUMMARY for DEC. 2014

NAME: N2KI - Skywarn Spotter ID 13-330NYC   CITY: Washingtonville STATE: NY
ELEV: 300ft LAT: 041:26:00 LONG: 0074:07:00

                            TEMPERATURE ( F), RAIN (in.), WIND SPEED (mph)

                                               HEAT     COOL           AVG
      MEAN                                     DEG      DEG            WIND                       DOM
DAY   TEMP    HIGH   TIME     LOW    TIME      DAYS     DAYS    RAIN   SPEED    HIGH    TIME      DIR
----------------------------------------------------------------------------------------------------------------------------------------------------------
01    41.4   055.3   11:24    34.3   04:32     23.5     00.0   00.08   00.5     10.3    17:02      W 
02    32.6   036.7   00:02    29.4   08:32     32.3     00.0   00.10   00.8     10.3    07:17      NE
03    37.2   041.4   17:34    33.4   06:08     27.8     00.0   00.05   00.6     14.9    17:36     WSW
04    33.4   041.9   12:22    23.6   00:00     31.5     00.0   00.00   00.7     11.5    14:22      W 
05    28.9   034.9   15:34    19.0   07:18     36.0     00.0   00.18   00.1     04.6    13:21     NNE
06    36.1   039.4   19:01    33.0   02:13     28.9     00.0   00.60   00.4     11.5    22:11      W 
07    33.1   037.9   00:19    22.2   00:00     31.8     00.0   00.01   04.2     21.9    11:45      NE
08    22.8   027.6   00:00    16.6   07:31     42.1     00.0   00.00   01.1     11.5    14:21     ENE
09    33.9   040.8   18:26    27.6   00:03     31.1     00.0   00.65   00.8     13.8    16:35     ENE
10    35.1   039.3   00:25    31.1   00:00     29.8     00.0   00.04   01.2     13.8    20:25      W 
11    31.5   034.4   14:20    29.9   22:30     33.4     00.0   00.01   02.6     17.3    12:44      W 
12    31.8   035.9   14:28    29.4   06:51     33.2     00.0   00.00   01.8     12.7    17:12      W 
13    35.5   042.5   13:12    31.0   08:09     29.4     00.0   00.00   01.4     14.9    14:39      W 
14    36.7   043.3   15:18    28.2   00:00     28.2     00.0   00.00   00.3     09.2    13:32      W 
15    32.1   046.7   14:20    22.7   07:28     32.8     00.0   00.00   00.1     08.1    15:02     WNW
16    33.5   043.2   15:19    24.5   04:19     31.4     00.0   00.16   00.0     03.5    16:29     SSE
17    42.9   049.9   12:32    39.4   01:10     22.1     00.0   00.01   01.5     17.3    11:34      W 
18    37.2   039.5   00:03    35.9   00:00     27.7     00.0   00.00   03.3     19.6    11:35      W 
19    33.1   035.9   00:07    28.2   23:11     31.9     00.0   00.00   01.5     12.7    07:23     WNW
20    29.2   030.5   13:37    28.1   08:21     35.8     00.0   00.00   00.5     08.1    08:46      NE
21    30.6   033.1   15:04    28.2   05:26     34.4     00.0   00.00   00.2     04.6    22:14      NE
22    33.5   037.6   00:00    30.9   06:36     31.4     00.0   00.03   00.1     05.8    02:02     ESE
23    40.5   042.6   13:25    37.7   00:03     24.5     00.0   00.18   00.0     04.6    12:28     ESE
24    44.7   047.8   15:03    41.4   04:40     20.3     00.0   00.19   00.2     10.3    11:07      SE
25    49.5   061.8   03:22    40.3   23:44     15.4     00.0   00.02   03.4     25.3    14:14      W 
26    39.0   049.6   15:01    28.7   00:00     25.9     00.0   00.00   00.7     11.5    09:25     WSW
27    39.7   054.0   14:42    28.1   01:08     25.2     00.0   00.00   00.4     10.3    13:30     WSW
28    45.7   050.0   01:00    38.8   00:00     19.3     00.0   00.07   00.9     11.5    14:43      W 
29    34.0   040.8   13:46    25.0   23:45     30.9     00.0   00.00   00.7     10.3    12:29      W 
30    24.2   031.0   13:39    18.5   07:37     40.8     00.0   00.00   00.4     12.7    13:18     WNW
31    23.7   030.1   13:26    14.8   23:27     41.2     00.0   00.00   00.6     14.9    13:42      W 
----------------------------------------------------------------------------------------------------------------------------------------------------------
34.9 (35.1)   61.8  day 25     14.8  day 31   930.0    000.0   02.40   01.0     25.3   day 25     WNW
Max <=  32: 4
Min <=  86: 31
Min <=  23: 6
Max Rain: 0.65 ON 9-12-15
Days of Rain: 16 (> .008in) 8 (> .08in) 0 (> 0.8in)