MONTHLY CLIMATOLOGICAL SUMMARY for DEC. 2012

NAME: N2KI - Skywarn Spotter ID 10-535A   CITY: Washingtonville STATE: NY
ELEV: 300ft LAT: 041:26:00 LONG: 0074:07:00

                            TEMPERATURE ( F), RAIN (in.), WIND SPEED (mph)

                                               HEAT     COOL           AVG
      MEAN                                     DEG      DEG            WIND                       DOM
DAY   TEMP    HIGH   TIME     LOW    TIME      DAYS     DAYS    RAIN   SPEED    HIGH    TIME      DIR
----------------------------------------------------------------------------------------------------------------------------------------------------------
01    31.4   034.2   16:24    28.4   03:57     33.5     00.0   00.00   00.3     08.1    03:13     ENE
02    41.1   049.5   15:22    33.6   00:01     23.8     00.0   00.15   00.3     11.5    18:33      W 
03    47.5   059.3   14:13    34.5   00:00     17.4     00.0   00.00   00.6     10.4    11:57      W 
04    48.4   059.6   14:39    34.3   01:28     16.6     00.0   00.10   00.7     15.0    23:18     SSW
05    47.0   059.1   00:07    34.7   00:00     18.0     00.0   00.00   03.0     19.6    16:27     WNW
06    29.9   038.6   13:51    22.1   23:25     35.1     00.0   00.00   00.4     09.2    02:43     SSE
07    30.4   036.2   00:00    21.8   00:27     34.6     00.0   00.25   00.0     02.3    11:57     SSW
08    42.1   047.0   16:10    36.2   00:02     22.9     00.0   00.22   00.1     04.6    20:55      W 
09    41.4   045.8   00:01    39.1   20:12     23.5     00.0   00.10   00.7     11.5    08:06     ENE
10    47.4   055.8   15:10    39.2   04:03     17.5     00.0   00.06   00.4     15.0    23:11      W 
11    41.9   048.5   00:01    31.5   00:00     23.0     00.0   00.03   00.9     11.5    13:40     WNW
12    31.8   040.4   13:48    26.9   07:55     33.2     00.0   00.00   00.3     08.1    12:24      W 
13    30.9   043.8   14:14    23.0   07:36     34.1     00.0   00.00   00.0     04.6    11:25      SE
14    32.4   049.2   15:01    21.2   07:35     32.6     00.0   00.01   00.8     12.7    12:20      W 
15    33.7   044.6   14:15    23.1   08:01     31.3     00.0   00.00   00.2     04.6    13:03      SE
16    37.7   040.7   07:14    34.2   03:51     27.2     00.0   00.05   01.2     13.8    06:44     ENE
17    38.6   040.3   00:00    37.0   00:31     26.4     00.0   00.52   00.3     10.4    14:31     ENE
18    43.8   048.4   14:46    40.3   00:04     21.1     00.0   00.35   01.1     18.4    19:31      W 
19    41.6   046.7   13:44    30.1   00:00     23.4     00.0   00.01   02.8     26.5    11:35     WNW
20    33.9   042.2   00:00    23.4   08:13     31.0     00.0   00.03   00.8     21.9    23:15     ESE
21    43.4   057.5   09:28    35.7   23:46     21.5     00.0   02.06   05.5     31.1    08:19      S 
22    35.3   037.4   04:58    33.1   11:12     29.6     00.0   00.00   05.3     26.5    18:04      W 
23    35.8   041.9   13:36    30.8   21:47     29.1     00.0   00.00   02.3     19.6    01:38      W 
24    30.8   037.2   14:29    22.9   07:57     34.2     00.0   00.00   00.1     06.9    01:41     SSE
25    32.3   036.0   14:46    27.8   00:00     32.6     00.0   00.11   00.1     04.6    23:45     ENE
26    26.5   032.5   00:00    23.7   03:49     38.4     00.0   00.00   02.7     16.1    22:09     ENE
27    33.3   037.1   15:04    29.3   23:46     31.6     00.0   00.13   03.3     25.3    23:24      NW
28    30.3   036.2   14:42    20.9   00:00     34.7     00.0   00.09   01.7     17.3    00:01      W 
29    26.1   029.6   22:29    19.8   02:05     38.8     00.0   00.00   00.1     10.4    11:49     NNE
30    28.8   032.5   14:18    24.9   00:00     36.1     00.0   00.01   03.4     26.5    13:02      W 
31    31.5   038.4   14:54    23.2   02:00     33.4     00.0   00.03   02.1     13.8    18:42     WSW
----------------------------------------------------------------------------------------------------------------------------------------------------------
36.3 (36.3)   59.6  day 04     19.8  day 29   886.3    000.0   04.33   01.3     31.1   day 21      W 
Max <=  32: 1
Min <=  86: 31
Min <=  23: 7
Max Rain: 2.06 ON 21-12-13
Days of Rain: 23 (> .008in) 11 (> .08in) 1 (> 0.8in)