MONTHLY CLIMATOLOGICAL SUMMARY for DEC. 2010

NAME: N2KI Studio 1 - Bravo   CITY: Washingtonville STATE: New York
ELEV: 445 LAT: N41 25 29.5 LONG: W74 08 53.3

                            TEMPERATURE ( F), RAIN (in.), WIND SPEED (mph)

                                               HEAT     COOL           AVG
      MEAN                                     DEG      DEG            WIND                       DOM
DAY   TEMP    HIGH   TIME     LOW    TIME      DAYS     DAYS    RAIN   SPEED    HIGH    TIME      DIR
----------------------------------------------------------------------------------------------------------------------------------------------------------
01    51.8   063.1   14:14    38.4   00:00     13.2     00.0   01.60   05.3     40.3    12:40     SSE
02    35.2   039.9   13:14    29.1   00:00     29.8     00.0   00.00   02.0     16.1    04:37      W 
03    31.1   039.8   14:18    24.5   07:52     33.8     00.0   00.00   00.2     05.8    14:03      W 
04    31.4   037.7   13:15    23.6   04:45     33.5     00.0   00.00   01.9     19.6    14:16      W 
05    31.1   033.0   12:40    28.4   01:38     33.9     00.0   00.00   03.5     21.9    14:57      W 
06    30.1   031.6   12:56    28.6   06:42     34.9     00.0   00.00   05.5     28.8    16:12      W 
07    30.5   033.4   14:02    28.0   06:03     34.5     00.0   00.00   05.1     26.4    12:08      W 
08    27.0   031.8   14:44    21.3   00:00     37.9     00.0   00.00   03.4     19.6    11:15      W 
09    21.5   027.8   14:04    12.6   00:00     43.5     00.0   00.00   01.9     19.6    14:32      W 
10    21.2   029.3   16:16    10.1   05:57     43.8     00.0   00.00   00.3     12.7    13:09     WSW
11    31.2   045.1   14:38    20.2   08:00     33.7     00.0   00.00   00.3     06.9    10:48     WSW
12    45.3   058.5   13:40    25.4   00:03     19.6     00.0   01.00   02.7     33.4    13:15     ESE
13    35.5   044.9   00:03    18.6   00:00     29.4     00.0   00.10   02.6     23.0    19:00     WSW
14    19.0   022.1   13:28    15.8   00:00     45.9     00.0   00.00   03.6     23.0    16:54      W 
15    20.3   024.7   13:41    15.4   00:42     44.7     00.0   00.00   02.3     24.1    14:21      W 
16    23.8   031.8   13:36    15.7   23:30     41.1     00.0   00.00   01.7     13.8    11:35     WSW
17    26.3   035.6   15:01    16.0   01:12     38.6     00.0   00.00   01.4     18.4    12:44     WSW
18    25.9   036.3   14:43    16.9   07:36     39.0     00.0   00.00   00.7     11.5    12:14      SW
19    22.4   032.1   15:30    15.8   07:07     42.5     00.0   00.00   00.1     05.8    09:58     SSE
20    22.9   035.2   15:12    10.7   07:47     42.1     00.0   00.00   00.9     16.1    15:08     WNW
21    30.0   038.9   13:13    25.5   00:00     35.0     00.0   00.00   02.1     14.9    04:44     WNW
22    30.2   036.9   13:17    24.9   08:24     34.8     00.0   00.00   01.9     14.9    15:59      W 
23    30.8   033.2   13:48    28.1   00:00     34.2     00.0   00.00   03.7     19.6    05:43     WNW
24    29.2   038.4   14:56    22.9   07:59     35.7     00.0   00.00   01.0     11.5    15:51     WNW
25    24.5   029.1   14:28    18.3   05:52     40.5     00.0   00.00   00.7     08.1    20:59     NNE
26    21.6   024.9   00:02    19.5   23:17     43.3     00.0   00.00   03.2     19.6    19:23      NE
27    22.4   026.0   14:58    20.0   06:52     42.5     00.0   00.00   05.0     32.2    16:09     WNW
28    29.6   035.1   14:14    21.3   04:15     35.3     00.0   00.00   03.8     27.6    15:54      W 
29    30.4   037.7   14:23    14.9   00:00     34.5     00.0   00.10   01.9     18.4    14:26      W 
30    22.4   040.8   15:04    06.2   08:12     42.5     00.0   00.00   00.4     10.3    12:02     WSW
31    33.3   048.2   14:25    18.9   05:54     31.7     00.0   00.00   00.4     06.9    15:38      W 
----------------------------------------------------------------------------------------------------------------------------------------------------------
28.6 (28.4)   63.1  day 01     06.2  day 30   1125.5    000.0   02.88   02.2     40.3   day 01      W 
Max <=  32: 10
Min <=  86: 31
Max <= 23: 1
Min <=  23: 20
Max Rain: 1.60 ON 1-12-11
Days of Rain: 4 (> .008in) 4 (> .08in) 2 (> 0.8in)