MONTHLY CLIMATOLOGICAL SUMMARY for DEC. 2009

NAME: N2KI Studio 1 - Bravo   CITY: Washingtonville STATE: New York
ELEV: 445 LAT: N41 25 29.5 LONG: W74 08 53.3

                            TEMPERATURE ( F), RAIN (in.), WIND SPEED (mph)

                                               HEAT     COOL           AVG
      MEAN                                     DEG      DEG            WIND                       DOM
DAY   TEMP    HIGH   TIME     LOW    TIME      DAYS     DAYS    RAIN   SPEED    HIGH    TIME      DIR
----------------------------------------------------------------------------------------------------------------------------------------------------------
01    37.2   044.9   15:59    28.0   05:40     27.7     00.0   00.00   02.0     18.4    11:33     WSW
02    41.0   056.0   00:00    27.2   07:50     24.0     00.0   00.20   01.2     19.6    23:49      SW
03    57.7   064.9   05:55    45.8   00:00     07.3     00.0   00.80   05.3     28.8    05:40     WSW
04    41.7   049.4   12:58    33.7   07:42     23.3     00.0   00.00   01.0     11.5    13:37     WSW
05    35.5   039.0   12:59    32.8   00:00     29.5     00.0   00.00   00.8     08.1    11:29      NE
06    30.4   036.1   15:10    25.3   21:22     34.5     00.0   00.10   00.7     12.7    12:02      W 
07    28.5   034.3   14:10    21.4   06:45     36.5     00.0   00.00   00.3     05.8    11:30     WSW
08    33.3   041.6   13:38    27.1   00:04     31.7     00.0   00.10   01.0     11.5    14:30     WSW
09    35.5   039.5   21:34    32.2   01:44     29.4     00.0   00.30   01.0     11.5    21:25      NE
10    34.6   039.6   02:24    24.5   23:50     30.4     00.0   00.10   06.0     31.1    12:25     WSW
11    23.5   027.4   15:40    17.9   08:02     41.4     00.0   00.00   05.1     28.8    16:24     WSW
12    24.0   034.6   15:14    15.0   03:38     41.0     00.0   00.00   01.9     26.4    11:20     WSW
13    25.2   036.9   23:01    13.4   07:39     39.8     00.0   00.10   00.4     08.1    22:16      SW
14    37.0   041.6   23:43    30.8   06:47     27.9     00.0   00.60   00.7     11.5    21:30      SW
15    40.5   046.2   13:38    36.0   22:30     24.5     00.0   00.00   01.0     21.9    23:07     WSW
16    30.2   037.7   00:42    24.7   23:29     34.7     00.0   00.00   03.7     21.9    17:41      W 
17    24.0   028.2   14:31    14.7   00:00     41.0     00.0   00.00   03.9     23.0    11:33      W 
18    17.1   025.3   14:36    10.1   08:02     47.9     00.0   00.00   00.7     05.8    15:35     NNE
19    19.7   022.0   17:08    18.2   06:26     45.2     00.0   00.00   02.7     11.5    14:52      NE
20    26.0   033.3   13:47    19.9   01:46     39.0     00.0   00.10   02.6     19.6    13:50     WNW
21    29.8   035.0   14:30    25.5   08:22     35.1     00.0   00.00   03.8     26.4    13:44      W 
22    27.2   033.9   12:28    19.3   00:00     37.8     00.0   00.00   03.5     21.9    13:06      W 
23    22.7   027.4   15:08    17.1   07:53     42.3     00.0   00.00   04.1     20.7    09:49      W 
24    24.8   036.9   14:42    12.9   07:37     40.2     00.0   00.00   01.1     11.5    11:07     ENE
25    30.4   036.2   19:32    23.2   00:01     34.6     00.0   00.20   01.5     10.3    21:35     ENE
26    39.7   049.2   23:54    34.2   00:19     25.2     00.0   00.50   03.7     24.1    20:06     ENE
27    43.1   049.6   02:53    28.4   00:00     21.9     00.0   00.30   02.3     19.6    12:59     WSW
28    33.2   040.0   05:59    27.0   02:06     31.8     00.0   00.00   03.4     25.3    10:22     WSW
29    20.0   029.5   02:07    15.0   19:10     45.0     00.0   00.00   06.6     44.9    06:03      W 
30    24.5   030.8   14:44    17.7   05:53     40.5     00.0   00.00   01.8     19.6    02:20     WSW
31    29.6   033.1   15:23    26.7   09:35     35.3     00.0   00.10   00.4     08.1    08:19      W 
----------------------------------------------------------------------------------------------------------------------------------------------------------
31.2 (31.1)   64.9  day 03     10.1  day 18   1046.1    000.0   03.56   02.4     44.9   day 29      W 
Max <=  32: 7
Min <=  86: 31
Max <= 23: 1
Min <=  23: 13
Max Rain: 0.80 ON 3-12-11
Days of Rain: 67 (> .008in) 67 (> .08in) 1 (> 0.8in)