MONTHLY CLIMATOLOGICAL SUMMARY for JAN. 2023

NAME: N2KI Weather System - KNYWASHI15   CITY: Washingtonville STATE: NY
ELEV: 300ft LAT: 041:26:00 LONG: 0074:07:00

                            TEMPERATURE ( F), RAIN (in.), WIND SPEED (mph)

                                               HEAT     COOL           AVG
      MEAN                                     DEG      DEG            WIND                       DOM
DAY   TEMP    HIGH   TIME     LOW    TIME      DAYS     DAYS    RAIN   SPEED    HIGH    TIME      DIR
--------------------------------------------------------------------------------------------------------
01    44.1   050.5   00:02    32.9   00:00     20.9     00.0   00.01   00.8     17.3    11:17      W 
02    38.1   054.4   14:48    27.4   07:28     26.8     00.0   00.00   00.2     08.1    12:56      W 
03    41.3   044.5   00:00    38.5   09:26     23.6     00.0   00.31   00.0     03.5    05:29     WSW
04    49.4   063.5   13:00    42.0   05:51     15.5     00.0   00.09   00.2     08.1    13:32     SSW
05    46.2   049.7   15:39    42.9   07:00     18.7     00.0   00.04   00.0     06.9    22:08     SSE
06    42.9   048.9   13:25    33.7   00:00     22.1     00.0   00.21   00.6     10.3    17:43      SW
07    36.2   042.9   15:33    30.3   03:56     28.7     00.0   00.00   00.9     11.5    16:44      W 
08    29.8   038.0   13:50    23.0   23:26     35.1     00.0   00.00   00.2     08.1    09:34     SSE
09    32.5   042.0   13:55    23.3   00:03     32.4     00.0   00.00   00.9     12.7    15:24     WSW
10    36.9   040.2   11:54    32.9   00:00     28.1     00.0   00.00   01.0     11.5    11:53     WNW
11    32.1   035.4   23:59    28.1   09:53     32.8     00.0   00.00   00.8     09.2    21:58      E 
12    39.8   048.6   18:43    34.8   05:04     25.1     00.0   00.22   00.9     11.5    18:33      E 
13    46.3   056.0   06:12    35.1   00:00     18.6     00.0   00.06   01.2     17.3    11:12     WSW
14    31.1   035.1   00:07    28.5   00:00     33.8     00.0   00.00   03.7     16.1    20:18      NE
15    30.4   037.6   15:21    26.4   00:00     34.6     00.0   00.00   03.3     19.6    04:47      NE
16    29.4   043.1   15:23    22.5   00:00     35.5     00.0   00.00   00.5     08.1    00:41      N 
17    29.7   039.8   15:11    18.9   07:33     35.3     00.0   00.00   00.0     03.5    23:30      N 
18    42.4   047.5   11:48    31.5   00:35     22.5     00.0   00.00   01.9     19.6    13:28     WNW
19    36.1   040.5   00:18    31.5   05:12     28.8     00.0   00.61   00.3     11.5    22:36      W 
20    39.9   044.5   14:16    36.3   03:38     25.0     00.0   00.01   01.5     16.1    13:40      W 
21    35.8   038.3   00:03    33.4   00:00     29.1     00.0   00.00   01.3     10.3    02:55     WNW
22    35.1   039.9   13:36    32.1   06:36     29.9     00.0   00.20   00.5     10.3    10:39     SSW
23    33.5   035.2   06:25    32.7   14:56     31.4     00.0   00.63   01.0     16.1    19:54     WNW
24    35.6   040.0   13:07    32.4   08:35     29.4     00.0   00.08   02.2     17.3    15:06      W 
25    34.1   046.1   22:55    27.4   05:00     30.9     00.0   00.47   01.2     21.9    20:43      E 
26    39.7   042.3   09:16    34.3   00:00     25.2     00.0   00.17   02.7     19.6    15:38      W 
27    32.0   040.7   12:29    24.8   08:03     33.0     00.0   00.00   00.6     12.7    14:57      W 
28    39.6   050.6   13:39    26.1   00:47     25.3     00.0   00.00   01.4     16.1    11:39     WSW
29    39.1   048.1   14:00    28.1   07:56     25.9     00.0   00.00   00.6     10.3    18:51     WSW
30    39.4   049.8   14:22    29.0   07:21     25.6     00.0   00.02   00.3     10.3    22:05     ESE
--------------------------------------------------------------------------------------------------------
37.3 (37.6)   63.5  day 04     18.9  day 17   829.7    000.0   03.19   01.0     21.9   day 25      W 
Min <=  86: 30
Min <=  23: 3
Max Rain: 0.63 ON 23-01-23
Days of Rain: 15 (> .008in) 10 (> .08in) 0 (> 0.8in)