MONTHLY CLIMATOLOGICAL SUMMARY for JAN. 2022

NAME: N2KI - Skywarn Spotter ID 15-360NYC   CITY: Washingtonville STATE: NY
ELEV: 300ft LAT: 041:26:00 LONG: 0074:07:00

                            TEMPERATURE ( F), RAIN (in.), WIND SPEED (mph)

                                               HEAT     COOL           AVG
      MEAN                                     DEG      DEG            WIND                       DOM
DAY   TEMP    HIGH   TIME     LOW    TIME      DAYS     DAYS    RAIN   SPEED    HIGH    TIME      DIR
--------------------------------------------------------------------------------------------------------
01    50.7   054.7   15:02    48.0   05:47     14.2     00.0   00.22   00.2     11.5    13:20      SW
02    42.6   050.0   00:41    32.1   00:00     22.3     00.0   00.06   00.4     10.3    18:08     WNW
03    24.7   032.1   00:05    15.4   00:00     40.2     00.0   00.00   02.4     11.5    16:31      NE
04    22.6   034.3   15:15    13.4   07:59     42.4     00.0   00.00   00.3     06.9    23:55     WNW
05    29.6   037.0   15:22    23.2   04:02     35.4     00.0   00.01   00.2     08.1    01:50      W 
06    31.1   036.3   13:50    25.8   03:52     33.8     00.0   00.00   00.7     12.7    12:18     WNW
07    27.2   032.3   13:40    21.7   23:51     37.8     00.0   00.01   02.1     19.6    16:30     WNW
09    19.1   021.8   00:07    14.8   00:00     45.8     00.0   00.00   02.1     16.1    00:56      W 
10    25.4   036.3   00:01    18.9   20:00     39.6     00.0   00.00   03.1     19.6    13:34     WNW
11    13.8   036.3   00:01    07.5   22:34     51.1     00.0   00.00   02.4     16.1    00:52     WNW
12    23.4   033.7   14:06    08.0   00:04     41.6     00.0   00.00   01.3     12.7    13:34     WSW
13    31.8   043.6   14:21    24.3   07:42     33.1     00.0   00.01   00.0     03.5    12:57     WSW
14    27.2   037.8   12:49    14.3   00:00     37.7     00.0   00.00   02.5     14.9    13:35      NE
15    09.9   015.5   15:01    04.2   23:35     55.1     00.0   00.00   02.0     10.3    12:57      NE
16    12.5   024.7   00:00    00.9   07:47     52.4     00.0   00.00   01.4     06.9    23:33      E 
17    34.7   040.2   11:21    24.7   00:01     30.3     00.0   00.91   03.6     19.6    20:57      W 
18    28.0   033.7   14:15    17.9   23:59     36.9     00.0   00.00   04.3     31.1    14:44     WNW
19    31.2   046.9   15:15    15.5   02:13     33.7     00.0   00.02   01.0     14.9    10:43     WSW
20    30.9   041.0   00:32    16.2   00:00     34.0     00.0   00.10   01.3     12.7    15:06      NW
21    12.0   018.9   15:15    06.8   08:16     52.9     00.0   00.00   02.3     10.3    14:37      NE
22    10.5   023.6   14:52   -02.9   07:53     54.5     00.0   00.00   00.3     06.9    11:32     ESE
23    23.7   032.2   13:42    09.5   00:03     41.2     00.0   00.00   01.1     10.3    16:40     WSW
24    26.1   031.1   15:20    22.0   08:49     38.9     00.0   00.00   00.8     09.2    19:43      E 
25    30.3   037.3   14:22    22.3   23:16     34.6     00.0   00.00   00.9     11.5    15:12      W 
26    16.7   025.0   14:18    05.7   00:00     48.3     00.0   00.00   01.1     11.5    14:03      NW
27    15.7   029.9   15:15   -01.2   07:25     49.2     00.0   00.00   00.8     11.5    16:02     WSW
28    27.9   031.0   15:52    22.6   00:00     37.1     00.0   00.00   00.8     18.4    23:18      W 
29    14.3   022.5   00:02    08.6   23:59     50.7     00.0   00.00   03.3     18.4    18:21      N 
30    13.4   024.0   15:05    06.6   06:20     51.5     00.0   00.04   02.3     12.7    11:17      W 
31    12.4   030.3   15:27   -03.7   07:13     52.5     00.0   00.05   00.2     03.5    16:32      W 
--------------------------------------------------------------------------------------------------------
24.0 (24.0)   54.7  day 01    -03.7  day 31   1228.8    000.0   01.43   01.5     31.1   day 18     WNW
Max <=  32: 12
Min <=  86: 30
Min <=   0: 3
Max <= 23: 4
Min <=  23: 24
Min <=  14: 13
Min <=   5: 5
Min <=   0: 3
Max Rain: 0.91 ON 17-01-22
Days of Rain: 10 (> .008in) 3 (> .08in) 1 (> 0.8in)