MONTHLY CLIMATOLOGICAL SUMMARY for JAN. 2021

NAME: N2KI - Skywarn Spotter ID 15-360NYC   CITY: Washingtonville STATE: NY
ELEV: 300ft LAT: 041:26:00 LONG: 0074:07:00

                            TEMPERATURE ( F), RAIN (in.), WIND SPEED (mph)

                                               HEAT     COOL           AVG
      MEAN                                     DEG      DEG            WIND                       DOM
DAY   TEMP    HIGH   TIME     LOW    TIME      DAYS     DAYS    RAIN   SPEED    HIGH    TIME      DIR
--------------------------------------------------------------------------------------------------------
01    28.2   034.8   14:20    19.1   08:04     36.7     00.0   00.16   00.4     05.8    20:15     NNE
02    36.3   047.3   12:17    27.2   00:00     28.7     00.0   00.10   01.3     12.7    12:45     WNW
03    29.8   032.4   18:41    24.4   04:36     35.1     00.0   00.01   00.4     08.1    11:11      NE
04    33.4   036.3   11:29    30.7   07:25     31.5     00.0   00.23   00.3     03.5    23:40     ENE
05    34.3   037.2   13:48    31.7   00:00     30.6     00.0   00.00   00.3     03.5    19:54     NNE
06    33.6   039.7   13:31    31.2   08:12     31.3     00.0   00.00   01.2     09.2    16:52     NNW
07    30.3   039.6   14:50    22.5   00:00     34.6     00.0   00.00   00.7     06.9    16:03     NNW
08    23.7   032.8   14:39    16.8   07:51     41.2     00.0   00.00   00.5     06.9    10:50      N 
09    23.5   032.5   16:19    13.5   07:19     41.4     00.0   00.00   00.5     06.9    12:33      N 
10    24.5   037.8   15:23    14.8   08:08     40.5     00.0   00.00   00.4     06.9    11:37     NNE
11    22.0   031.9   15:52    14.1   05:04     42.9     00.0   00.00   00.2     03.5    14:14      SW
12    27.3   039.8   12:24    14.9   03:49     37.6     00.0   00.00   00.5     05.8    15:21      W 
13    32.1   038.0   15:24    28.2   07:56     32.8     00.0   00.00   00.4     06.9    15:00     WSW
14    34.3   042.6   13:41    28.3   21:46     30.7     00.0   00.00   00.3     04.6    14:05     WSW
15    35.0   041.7   21:12    28.7   02:38     30.0     00.0   00.21   01.5     17.3    22:04     ENE
16    37.4   042.7   13:10    33.0   22:01     27.5     00.0   00.57   01.9     18.4    03:57     WSW
17    37.8   042.2   15:27    33.7   03:24     27.1     00.0   00.00   02.5     12.7    12:53     WSW
18    36.7   042.6   13:41    31.6   21:33     28.2     00.0   00.00   01.7     11.5    11:31      W 
19    34.1   038.7   14:39    30.2   04:42     30.8     00.0   00.00   01.4     11.5    14:51      W 
20    30.6   037.5   11:51    21.2   23:30     34.4     00.0   00.00   02.0     16.1    16:28     WNW
21    28.5   040.1   23:49    16.7   05:10     36.4     00.0   00.00   01.1     10.3    12:55     WSW
22    34.3   041.5   15:21    25.5   07:07     30.6     00.0   00.00   01.7     11.5    17:50      W 
23    26.0   032.1   00:04    21.4   21:11     39.0     00.0   00.00   03.5     18.4    14:46      NW
24    23.4   030.5   15:13    17.1   07:31     41.5     00.0   00.00   02.6     16.1    11:10     WNW
25    23.3   033.4   14:36    11.4   07:20     41.6     00.0   00.00   00.4     05.8    16:23     SSE
26    27.2   028.8   11:32    25.8   07:35     37.8     00.0   00.00   00.7     05.8    05:14      E 
27    30.5   034.7   10:37    26.9   00:55     34.4     00.0   00.10   00.8     08.1    13:33     WNW
28    25.0   030.6   13:01    16.5   00:00     40.0     00.0   00.01   02.1     16.1    19:52      NW
29    15.9   023.4   14:50    09.5   08:13     49.0     00.0   00.00   03.4     18.4    11:06     WNW
30    18.6   030.3   15:18    08.1   01:13     46.3     00.0   00.00   01.4     11.5    11:47      W 
31    15.0   019.5   15:42    08.1   03:08     50.0     00.0   00.00   01.0     06.9    22:58     ENE
--------------------------------------------------------------------------------------------------------
28.8 (29.0)   47.3  day 02     08.1  day 31   1120.4    000.0   01.39   01.2     18.4   day 23     WNW
Max <=  32: 7
Min <=  86: 31
Max <= 23: 1
Min <=  23: 16
Max Rain: 0.57 ON 16-01-21
Days of Rain: 8 (> .008in) 6 (> .08in) 0 (> 0.8in)