MONTHLY CLIMATOLOGICAL SUMMARY for JAN. 2020

NAME: N2KI - Skywarn Spotter ID 15-360NYC   CITY: Washingtonville STATE: NY
ELEV: 300ft LAT: 041:26:00 LONG: 0074:07:00

                            TEMPERATURE ( F), RAIN (in.), WIND SPEED (mph)

                                               HEAT     COOL           AVG
      MEAN                                     DEG      DEG            WIND                       DOM
DAY   TEMP    HIGH   TIME     LOW    TIME      DAYS     DAYS    RAIN   SPEED    HIGH    TIME      DIR
--------------------------------------------------------------------------------------------------------
01    35.1   036.9   01:10    29.3   00:00     29.8     00.0   00.00   02.4     13.8    14:03      W 
02    36.2   048.2   13:33    22.9   07:43     28.7     00.0   00.00   01.1     14.9    11:57      W 
03    42.8   046.5   15:46    38.4   07:34     22.1     00.0   00.02   00.5     04.6    11:13      W 
04    43.5   046.5   15:53    39.2   23:58     21.5     00.0   00.21   00.8     10.3    23:46     WNW
05    35.0   039.7   14:08    26.8   21:58     29.9     00.0   00.00   02.5     18.4    15:37     WNW
06    34.6   043.7   14:58    28.8   04:20     30.3     00.0   00.03   01.7     17.3    15:07      W 
07    35.4   040.7   13:46    27.9   07:58     29.5     00.0   00.00   00.7     11.5    01:07      SW
08    30.7   039.7   13:20    24.0   00:00     34.2     00.0   00.00   02.8     18.4    21:59      W 
09    24.3   031.0   14:26    18.7   07:54     40.7     00.0   00.00   01.4     14.9    01:34      W 
10    36.7   048.3   15:02    27.1   00:01     28.3     00.0   00.00   00.9     17.3    14:59      SW
11    55.6   067.9   13:17    35.2   03:40     09.3     00.0   00.00   02.7     23.0    10:37      SW
12    57.6   066.4   06:42    33.2   00:00     07.3     00.0   00.22   03.7     23.0    11:12     WSW
13    33.2   036.8   19:49    29.1   00:00     31.7     00.0   00.00   00.6     04.6    02:06     ENE
14    35.4   042.0   15:39    28.7   01:01     29.6     00.0   00.00   00.4     08.1    17:27      SW
15    39.8   050.0   14:34    29.6   21:51     25.1     00.0   00.00   01.0     11.5    14:11     WSW
16    37.3   046.2   10:38    29.7   00:00     27.6     00.0   00.22   03.2     23.0    11:47     WNW
17    21.5   029.7   00:04    14.3   23:53     43.4     00.0   00.00   02.6     24.1    05:16     WNW
18    20.0   031.6   22:05    14.1   01:44     44.9     00.0   00.00   01.1     13.8    17:18      NE
19    32.7   043.1   12:48    23.1   00:00     32.2     00.0   00.20   02.4     18.4    13:50      W 
20    21.6   031.0   14:28    15.1   07:32     43.3     00.0   00.00   01.9     13.8    01:10     WNW
21    18.7   033.4   14:31    08.0   07:47     46.3     00.0   00.00   00.6     08.1    12:17     WNW
22    22.1   038.6   14:37    09.6   07:46     42.8     00.0   00.00   00.4     05.8    11:57     WSW
23    27.5   043.7   14:53    13.1   07:34     37.4     00.0   00.00   00.5     08.1    12:02     WSW
24    35.0   050.9   14:59    22.2   07:37     30.0     00.0   00.00   00.6     08.1    21:38     ESE
25    38.2   043.1   15:27    33.4   05:35     26.7     00.0   00.92   02.0     19.6    12:21     ENE
26    37.9   044.7   13:17    31.4   07:01     27.1     00.0   00.00   01.6     11.5    14:26     WSW
27    38.2   042.2   14:08    35.0   06:54     26.8     00.0   00.00   02.0     14.9    10:55      W 
28    36.4   038.8   12:53    32.7   00:00     28.6     00.0   00.00   02.2     12.7    22:05     WNW
29    31.6   039.4   14:51    25.0   22:00     33.4     00.0   00.00   01.4     08.1    03:57      N 
30    25.8   034.2   14:57    18.8   07:55     39.2     00.0   00.00   01.0     08.1    10:10      NE
31    27.7   037.0   15:53    16.8   06:15     37.3     00.0   00.00   00.1     03.5    15:29     NNE
--------------------------------------------------------------------------------------------------------
33.8 (33.8)   67.9  day 11     08.0  day 21   965.0    000.0   01.82   01.5     24.2   day 12      W 
Max <=  32: 4
Min <=  86: 31
Min <=  23: 11
Max Rain: 0.92 ON 25-01-20
Days of Rain: 7 (> .008in) 5 (> .08in) 1 (> 0.8in)