MONTHLY CLIMATOLOGICAL SUMMARY for JAN. 2019

NAME: N2KI - Skywarn Spotter ID 15-360NYC   CITY: Washingtonville STATE: NY
ELEV: 300ft LAT: 041:26:00 LONG: 0074:07:00

                            TEMPERATURE ( F), RAIN (in.), WIND SPEED (mph)

                                               HEAT     COOL           AVG
      MEAN                                     DEG      DEG            WIND                       DOM
DAY   TEMP    HIGH   TIME     LOW    TIME      DAYS     DAYS    RAIN   SPEED    HIGH    TIME      DIR
--------------------------------------------------------------------------------------------------------
01    44.9   055.2   10:02    35.3   23:22     20.0     00.0   00.07   02.9     25.3    10:08      W 
02    33.3   036.1   15:04    28.9   06:48     31.7     00.0   00.00   00.6     11.5    20:03     SSW
03    36.1   040.5   10:44    33.1   00:04     28.8     00.0   00.00   01.0     19.6    12:18      W 
04    36.3   045.1   14:45    28.5   06:23     28.7     00.0   00.00   00.7     11.5    13:31      W 
05    39.3   042.4   13:34    34.8   21:09     25.6     00.0   01.15   00.2     09.2    09:50     NNE
06    37.3   045.0   11:29    27.5   00:00     27.6     00.0   00.01   02.2     26.4    14:57     WNW
07    24.8   029.7   00:00    19.6   06:51     40.1     00.0   00.00   00.9     10.3    00:34     ENE
08    33.4   036.5   00:00    29.7   00:08     31.6     00.0   00.23   00.1     09.2    02:28      SW
09    38.3   042.7   12:37    31.9   00:00     26.6     00.0   00.05   04.6     27.6    23:24      W 
10    29.9   032.0   13:52    26.0   00:00     35.1     00.0   00.00   05.0     27.6    06:45     WNW
11    22.5   027.9   14:43    17.5   00:00     42.4     00.0   00.00   03.7     18.4    09:52     WNW
12    23.2   029.8   15:33    16.7   03:51     41.7     00.0   00.00   01.1     10.3    01:20     WSW
13    21.6   026.6   15:10    16.7   00:00     43.3     00.0   00.00   02.2     10.3    19:52     ENE
14    18.8   029.6   15:18    11.5   08:03     46.1     00.0   00.00   00.7     08.1    10:40     ENE
15    20.8   033.2   15:08    10.9   07:32     44.1     00.0   00.00   00.1     06.9    15:49     ESE
16    30.2   038.7   14:56    18.2   05:12     34.8     00.0   00.00   01.8     18.4    19:22      W 
17    24.2   027.6   14:57    19.5   08:17     40.7     00.0   00.00   00.7     09.2    02:54     ESE
18    29.7   036.5   14:43    24.3   05:46     35.3     00.0   00.01   00.2     10.3    15:39      S 
19    27.0   033.9   15:07    20.2   07:55     38.0     00.0   00.00   00.4     09.2    19:37      E 
20    21.5   032.0   12:22    08.9   00:00     43.5     00.0   00.01   00.4     08.1    08:45     ENE
21    06.8   010.9   00:00    01.3   08:25     58.2     00.0   00.00   02.6     20.7    20:04     WNW
22    16.6   026.1   15:44    08.4   07:53     48.4     00.0   00.01   01.8     13.8    00:38     WSW
23    30.4   042.7   23:27    13.5   01:01     34.5     00.0   00.01   00.5     12.7    22:56     WSW
24    46.3   058.4   12:20    32.8   23:48     18.6     00.0   01.64   03.4     28.8    08:26     WSW
25    31.7   036.9   13:27    24.4   00:00     33.2     00.0   00.00   02.8     24.1    15:14      W 
26    25.0   032.6   15:45    18.8   06:42     39.9     00.0   00.00   01.2     13.8    13:49      W 
27    33.8   045.7   14:40    19.1   00:52     31.1     00.0   00.00   02.0     31.1    09:25      SW
28    23.1   032.7   00:03    15.7   22:59     41.9     00.0   00.00   01.3     12.7    13:24     NNE
29    22.7   029.4   23:57    13.0   05:04     42.2     00.0   00.00   00.0     03.5    23:14      NE
30    17.8   029.4   00:30    00.7   00:00     47.1     00.0   00.06   03.9     29.9    18:11      W 
31    04.8   014.8   15:54   -03.4   07:42     60.2     00.0   00.00   02.5     16.1    12:29      W 
--------------------------------------------------------------------------------------------------------
27.5 (27.2)   58.4  day 24    -03.4  day 31   1161.0    000.0   03.25   01.7     31.1   day 30      W 
Max <=  32: 13
Min <=  86: 31
Min <=   0: 1
Max <= 23: 2
Min <=  23: 19
Max <=  14: 1
Min <=   5: 3
Min <=   0: 1
Max Rain: 1.64 ON 24-01-19
Days of Rain: 11 (> .008in) 3 (> .08in) 2 (> 0.8in)