MONTHLY CLIMATOLOGICAL SUMMARY for JAN. 2018

NAME: N2KI - Skywarn Spotter ID 15-360NYC   CITY: Washingtonville STATE: NY
ELEV: 300ft LAT: 041:26:00 LONG: 0074:07:00

                            TEMPERATURE ( F), RAIN (in.), WIND SPEED (mph)

                                               HEAT     COOL           AVG
      MEAN                                     DEG      DEG            WIND                       DOM
DAY   TEMP    HIGH   TIME     LOW    TIME      DAYS     DAYS    RAIN   SPEED    HIGH    TIME      DIR
--------------------------------------------------------------------------------------------------------
01    08.7   017.9   14:36    00.8   06:34     56.2     00.0   00.00   02.0     14.9    14:47      W 
02    15.6   024.9   15:52    09.1   08:09     49.3     00.0   00.00   02.4     14.9    21:21     WSW
03    15.6   026.7   15:33    02.5   08:11     49.3     00.0   00.00   00.3     09.2    10:18     WSW
04    21.2   024.4   17:46    16.8   00:00     43.8     00.0   00.00   02.6     23.0    19:19      NW
05    09.5   016.7   00:10    06.1   08:21     55.5     00.0   00.00   06.1     26.4    20:08      W 
06    06.5   011.3   14:40    03.5   23:09     58.5     00.0   00.00   05.1     26.4    12:40      W 
07    07.7   017.6   15:25   -02.6   07:59     57.2     00.0   00.00   01.1     11.5    01:41     WSW
08    23.7   028.8   19:53    16.1   00:01     41.3     00.0   00.00   01.5     13.8    20:01     WSW
09    33.5   040.6   13:53    25.3   00:00     31.4     00.0   00.11   01.4     19.6    12:30      W 
10    28.3   040.5   15:00    10.4   08:13     36.7     00.0   00.12   00.4     10.3    22:31      S 
11    40.7   053.3   23:32    30.6   03:18     24.2     00.0   00.04   00.1     12.7    23:00      W 
12    60.0   064.3   16:09    49.7   00:37     04.9     00.0   01.05   02.8     29.9    08:53     SSW
13    30.8   061.7   00:06    15.4   00:00     34.2     00.0   00.40   03.2     21.9    08:18     WNW
14    15.1   021.5   15:03    09.1   07:54     49.9     00.0   00.00   01.5     11.5    15:40     NNE
15    17.4   025.0   15:31    09.9   07:04     47.6     00.0   00.00   01.1     10.3    12:09      E 
16    25.9   029.1   17:09    20.9   01:49     39.0     00.0   00.00   00.0     02.3    14:26     ESE
17    26.6   032.0   13:22    11.7   00:00     38.4     00.0   00.00   00.4     10.3    14:25      S 
18    18.0   030.9   14:36    05.8   07:15     46.9     00.0   00.10   00.6     09.2    13:11      W 
19    21.5   035.2   15:08    07.7   07:39     43.4     00.0   00.01   00.5     11.5    11:28     WSW
20    38.9   047.5   14:14    28.1   00:01     26.0     00.0   00.19   01.5     12.7    14:43     WSW
21    35.4   048.1   15:29    24.6   04:16     29.6     00.0   00.00   00.1     04.6    15:26     WSW
22    38.3   041.9   20:32    35.4   05:57     26.6     00.0   00.02   00.2     08.1    22:40     WSW
23    44.2   057.2   11:38    38.4   00:51     20.8     00.0   00.59   01.1     20.7    16:52     WSW
24    33.8   041.5   04:29    22.7   00:00     31.2     00.0   00.00   03.2     26.4    05:12      W 
25    25.4   032.8   14:18    19.9   04:50     39.5     00.0   00.00   01.8     16.1    09:06     WNW
26    27.6   038.5   15:39    14.3   08:04     37.4     00.0   00.00   00.2     10.3    21:44      W 
27    40.1   053.9   22:01    24.5   05:07     24.9     00.0   00.00   01.1     18.4    21:22     WSW
28    43.8   052.9   00:04    32.3   00:00     21.1     00.0   00.09   00.2     10.3    00:04      W 
29    35.9   042.3   15:16    29.9   07:12     29.0     00.0   00.00   00.9     11.5    12:29      NE
30    29.6   034.3   00:07    22.3   00:00     35.3     00.0   00.01   01.7     18.4    18:45      NW
31    24.2   032.4   15:49    15.3   08:00     40.7     00.0   00.00   02.0     13.8    17:59     WSW
--------------------------------------------------------------------------------------------------------
27.2 (27.1)   64.3  day 12    -02.6  day 07   1169.9    000.0   02.73   01.5     29.9   day 12      W 
Max <=  32: 13
Min <=  86: 31
Min <=   0: 1
Max <= 23: 5
Min <=  23: 21
Max <=  14: 1
Min <=  14: 12
Min <=   5: 4
Min <=   0: 1
Max Rain: 1.05 ON 12-01-18
Days of Rain: 12 (> .008in) 8 (> .08in) 1 (> 0.8in)