MONTHLY CLIMATOLOGICAL SUMMARY for JAN. 2017

NAME: N2KI - Skywarn Spotter ID 15-360NYC   CITY: Washingtonville STATE: NY
ELEV: 300ft LAT: 041:26:00 LONG: 0074:07:00

                            TEMPERATURE ( F), RAIN (in.), WIND SPEED (mph)

                                               HEAT     COOL           AVG
      MEAN                                     DEG      DEG            WIND                       DOM
DAY   TEMP    HIGH   TIME     LOW    TIME      DAYS     DAYS    RAIN   SPEED    HIGH    TIME      DIR
--------------------------------------------------------------------------------------------------------
01    37.8   044.3   14:19    23.5   00:00     27.1     00.0   00.00   02.9     11.5    10:24      W 
02    30.2   035.9   20:24    22.2   04:25     34.8     00.0   00.00   00.1     03.5    22:14      S 
03    37.1   039.6   17:20    34.2   03:07     27.9     00.0   00.47   00.6     08.1    12:06     ENE
04    40.2   048.4   14:06    31.6   00:00     24.8     00.0   00.02   04.8     19.6    15:27      W 
05    28.1   031.6   00:04    24.2   08:08     36.9     00.0   00.00   05.6     19.6    01:07      W 
06    26.0   030.6   13:27    15.8   00:00     39.0     00.0   00.00   01.4     09.2    11:21      W 
07    18.5   020.7   17:14    11.9   00:00     46.4     00.0   00.00   01.1     08.1    10:29      NE
08    17.1   024.4   14:24    11.9   00:05     47.8     00.0   00.00   04.6     16.1    14:04      W 
09    15.1   023.2   15:11    07.8   06:25     49.9     00.0   00.00   01.3     05.8    17:02      SW
10    23.6   041.5   22:24    06.9   03:13     41.3     00.0   00.01   03.1     19.6    22:17      SW
11    43.3   050.2   15:01    37.7   18:18     21.6     00.0   00.33   04.1     23.0    03:18     WSW
12    54.4   059.9   14:24    43.2   00:14     10.5     00.0   00.09   03.7     14.9    02:16     WSW
13    40.2   057.4   00:04    25.3   00:00     24.7     00.0   00.00   04.1     17.3    09:04     WNW
14    26.2   029.7   15:06    21.0   08:01     38.8     00.0   00.00   00.5     05.8    02:25      SE
15    28.3   039.1   14:16    17.7   08:08     36.7     00.0   00.02   01.4     09.2    14:06     WSW
16    29.5   041.7   16:11    14.2   07:28     35.4     00.0   00.00   01.5     09.2    13:29     WSW
17    35.6   037.5   12:07    33.7   07:19     29.4     00.0   00.20   00.3     04.6    23:09     WSW
18    36.1   038.8   16:23    33.8   05:12     28.8     00.0   00.07   00.0     03.5    13:03     NNE
19    39.6   046.4   13:30    33.6   02:17     25.3     00.0   00.00   01.4     11.5    11:30      W 
20    39.5   043.0   14:28    36.6   06:14     25.4     00.0   00.05   00.5     06.9    12:23      SE
21    43.7   052.1   15:26    38.7   00:04     21.2     00.0   00.00   02.1     12.7    11:29     WSW
22    43.9   048.2   16:13    39.3   08:05     21.0     00.0   00.00   00.7     10.3    22:10     WNW
23    37.9   043.1   00:04    33.6   22:09     27.1     00.0   00.07   07.2     16.1    23:15      NE
24    34.1   036.0   15:02    32.8   21:15     30.9     00.0   00.72   04.6     17.3    01:21      NE
25    38.2   044.2   13:29    34.3   00:10     26.8     00.0   00.83   04.5     16.1    14:09      W 
26    40.6   052.7   12:24    33.1   04:11     24.3     00.0   00.26   05.6     20.7    23:03      W 
27    38.6   040.6   14:15    35.6   23:13     26.4     00.0   00.00   06.9     19.6    14:14      W 
28    34.5   036.1   00:13    32.4   20:29     30.4     00.0   00.00   04.4     17.3    13:18      W 
29    35.1   040.8   13:29    28.4   00:00     29.9     00.0   00.00   02.9     14.9    10:28     WSW
30    29.1   034.1   14:14    20.8   23:24     35.8     00.0   00.00   02.2     12.7    14:14      W 
31    23.9   027.6   16:00    18.6   03:00     41.0     00.0   00.00   00.3     04.6    10:24      S 
--------------------------------------------------------------------------------------------------------
33.7 (33.4)   59.9  day 12     06.9  day 10   967.2    000.0   03.14   02.7     23.0   day 11      W 
Max <=  32: 7
Min <=  86: 31
Max <= 23: 1
Min <=  23: 11
Max Rain: 0.83 ON 25-01-17
Days of Rain: 13 (> .008in) 7 (> .08in) 1 (> 0.8in)