MONTHLY CLIMATOLOGICAL SUMMARY for JAN. 2016

NAME: N2KI - Skywarn Spotter ID 13-330NYC   CITY: Washingtonville STATE: NY
ELEV: 300ft LAT: 041:26:00 LONG: 0074:07:00

                            TEMPERATURE ( F), RAIN (in.), WIND SPEED (mph)

                                               HEAT     COOL           AVG
      MEAN                                     DEG      DEG            WIND                       DOM
DAY   TEMP    HIGH   TIME     LOW    TIME      DAYS     DAYS    RAIN   SPEED    HIGH    TIME      DIR
--------------------------------------------------------------------------------------------------------
01    36.3   038.7   00:09    31.7   23:11     28.6     00.0   00.00   01.3     13.8    11:37      W 
02    32.1   036.3   15:15    26.4   07:31     32.9     00.0   00.00   01.1     17.3    16:59      W 
03    35.9   041.5   15:25    29.7   03:08     29.0     00.0   00.00   01.6     13.8    15:40      W 
04    23.6   035.7   00:01    10.6   23:57     41.4     00.0   00.00   02.8     16.1    15:14     NNE
05    14.0   025.2   14:50    06.3   08:05     51.0     00.0   00.00   00.7     12.7    01:27     ENE
06    22.3   041.5   15:27    09.2   07:44     42.7     00.0   00.00   00.4     11.5    13:19     WSW
07    24.6   041.3   14:40    13.9   07:26     40.3     00.0   00.00   00.0     03.5    14:56      W 
08    27.0   040.6   15:17    13.7   07:42     37.9     00.0   00.00   00.1     05.8    10:30     SSE
09    39.0   043.8   15:09    33.2   05:29     25.9     00.0   00.00   00.1     09.2    21:59      E 
10    48.9   061.1   14:34    39.4   00:00     16.0     00.0   01.12   04.0     26.4    22:40     SSE
11    29.9   039.4   00:03    19.4   00:00     35.1     00.0   00.00   03.5     25.3    13:20      W 
12    27.2   038.4   15:21    17.8   06:32     37.8     00.0   00.00   01.1     31.1    22:09     WSW
13    23.0   027.6   14:26    19.2   07:30     41.9     00.0   00.00   03.6     20.7    13:15      W 
14    26.2   033.1   16:53    18.6   06:40     38.8     00.0   00.00   00.9     11.5    11:58     WSW
15    33.4   045.6   14:54    24.2   04:01     31.5     00.0   00.03   00.1     06.9    13:54      W 
16    40.8   046.7   14:02    34.7   00:01     24.2     00.0   00.48   00.6     11.5    15:23     WSW
17    31.2   039.2   00:05    25.3   22:40     33.8     00.0   00.00   00.3     10.3    01:55      N 
18    23.0   029.0   04:38    18.2   00:00     42.0     00.0   00.00   04.3     24.1    16:27      W 
19    21.7   027.5   22:24    15.3   07:30     43.2     00.0   00.00   04.9     28.8    14:54      W 
20    29.3   034.8   13:14    24.9   00:00     35.7     00.0   00.00   01.5     19.6    02:17      W 
21    25.7   034.9   14:15    15.8   07:50     39.2     00.0   00.00   01.3     16.1    11:33     WNW
22    22.0   027.5   15:24    11.4   07:48     43.0     00.0   00.00   01.2     11.5    17:20      NE
23    24.3   027.7   23:17    21.6   09:51     40.6     00.0   00.00   04.1     14.9    21:46      NE
24    21.4   033.9   15:23    03.4   08:05     43.5     00.0   00.07   00.1     09.2    01:10      E 
25    26.7   038.0   16:22    12.6   07:53     38.2     00.0   00.00   00.1     05.8    16:49      S 
26    34.7   047.6   15:02    19.8   06:36     30.2     00.0   00.00   00.8     16.1    17:02      SW
27    38.1   044.9   14:00    23.1   00:00     26.8     00.0   00.00   01.6     17.3    15:44     WNW
28    30.0   043.0   14:43    16.9   07:23     35.0     00.0   00.00   00.6     13.8    13:09     WSW
29    32.3   039.8   14:04    26.2   06:13     32.6     00.0   00.00   01.7     18.4    20:58      W 
30    32.2   043.6   14:40    22.1   07:50     32.8     00.0   00.00   00.9     16.1    15:37      SW
31    42.5   060.0   14:37    27.5   03:23     22.5     00.0   00.00   00.8     17.3    15:13     WSW
--------------------------------------------------------------------------------------------------------
29.6 (29.7)   61.1  day 10     03.4  day 24   1094.0    000.0   01.70   01.5     31.1   day 12      W 
Max <=  32: 6
Min <=  86: 31
Min <=  23: 19
Min <=   5: 1
Max Rain: 1.12 ON 10-01-16
Days of Rain: 4 (> .008in) 2 (> .08in) 1 (> 0.8in)