MONTHLY CLIMATOLOGICAL SUMMARY for JAN. 2014

NAME: N2KI - Skywarn Spotter ID 13-330NYC   CITY: Washingtonville STATE: NY
ELEV: 300ft LAT: 041:26:00 LONG: 0074:07:00

                            TEMPERATURE ( F), RAIN (in.), WIND SPEED (mph)

                                               HEAT     COOL           AVG
      MEAN                                     DEG      DEG            WIND                       DOM
DAY   TEMP    HIGH   TIME     LOW    TIME      DAYS     DAYS    RAIN   SPEED    HIGH    TIME      DIR
----------------------------------------------------------------------------------------------------------------------------------------------------------
01    24.5   030.4   15:34    15.6   07:27     40.4     00.0   00.00   00.8     11.5    10:13      W 
02    15.7   024.0   00:01    08.2   23:58     49.2     00.0   00.00   01.8     11.5    20:27     ENE
03    07.7   015.6   14:37    01.2   00:00     57.2     00.0   00.01   01.5     14.9    14:49     NNE
04    10.5   027.2   15:23   -05.5   05:43     54.5     00.0   00.04   00.4     11.5    15:56     WSW
05    19.2   048.8   00:00    00.9   07:38     45.7     00.0   00.05   00.3     21.9    23:58     WSW
06    42.8   058.5   08:27    18.3   00:00     22.1     00.0   00.50   03.9     34.5    08:31     WSW
07    07.2   018.3   00:01    03.3   08:04     57.7     00.0   00.00   05.1     27.6    14:38      W 
08    12.5   021.5   15:05    05.0   07:03     52.4     00.0   00.00   01.4     11.5    15:42     WSW
09    20.9   032.1   15:04    10.7   08:03     44.1     00.0   00.00   00.4     11.5    11:01      SW
10    27.3   032.7   15:27    16.3   00:01     37.6     00.0   00.07   00.0     02.3    12:55     SSE
11    48.8   060.7   15:24    32.4   00:30     16.1     00.0   00.60   02.6     26.4    11:43     SSW
12    41.0   052.4   00:02    27.9   00:00     23.9     00.0   00.00   02.7     19.6    14:42      W 
13    38.3   049.0   23:56    24.7   07:37     26.6     00.0   00.00   00.7     16.1    23:33     WSW
14    45.0   048.9   00:04    35.8   23:52     19.9     00.0   00.48   00.6     13.8    05:30     WSW
15    37.8   048.5   13:39    26.8   07:53     27.1     00.0   00.01   00.5     12.7    14:26     WSW
16    34.0   040.1   00:01    29.1   00:00     30.9     00.0   00.03   00.4     08.1    13:02      NE
17    30.6   042.5   14:55    21.6   07:44     34.3     00.0   00.00   00.3     11.5    11:09     WSW
18    30.3   035.7   14:28    25.1   23:58     34.6     00.0   00.07   01.1     18.4    15:37     WSW
19    27.6   033.9   23:19    23.0   07:47     37.3     00.0   00.00   02.7     21.9    15:23     WSW
20    35.3   040.1   15:42    25.2   00:00     29.7     00.0   00.01   02.5     13.8    21:56      W 
21    15.4   025.2   00:01    09.4   00:00     49.5     00.0   00.00   03.0     19.6    23:15      NE
22    08.9   016.9   15:54    02.2   08:02     56.0     00.0   00.00   01.9     13.8    00:37      NE
23    10.1   018.6   13:47    03.2   04:29     54.8     00.0   00.00   01.1     14.9    13:11      W 
24    12.9   019.1   14:50    07.3   08:00     52.1     00.0   00.00   02.2     14.9    12:15      W 
25    19.7   023.4   15:16    15.3   00:02     45.2     00.0   00.00   01.9     24.1    02:55      SW
26    18.0   024.6   22:41    12.5   07:49     46.9     00.0   00.00   02.0     14.9    10:21      W 
27    26.5   039.9   11:44    16.7   00:00     38.4     00.0   00.03   02.1     27.6    12:06      W 
28    13.0   016.7   00:01    07.9   07:29     51.9     00.0   00.00   01.1     14.9    09:42      W 
29    16.2   024.7   14:33    09.8   08:22     48.7     00.0   00.00   01.7     18.4    14:46      W 
30    18.0   031.1   15:04    03.8   05:36     47.0     00.0   00.00   00.6     11.5    16:39     WSW
31    30.1   038.7   15:48    21.3   00:15     34.9     00.0   00.00   00.9     12.7    05:24     WSW
----------------------------------------------------------------------------------------------------------------------------------------------------------
24.1 (24.1)   60.7  day 11    -05.5  day 04   1267.2    000.0   02.00   01.6     34.5   day 06      W 
Max <=  32: 15
Min <=  86: 31
Min <=   0: 1
Max <= 23: 7
Min <=  23: 22
Min <=  14: 15
Min <=   5: 8
Min <=   0: 1
Min <=  -4: 1
Max Rain: 0.60 ON 11-01-14
Days of Rain: 12 (> .008in) 3 (> .08in) 0 (> 0.8in)