MONTHLY CLIMATOLOGICAL SUMMARY for JAN. 2013

NAME: N2KI - Skywarn Spotter ID 10-535A   CITY: Washingtonville STATE: NY
ELEV: 300ft LAT: 041:26:00 LONG: 0074:07:00

                            TEMPERATURE ( F), RAIN (in.), WIND SPEED (mph)

                                               HEAT     COOL           AVG
      MEAN                                     DEG      DEG            WIND                       DOM
DAY   TEMP    HIGH   TIME     LOW    TIME      DAYS     DAYS    RAIN   SPEED    HIGH    TIME      DIR
----------------------------------------------------------------------------------------------------------------------------------------------------------
01    33.5   038.2   04:44    21.8   00:00     31.4     00.0   00.06   02.6     23.0    14:29      W 
02    22.4   030.0   15:42    12.0   08:06     42.5     00.0   00.00   01.2     13.8    12:03     WSW
03    18.2   028.9   00:00    05.9   08:26     46.7     00.0   00.02   00.4     08.1    04:46      E 
04    32.6   037.8   14:44    28.9   05:15     32.4     00.0   00.05   01.9     19.6    12:21     WSW
05    33.0   041.0   15:12    22.4   22:31     31.9     00.0   00.15   01.8     17.3    11:00      W 
06    33.6   043.8   14:29    24.3   00:03     31.4     00.0   00.21   00.8     12.7    15:29      SW
07    34.4   042.9   14:59    20.9   23:57     30.6     00.0   00.12   00.8     10.4    13:30      W 
08    30.1   046.7   14:44    15.9   07:43     34.8     00.0   00.05   00.7     13.8    14:14      W 
09    33.0   044.2   20:50    20.4   07:50     31.9     00.0   00.00   01.1     17.3    21:11     WSW
10    39.6   047.5   15:02    28.6   00:00     25.3     00.0   00.00   01.6     13.8    02:07     WNW
11    32.4   038.4   12:54    26.0   05:07     32.5     00.0   00.39   00.0     03.5    19:12      SW
12    38.4   043.3   15:41    34.9   00:42     26.6     00.0   00.03   00.1     03.5    14:52     WSW
13    39.7   044.8   18:41    35.9   05:14     25.2     00.0   00.00   00.0     03.5    18:12     WSW
14    44.4   054.1   14:05    36.8   00:00     20.6     00.0   00.04   01.0     15.0    05:31     WNW
15    34.1   036.8   00:02    29.9   08:01     30.9     00.0   00.04   00.2     06.9    23:42     ENE
16    30.6   033.7   00:08    28.9   06:00     34.4     00.0   00.00   00.1     08.1    00:41      NW
17    34.9   040.2   12:56    27.7   00:00     30.0     00.0   00.33   01.3     12.7    13:34     WNW
18    24.2   027.7   00:03    19.4   20:02     40.7     00.0   00.00   01.6     12.7    13:36     NNW
19    36.8   046.5   15:44    26.0   00:07     28.1     00.0   00.04   01.9     18.4    21:04     WSW
20    40.7   051.3   13:27    27.5   00:00     24.2     00.0   00.00   03.7     25.3    10:31      W 
21    25.0   029.4   14:25    18.8   05:45     39.9     00.0   00.00   00.6     16.1    00:21     WSW
22    17.4   022.9   00:05    10.7   00:00     47.5     00.0   00.00   03.2     20.7    10:21      W 
23    11.3   017.7   14:47    05.2   00:00     53.6     00.0   00.00   01.5     16.1    13:13     WNW
24    11.7   021.5   13:22    02.5   07:34     53.2     00.0   00.00   02.1     21.9    18:56     WNW
25    16.7   022.8   15:51    11.4   06:25     48.3     00.0   00.00   01.0     16.1    00:51     WSW
26    16.6   027.9   14:51    06.0   07:51     48.3     00.0   00.00   01.0     15.0    15:52      W 
27    23.2   034.8   15:17    14.4   02:56     41.8     00.0   00.00   01.0     11.5    11:25     WSW
28    27.9   033.4   22:06    18.9   00:42     37.1     00.0   00.01   00.3     12.7    12:57     WSW
29    40.0   049.6   15:04    33.4   00:08     25.0     00.0   00.15   00.3     08.1    18:13      W 
30    49.7   061.8   19:45    36.8   06:19     15.2     00.0   00.23   01.9     27.6    12:35      SW
31    43.6   062.8   02:58    28.5   23:41     21.3     00.0   01.08   05.8     42.6    02:54      W 
----------------------------------------------------------------------------------------------------------------------------------------------------------
30.6 (30.4)   62.8  day 31     02.5  day 24   1063.3    000.0   03.00   01.3     42.6   day 31      W 
Max <=  32: 9
Min <=  86: 31
Max <= 23: 4
Min <=  23: 16
Min <=   5: 1
Max Rain: 1.08 ON 31-01-13
Days of Rain: 21 (> .008in) 12 (> .08in) 5 (> 0.8in)