MONTHLY CLIMATOLOGICAL SUMMARY for JAN. 2011

NAME: N2KI Studio 1 - Bravo   CITY: Washingtonville STATE: New York
ELEV: 445 LAT: N41 25 29.5 LONG: W74 08 53.3

                            TEMPERATURE ( F), RAIN (in.), WIND SPEED (mph)

                                               HEAT     COOL           AVG
      MEAN                                     DEG      DEG            WIND                       DOM
DAY   TEMP    HIGH   TIME     LOW    TIME      DAYS     DAYS    RAIN   SPEED    HIGH    TIME      DIR
----------------------------------------------------------------------------------------------------------------------------------------------------------
01    40.7   055.8   13:43    27.9   08:00     24.3     00.0   00.00   00.3     09.2    14:08     WSW
02    40.9   048.1   15:18    32.8   00:00     24.1     00.0   00.00   00.6     11.5    00:00      W 
03    29.1   035.0   14:38    21.3   00:00     35.8     00.0   00.00   02.8     18.4    01:13      W 
04    28.6   041.7   14:30    18.2   07:33     36.3     00.0   00.00   00.9     19.6    13:16     WSW
05    28.0   037.3   13:41    16.8   00:00     37.0     00.0   00.00   01.4     19.6    14:30     WSW
06    20.9   030.4   14:50    13.6   05:59     44.1     00.0   00.00   00.3     08.1    15:08     WSW
07    26.2   030.3   12:43    21.1   00:14     38.7     00.0   00.00   00.3     08.1    08:54     WSW
08    21.1   028.0   14:32    10.0   06:10     43.9     00.0   00.00   00.0     00.0    00:00     WSW
09    26.6   030.9   13:14    21.8   00:04     38.4     00.0   00.00   04.1     24.1    11:52      W 
10    26.2   034.7   15:03    15.5   00:00     38.8     00.0   00.00   02.7     18.4    09:00     WSW
11    19.2   026.9   16:00    07.3   06:08     45.8     00.0   00.00   00.4     05.8    20:17      E 
12    25.2   031.7   14:25    21.1   04:27     39.7     00.0   00.00   02.4     20.7    18:13      W 
13    22.3   028.7   13:55    06.3   00:00     42.7     00.0   00.00   02.7     19.6    01:25      W 
14    12.0   028.6   14:54   -00.1   04:55     52.9     00.0   00.00   00.2     05.8    13:04     WSW
15    19.7   034.4   22:22    01.7   05:42     45.2     00.0   00.00   01.3     18.4    13:19     WSW
16    27.8   033.9   00:09    17.7   21:44     37.1     00.0   00.00   02.3     19.6    12:24      W 
17    19.2   022.4   15:18    14.2   09:59     45.7     00.0   00.00   01.3     12.7    01:20     NNE
18    26.0   032.8   00:00    19.0   01:31     38.9     00.0   00.00   00.4     04.6    14:15      E 
19    33.2   035.1   13:18    31.5   21:51     31.7     00.0   00.00   00.2     12.7    22:24      SE
20    27.1   032.2   00:01    22.0   20:47     37.9     00.0   00.00   01.9     13.8    11:00     WSW
21    23.7   030.1   14:25    15.4   00:00     41.2     00.0   00.00   03.3     25.3    17:10      W 
22    12.8   023.7   15:13   -01.3   00:00     52.2     00.0   00.00   01.1     12.7    00:15     WSW
23    08.5   022.7   14:13   -06.7   06:51     56.4     00.0   00.00   01.9     23.0    14:24      W 
24    07.0   016.9   16:14   -05.1   07:32     58.0     00.0   00.00   00.4     08.1    00:01      S 
25    19.1   031.9   16:38    11.6   03:29     45.8     00.0   00.00   00.3     08.1    13:37      SW
26    23.9   031.5   14:04    10.4   02:45     41.1     00.0   00.00   01.3     09.2    23:39      NE
27    28.9   035.6   14:23    15.6   00:00     36.0     00.0   00.00   01.2     17.3    12:34     WNW
28    23.8   032.4   14:32    11.9   04:12     41.1     00.0   00.00   00.0     02.3    21:42     WSW
29    27.1   034.6   14:29    12.8   04:38     37.8     00.0   00.00   00.9     11.5    10:44     WSW
30    28.5   036.9   13:15    16.6   08:07     36.4     00.0   00.00   01.4     13.8    15:19     WSW
31    18.9   028.5   14:33    04.2   07:58     46.0     00.0   00.00   00.5     05.8    11:42      SE
----------------------------------------------------------------------------------------------------------------------------------------------------------
23.9 (23.0)   55.8  day 01    -06.7  day 23   1271.0    000.0   00.16   01.2     25.3   day 21      W 
Max <=  32: 16
Min <=  86: 31
Min <=   0: 3
Max <= 23: 3
Min <=  23: 28
Min <=  14: 14
Min <=   5: 6
Min <=   0: 3
Min <=  -4: 2
Max Rain: 0.00 ON 25-01-11
Days of Rain: 0 (> .008in) 0 (> .08in) 0 (> 0.8in)