MONTHLY CLIMATOLOGICAL SUMMARY for JAN. 2010

NAME: N2KI Studio 1 - Bravo   CITY: Washingtonville STATE: New York
ELEV: 445 LAT: N41 25 29.5 LONG: W74 08 53.3

                            TEMPERATURE ( F), RAIN (in.), WIND SPEED (mph)

                                               HEAT     COOL           AVG
      MEAN                                     DEG      DEG            WIND                       DOM
DAY   TEMP    HIGH   TIME     LOW    TIME      DAYS     DAYS    RAIN   SPEED    HIGH    TIME      DIR
----------------------------------------------------------------------------------------------------------------------------------------------------------
01    34.1   040.0   15:25    30.4   02:35     30.8     00.0   00.10   00.7     17.3    22:59      W 
02    24.0   032.1   00:04    14.9   23:01     40.9     00.0   00.00   05.6     34.5    23:36      W 
03    17.8   020.0   00:00    15.3   03:00     47.2     00.0   00.00   06.5     32.2    02:32      W 
04    22.8   029.7   13:55    19.3   07:47     42.1     00.0   00.00   04.0     24.1    01:16      W 
05    23.1   029.7   14:14    14.1   08:03     41.8     00.0   00.00   02.9     16.1    16:15      W 
06    27.2   032.3   14:26    23.3   07:50     37.7     00.0   00.00   04.3     19.6    19:30      W 
07    31.5   036.1   14:13    28.8   06:32     33.4     00.0   00.00   03.5     19.6    10:15     WSW
08    27.2   031.7   13:31    20.4   21:59     37.8     00.0   00.10   01.7     18.4    18:36      W 
09    21.0   030.2   14:31    13.3   00:00     43.9     00.0   00.00   02.3     14.9    15:00      W 
10    15.8   027.9   14:48    01.9   08:08     49.2     00.0   00.00   01.4     13.8    16:27      W 
11    23.9   030.5   14:40    17.2   08:00     41.0     00.0   00.00   02.1     13.8    10:38      SW
12    27.2   034.8   13:46    21.2   00:00     37.8     00.0   00.00   02.9     19.6    15:36      W 
13    26.1   032.9   16:18    20.6   04:29     38.9     00.0   00.00   02.2     18.4    00:52     WSW
14    26.4   041.8   14:51    14.4   08:03     38.5     00.0   00.00   00.7     11.5    16:01     WSW
15    34.9   047.0   13:05    20.6   04:58     30.0     00.0   00.00   02.1     20.7    13:27      W 
16    38.1   048.2   15:46    27.7   00:00     26.8     00.0   00.00   02.4     14.9    12:18      W 
17    30.7   036.3   14:29    22.9   06:14     34.3     00.0   00.30   01.1     11.5    23:37      NE
18    39.3   047.5   14:46    32.2   00:00     25.7     00.0   00.10   02.0     12.7    02:28      NE
19    35.0   039.8   14:06    30.8   03:06     29.9     00.0   00.10   00.0     03.5    21:27      W 
20    34.1   040.0   15:01    28.0   00:00     30.9     00.0   00.00   01.0     14.9    13:14      W 
21    28.7   041.1   14:59    19.5   07:51     36.2     00.0   00.00   00.3     05.8    11:21      W 
22    30.6   041.4   14:50    23.8   00:50     34.3     00.0   00.00   01.5     09.2    15:48     ENE
23    26.6   038.0   15:54    19.7   08:18     38.4     00.0   00.00   00.6     08.1    09:15      E 
24    29.8   050.5   00:00    19.4   01:04     35.1     00.0   00.10   00.4     19.6    23:34      SW
25    54.3   060.0   14:16    41.2   00:00     10.6     00.0   01.60   04.8     33.4    12:33      S 
26    38.6   042.9   01:55    31.7   23:53     26.3     00.0   00.00   03.4     20.7    16:33     WSW
27    32.7   037.1   15:55    28.6   05:20     32.3     00.0   00.00   02.3     20.7    14:28     WSW
28    29.7   040.2   14:21    17.6   23:59     35.2     00.0   00.00   04.3     27.6    18:50      W 
29    16.9   022.1   15:07    13.5   00:00     48.0     00.0   00.00   05.6     28.8    05:16      W 
30    13.4   017.0   14:18    07.8   07:59     51.6     00.0   00.00   02.1     14.9    02:53     NNW
31    18.2   029.6   15:54    06.9   07:59     46.8     00.0   00.00   01.6     14.9    14:36      W 
----------------------------------------------------------------------------------------------------------------------------------------------------------
28.4 (28.6)   60.0  day 25     01.9  day 10   1133.7    000.0   02.26   02.5     34.5   day 25      W 
Max <=  32: 10
Min <=  86: 31
Max <= 23: 3
Min <=  23: 20
Min <=   5: 1
Max Rain: 1.60 ON 25-01-11
Days of Rain: 7 (> .008in) 7 (> .08in) 1 (> 0.8in)