MONTHLY CLIMATOLOGICAL SUMMARY for JAN. 2009

NAME: N2KI Studio 1 - Bravo   CITY: Washingtonville STATE: New York
ELEV: 445 LAT: N41 25 29.5 LONG: W74 08 53.3

                            TEMPERATURE ( F), RAIN (in.), WIND SPEED (mph)

                                               HEAT     COOL           AVG
      MEAN                                     DEG      DEG            WIND                       DOM
DAY   TEMP    HIGH   TIME     LOW    TIME      DAYS     DAYS    RAIN   SPEED    HIGH    TIME      DIR
----------------------------------------------------------------------------------------------------------------------------------------------------------
15    02.4   006.8   20:00   -00.9   00:00     62.5     00.0   00.00   00.0     02.3    23:15      W 
16    06.6   016.9   13:53   -02.7   05:21     58.3     00.0   00.00   02.2     19.6    14:39     WSW
17    09.8   017.3   16:08   -04.0   07:43     55.1     00.0   00.00   01.3     11.5    13:45      SW
23    30.4   046.9   13:57    11.9   07:29     34.6     00.0   00.20   01.1     13.8    23:03      SW
24    30.3   044.2   01:25    10.9   00:00     34.6     00.0   00.00   03.0     23.0    05:02      W 
25    15.8   025.3   14:32    04.1   07:35     49.1     00.0   00.00   02.1     16.1    13:36     WSW
26    18.1   028.7   16:01    08.3   07:18     46.8     00.0   00.00   01.1     11.5    15:27     WSW
27    24.5   028.6   15:33    20.3   00:02     40.4     00.0   00.00   00.9     10.3    07:31      SW
28    28.7   038.0   21:47    22.1   07:06     36.2     00.0   00.40   02.0     29.9    22:19      W 
29    26.0   032.4   16:18    14.9   00:00     38.9     00.0   00.00   03.3     24.1    03:44     WSW
30    24.6   036.0   15:50    12.5   06:29     40.3     00.0   00.00   01.8     18.4    20:50     WSW
31    21.6   026.3   14:57    15.9   07:59     43.3     00.0   00.00   03.2     21.9    12:22      W 
----------------------------------------------------------------------------------------------------------------------------------------------------------
19.9 (19.2)   46.9  day 23    -04.0  day 17   540.5    000.0   01.48   01.8     29.9   day 28     WSW
Max <=  32: 7
Min <=  86: 12
Min <=   0: 3
Max <= 23: 3
Min <=  23: 12
Max <=  14: 1
Min <=   5: 4
Min <=   0: 3
Min <=  -4: 1
Max Rain: 0.40 ON 28-01-11
Days of Rain: 2 (> .008in) 2 (> .08in) 0 (> 0.8in)