MONTHLY CLIMATOLOGICAL SUMMARY for NOV. 2022 NAME: N2KI - Skywarn Spotter ID 15-360NYC CITY: Washingtonville STATE: NY ELEV: 300ft LAT: 041:26:00 LONG: 0074:07:00 TEMPERATURE ( °F), RAIN (in.), WIND SPEED (mph) HEAT COOL AVG MEAN DEG DEG WIND DOM DAY TEMP HIGH TIME LOW TIME DAYS DAYS RAIN SPEED HIGH TIME DIR -------------------------------------------------------------------------------------------------------- 01 59.1 066.6 16:37 54.4 00:00 05.8 00.0 00.13 00.1 06.9 17:04 WSW 02 53.0 069.2 15:45 39.7 07:50 12.0 00.0 00.00 00.0 04.6 14:40 ESE 03 51.2 070.9 14:29 34.0 08:05 13.8 00.0 00.00 00.0 09.2 19:39 ESE 04 55.3 073.1 15:41 36.3 07:44 09.6 00.0 00.00 00.1 11.5 14:40 WSW 05 66.2 077.5 14:17 54.0 06:56 00.0 01.3 00.00 01.0 20.7 14:26 SSW 06 68.7 070.8 19:36 66.7 12:54 00.0 03.8 00.06 01.2 17.3 01:59 SW 07 67.1 074.9 13:55 49.6 00:00 00.0 02.1 00.00 01.2 16.1 12:30 W 08 46.1 056.6 13:18 34.0 07:13 18.9 00.0 00.00 01.0 11.5 12:07 NNE 09 43.0 055.0 13:40 31.0 07:40 21.9 00.0 00.00 00.7 11.5 01:29 ESE 10 47.7 067.4 14:29 30.0 06:50 17.2 00.0 00.00 01.1 14.9 12:50 WSW 11 59.1 070.9 22:34 44.0 00:30 05.8 00.0 00.37 00.8 18.4 23:45 SW 12 62.8 071.2 01:01 53.5 21:50 02.1 00.0 00.13 01.8 19.6 10:43 W 13 46.2 053.7 00:07 36.2 00:00 18.7 00.0 00.14 01.6 17.3 13:29 WNW 14 36.2 043.7 14:18 24.8 00:00 28.8 00.0 00.00 01.6 11.5 11:22 WNW 15 31.3 039.6 16:23 20.7 06:32 33.7 00.0 00.23 00.4 09.2 10:44 NE 16 38.2 043.8 15:08 33.2 00:50 26.7 00.0 00.75 01.0 12.7 13:21 W 17 35.9 044.2 13:24 30.8 03:19 29.0 00.0 00.00 02.0 19.6 14:01 W 18 34.7 040.7 14:13 29.2 01:31 30.2 00.0 00.00 02.2 14.9 11:58 W 19 29.9 037.8 14:18 21.6 07:28 35.0 00.0 00.00 01.1 14.9 14:21 WSW 20 30.0 034.0 11:45 24.6 00:00 34.9 00.0 00.00 03.5 21.9 10:36 W 21 30.0 041.1 14:40 14.8 06:39 34.9 00.0 00.00 01.9 14.9 12:41 WSW 22 36.0 049.1 14:50 23.6 07:09 28.9 00.0 00.00 00.9 10.3 13:37 W 23 35.0 053.4 14:46 22.9 07:17 30.0 00.0 00.00 00.5 10.3 11:20 W 24 34.8 053.3 13:45 21.0 07:39 30.1 00.0 00.00 00.2 09.2 14:52 WSW 25 44.1 052.1 13:37 35.6 04:02 20.8 00.0 00.05 01.9 19.6 16:49 W 26 43.7 055.3 15:02 31.5 23:44 21.2 00.0 00.00 01.7 12.7 10:34 W 27 39.4 050.1 12:26 30.5 01:56 25.5 00.0 00.36 00.1 27.6 20:23 WSW 28 44.9 050.0 05:02 30.6 23:23 20.0 00.0 00.01 02.0 17.3 07:19 WNW 29 31.5 039.3 13:28 25.5 04:16 33.5 00.0 00.00 00.2 05.8 15:19 WSW 30 41.9 055.2 15:04 26.2 00:02 23.0 00.0 00.33 02.2 24.1 18:47 W -------------------------------------------------------------------------------------------------------- 44.8 (44.5) 77.5 day 05 14.8 day 21 612.1 007.2 02.57 01.1 27.6 day 30 W Min <= 86: 30 Min <= 23: 5 Max Rain: 0.75 ON 16-11-22 Days of Rain: 11 (> .008in) 8 (> .08in) 0 (> 0.8in)