MONTHLY CLIMATOLOGICAL SUMMARY for NOV. 2021

NAME: N2KI - Skywarn Spotter ID 15-360NYC   CITY: Washingtonville STATE: NY
ELEV: 300ft LAT: 041:26:00 LONG: 0074:07:00

                            TEMPERATURE ( F), RAIN (in.), WIND SPEED (mph)

                                               HEAT     COOL           AVG
      MEAN                                     DEG      DEG            WIND                       DOM
DAY   TEMP    HIGH   TIME     LOW    TIME      DAYS     DAYS    RAIN   SPEED    HIGH    TIME      DIR
--------------------------------------------------------------------------------------------------------
01    50.5   058.3   14:26    38.1   23:17     14.5     00.0   00.00   00.8     11.5    08:27     WNW
02    45.1   052.5   12:21    37.8   07:51     19.9     00.0   00.00   00.5     08.1    20:33     WNW
03    39.3   050.3   13:22    30.5   07:41     25.6     00.0   00.00   00.6     08.1    13:37     WNW
04    36.0   048.7   13:51    26.0   08:05     28.9     00.0   00.00   00.2     04.6    15:18      W 
05    35.2   050.7   14:42    24.5   08:11     29.7     00.0   00.00   00.2     05.8    13:49      S 
06    35.2   052.8   14:43    23.8   07:57     29.7     00.0   00.00   00.1     04.6    13:22     ESE
07    36.7   055.1   13:53    23.9   07:25     28.2     00.0   00.00   00.2     04.6    14:34      NE
08    42.5   063.7   13:47    28.2   07:02     22.4     00.0   00.00   00.2     04.6    14:46     ENE
09    50.1   068.7   13:37    32.8   04:53     14.9     00.0   00.00   00.5     06.9    14:42      SW
10    50.0   063.1   14:22    32.7   00:00     14.9     00.0   00.00   00.4     08.1    15:19     NNW
11    44.9   057.7   00:00    27.7   07:03     20.0     00.0   00.00   00.0     02.3    09:49      N 
12    55.7   065.4   10:17    37.7   00:00     09.2     00.0   00.66   00.0     00.0    00:00      N 
13    42.0   061.9   12:40    32.5   04:40     23.0     00.0   00.24   00.7     11.5    17:33      N 
14    40.0   047.6   14:32    31.4   07:34     24.9     00.0   00.04   00.8     08.1    22:05     WSW
15    40.2   046.2   15:12    35.0   03:25     24.8     00.0   00.00   01.3     11.5    13:49      NW
16    38.4   049.0   13:54    28.3   00:00     26.5     00.0   00.00   00.8     10.3    02:09      NW
17    40.1   053.2   19:15    25.2   07:14     24.9     00.0   00.00   00.2     06.9    13:45      SW
18    50.7   071.7   14:24    33.8   06:47     14.3     00.0   00.18   00.8     17.3    20:07      W 
19    40.4   045.6   12:51    30.4   23:59     24.5     00.0   00.00   02.0     17.3    09:04     WNW
20    36.2   046.2   14:27    24.4   07:41     28.8     00.0   00.00   00.6     09.2    13:24     WSW
21    44.9   054.0   14:08    32.7   08:02     20.0     00.0   00.00   00.6     10.3    23:03     SSW
22    42.4   051.8   01:39    26.8   23:53     22.6     00.0   00.05   01.1     14.9    15:07      W 
23    32.3   040.6   13:45    26.6   07:49     32.7     00.0   00.00   01.7     16.1    13:15     WNW
24    32.2   045.8   15:02    20.5   07:46     32.8     00.0   00.00   00.7     08.1    14:45      W 
25    40.3   050.6   15:12    28.1   04:35     24.7     00.0   00.00   00.9     06.9    13:06      W 
26    39.4   043.4   12:47    35.0   21:39     25.5     00.0   00.12   02.7     19.6    21:13     WNW
27    33.5   038.4   11:34    27.6   21:33     31.5     00.0   00.00   03.1     18.4    01:58     WNW
28    30.8   034.3   15:35    27.7   23:30     34.1     00.0   00.02   00.1     10.3    01:50      W 
29    30.4   037.5   14:17    23.5   06:10     34.6     00.0   00.00   00.9     11.5    18:32     WNW
30    31.2   038.6   11:46    22.2   05:21     33.7     00.0   00.00   00.7     11.5    12:25     WSW
--------------------------------------------------------------------------------------------------------
40.2 (40.3)   71.7  day 18     20.5  day 24   741.7    000.0   01.31   00.8     19.6   day 26     WNW
Min <=  86: 30
Min <=  23: 2
Max Rain: 0.66 ON 12-11-21
Days of Rain: 7 (> .008in) 4 (> .08in) 0 (> 0.8in)