MONTHLY CLIMATOLOGICAL SUMMARY for NOV. 2020

NAME: N2KI - Skywarn Spotter ID 15-360NYC   CITY: Washingtonville STATE: NY
ELEV: 300ft LAT: 041:26:00 LONG: 0074:07:00

                            TEMPERATURE ( F), RAIN (in.), WIND SPEED (mph)

                                               HEAT     COOL           AVG
      MEAN                                     DEG      DEG            WIND                       DOM
DAY   TEMP    HIGH   TIME     LOW    TIME      DAYS     DAYS    RAIN   SPEED    HIGH    TIME      DIR
--------------------------------------------------------------------------------------------------------
01    43.1   052.1   17:42    30.3   00:33     21.8     00.0   00.20   01.5     17.3    22:37     WSW
02    38.0   041.1   14:35    34.6   21:52     26.9     00.0   00.00   03.0     19.6    12:34     WNW
03    43.3   053.0   14:21    32.7   00:00     21.6     00.0   00.00   01.8     11.5    13:01     WNW
04    45.8   063.9   13:34    27.4   07:09     19.1     00.0   00.00   00.5     09.2    14:39     WSW
05    53.2   071.5   13:54    33.1   07:22     11.7     00.0   00.00   00.6     08.1    13:10     WNW
06    54.3   073.1   13:52    41.9   07:10     10.7     00.0   00.00   00.5     06.9    13:31      W 
07    55.5   076.1   13:46    38.6   04:32     09.5     00.0   00.00   00.7     05.8    15:23      W 
08    52.7   076.4   14:10    37.9   07:30     12.2     00.0   00.00   00.3     03.5    13:58     ENE
09    52.6   078.0   13:48    35.0   07:29     12.4     00.0   00.00   00.3     04.6    14:50     WNW
10    58.6   075.9   13:57    39.7   07:13     06.3     00.0   00.00   00.7     10.3    10:57      W 
11    65.3   070.3   12:52    59.8   04:04     00.0     00.4   00.39   00.9     11.5    08:25      W 
12    51.5   064.4   01:24    45.0   00:00     13.4     00.0   00.19   01.2     08.1    22:04      NE
13    40.7   047.0   15:47    32.9   23:53     24.3     00.0   00.14   00.8     08.1    00:10     NNW
14    39.5   050.5   13:18    29.1   00:00     25.4     00.0   00.01   01.1     09.2    13:23     WNW
15    43.0   061.6   20:14    25.5   04:39     21.9     00.0   00.39   02.1     19.6    18:51     SSW
16    43.3   051.2   00:02    28.5   00:00     21.6     00.0   00.00   02.0     16.1    09:30      W 
17    34.0   042.2   15:32    25.8   07:23     31.0     00.0   00.01   01.6     13.8    17:23     WNW
18    29.4   033.3   14:28    21.4   23:57     35.5     00.0   00.00   02.6     13.8    09:49      NW
19    33.8   047.0   14:20    19.8   07:26     31.2     00.0   00.00   01.1     11.5    15:24     WSW
20    48.7   064.9   13:40    30.7   07:34     16.2     00.0   00.00   01.0     10.3    15:41      W 
21    48.1   058.6   10:37    36.3   05:31     16.9     00.0   00.00   01.3     09.2    11:37     WNW
22    40.7   052.4   23:54    35.2   07:05     24.2     00.0   00.06   01.0     10.3    23:12      NE
23    43.7   051.1   08:38    37.9   21:54     21.2     00.0   00.28   02.0     14.9    08:48     WNW
24    38.9   046.8   14:09    29.5   21:11     26.1     00.0   00.00   01.2     08.1    08:55      NW
25    42.5   051.3   11:22    31.4   06:29     22.4     00.0   00.00   00.7     11.5    10:50     WSW
26    52.2   062.6   13:56    45.3   05:12     12.8     00.0   00.28   00.6     10.3    13:26     WSW
27    51.4   056.6   12:18    45.9   00:00     13.5     00.0   00.00   00.5     05.8    18:59     WSW
28    43.9   052.8   12:53    32.4   00:00     21.1     00.0   00.00   01.0     11.5    15:16      W 
29    37.9   054.1   15:05    26.6   07:21     27.1     00.0   00.00   00.8     09.2    10:49     WSW
30    51.4   065.5   18:21    34.4   02:35     13.6     00.0   01.87   01.7     23.0    17:47     ESE
--------------------------------------------------------------------------------------------------------
45.9 (46.2)   78.0  day 09     19.8  day 19   571.7    000.4   03.82   01.2     23.0   day 30      W 
Min <=  86: 30
Min <=  23: 2
Max Rain: 1.87 ON 30-11-20
Days of Rain: 11 (> .008in) 8 (> .08in) 1 (> 0.8in)