MONTHLY CLIMATOLOGICAL SUMMARY for NOV. 2018

NAME: N2KI - Skywarn Spotter ID 15-360NYC   CITY: Washingtonville STATE: NY
ELEV: 300ft LAT: 041:26:00 LONG: 0074:07:00

                            TEMPERATURE ( F), RAIN (in.), WIND SPEED (mph)

                                               HEAT     COOL           AVG
      MEAN                                     DEG      DEG            WIND                       DOM
DAY   TEMP    HIGH   TIME     LOW    TIME      DAYS     DAYS    RAIN   SPEED    HIGH    TIME      DIR
--------------------------------------------------------------------------------------------------------
01    56.6   064.6   13:02    50.6   23:35     08.3     00.0   00.00   00.1     06.9    18:28      W 
02    62.7   069.3   11:31    50.8   00:03     02.3     00.0   01.95   00.4     13.8    08:50     WSW
03    51.7   057.4   01:00    43.4   23:41     13.2     00.0   01.03   02.1     27.6    12:50      W 
04    44.7   054.4   13:05    35.9   07:30     20.3     00.0   00.00   00.2     12.7    02:07     WSW
05    44.4   047.7   13:17    37.3   04:04     20.5     00.0   00.15   00.2     09.2    07:55     ENE
06    49.9   053.7   15:23    46.7   06:52     15.0     00.0   00.55   00.0     11.5    12:06      N 
07    54.4   062.8   13:28    43.8   06:41     10.6     00.0   00.00   01.3     17.3    14:46     WSW
08    43.4   052.7   13:47    31.9   00:00     21.6     00.0   00.00   00.3     10.3    13:16     WNW
09    37.0   044.5   14:37    29.5   06:55     28.0     00.0   00.52   00.1     06.9    17:38     NNW
10    39.9   044.2   09:49    35.8   19:13     25.1     00.0   00.08   02.9     27.6    14:36      W 
11    35.9   045.3   14:47    27.2   00:00     29.0     00.0   00.00   01.1     13.8    12:19      W 
12    36.6   050.0   13:19    23.6   06:58     28.3     00.0   00.04   00.2     09.2    15:14     WSW
13    40.3   042.6   16:34    38.4   00:00     24.7     00.0   00.76   00.7     12.7    16:04     WNW
14    33.2   038.4   00:04    28.2   23:37     31.7     00.0   00.00   02.3     19.6    06:08     WNW
15    27.8   031.0   00:00    25.7   17:17     37.1     00.0   00.00   01.0     10.3    15:49      NE
16    36.3   041.0   14:55    31.0   00:01     28.6     00.0   00.59   01.6     18.4    12:29     WNW
17    40.3   044.4   12:36    37.7   18:44     24.6     00.0   00.01   00.7     16.1    11:49     WSW
18    36.7   039.8   14:21    33.3   07:25     28.2     00.0   00.00   00.0     05.8    10:18      S 
19    38.5   044.1   14:24    35.0   02:26     26.4     00.0   00.00   00.0     03.5    21:52     SSW
20    37.5   043.4   15:26    34.7   23:55     27.5     00.0   00.04   00.5     13.8    16:25     WSW
21    34.5   042.3   12:59    23.2   00:00     30.5     00.0   00.00   03.1     26.4    19:43      W 
22    19.6   026.5   14:08    12.1   00:00     45.4     00.0   00.00   03.0     26.4    11:30     WNW
23    19.1   031.7   15:13    06.8   06:49     45.9     00.0   00.00   00.3     12.7    13:43     WSW
24    29.6   036.5   14:17    19.5   04:36     35.3     00.0   00.71   00.0     05.8    12:23      SE
25    42.5   052.0   14:53    36.0   00:05     22.4     00.0   00.64   00.2     12.7    15:09     SSW
26    41.3   049.5   14:07    31.6   03:36     23.6     00.0   00.63   01.7     19.6    16:08      E 
27    39.2   042.0   11:55    36.1   00:00     25.7     00.0   00.15   03.4     24.1    10:20      W 
28    37.5   039.5   13:38    35.0   08:00     27.4     00.0   00.00   04.3     24.1    12:48      W 
29    39.5   042.6   13:44    37.1   00:00     25.4     00.0   00.00   02.1     14.9    10:09     WNW
30    35.1   039.2   12:58    29.7   03:25     29.8     00.0   00.01   00.0     04.6    00:12      W 
--------------------------------------------------------------------------------------------------------
39.5 (39.3)   69.3  day 02     06.8  day 23   762.3    000.0   07.86   01.1     27.6   day 28      W 
Max <=  32: 3
Min <=  86: 30
Min <=  23: 3
Max Rain: 1.95 ON 2-11-18
Days of Rain: 16 (> .008in) 12 (> .08in) 2 (> 0.8in)