MONTHLY CLIMATOLOGICAL SUMMARY for NOV. 2016

NAME: N2KI - Skywarn Spotter ID 15-360NYC   CITY: Washingtonville STATE: NY
ELEV: 300ft LAT: 041:26:00 LONG: 0074:07:00

                            TEMPERATURE ( F), RAIN (in.), WIND SPEED (mph)

                                               HEAT     COOL           AVG
      MEAN                                     DEG      DEG            WIND                       DOM
DAY   TEMP    HIGH   TIME     LOW    TIME      DAYS     DAYS    RAIN   SPEED    HIGH    TIME      DIR
--------------------------------------------------------------------------------------------------------
01    43.4   058.6   15:01    26.1   08:04     21.5     00.0   00.00   01.0     10.3    13:24      SW
02    57.8   072.8   16:08    43.8   07:20     07.1     00.0   00.00   01.3     09.2    12:13      W 
03    58.0   070.3   15:04    49.1   07:20     06.9     00.0   00.00   02.5     12.7    16:19      W 
04    50.7   058.4   14:24    35.2   00:00     14.3     00.0   00.00   01.7     11.5    13:26      W 
05    45.2   058.8   15:26    31.2   02:25     19.8     00.0   00.00   01.7     12.7    13:07      W 
06    45.7   054.4   13:12    31.7   00:00     19.2     00.0   00.00   02.0     11.5    15:19     NNE
07    37.6   053.6   15:05    25.8   06:12     27.3     00.0   00.00   00.7     09.2    11:29      NE
08    42.3   066.5   15:07    26.2   06:30     22.6     00.0   00.00   00.1     03.5    13:14     WNW
09    47.1   052.8   15:14    37.8   00:04     17.9     00.0   00.09   00.4     08.1    17:28      W 
10    44.9   055.6   15:18    29.4   07:06     20.1     00.0   00.00   02.2     10.3    14:20      W 
11    47.6   057.3   12:04    35.8   00:00     17.3     00.0   00.00   04.6     18.4    12:28     WNW
12    38.3   049.5   14:01    26.0   07:14     26.6     00.0   00.00   01.6     10.3    12:04      W 
13    43.8   060.6   14:19    31.6   02:11     21.2     00.0   00.00   02.6     11.5    15:00     WSW
14    44.3   064.2   14:03    26.5   07:15     20.6     00.0   00.00   01.3     11.5    09:11     WSW
15    42.9   045.6   21:26    40.3   04:29     22.0     00.0   01.51   00.6     10.3    13:14     WSW
16    47.7   060.0   14:26    35.2   23:09     17.2     00.0   00.01   02.4     13.8    13:22      W 
17    47.6   060.9   13:10    34.3   00:00     17.3     00.0   00.00   01.4     11.5    11:06     WNW
18    41.5   060.3   15:11    29.2   07:04     23.5     00.0   00.00   00.2     03.5    13:27     SSW
19    45.8   065.5   13:29    29.7   07:14     19.2     00.0   00.07   01.5     14.9    22:24      S 
20    35.0   038.5   13:08    32.6   23:24     30.0     00.0   00.89   07.4     21.9    16:09      W 
21    34.0   035.7   15:19    30.9   05:28     30.9     00.0   00.00   11.4     25.3    15:10      W 
22    35.4   039.6   14:03    32.4   07:03     29.5     00.0   00.06   07.4     18.4    09:23     WNW
23    35.5   042.2   13:29    30.5   06:15     29.5     00.0   00.13   02.1     11.5    13:14      W 
24    36.0   040.1   12:24    31.2   07:20     28.9     00.0   00.09   00.1     03.5    01:15      W 
25    42.5   047.7   14:23    36.7   00:04     22.5     00.0   00.00   00.2     04.6    14:14      W 
26    39.6   048.0   14:26    32.7   00:00     25.4     00.0   00.02   00.7     11.5    15:22      W 
27    38.1   046.7   13:13    28.9   23:28     26.8     00.0   00.00   02.2     19.6    14:18      W 
28    37.2   051.7   14:09    26.7   07:13     27.8     00.0   00.00   00.8     08.1    10:18     WSW
29    52.1   056.8   15:24    43.3   00:02     12.8     00.0   00.91   01.9     17.3    11:19      SW
30    49.3   052.4   00:04    43.1   04:06     15.6     00.0   00.33   01.3     14.9    16:20      NE
--------------------------------------------------------------------------------------------------------
43.6 (43.7)   72.8  day 02     25.8  day 07   641.2    000.0   04.11   02.2     25.3   day 21      W 
Min <=  86: 30
Max Rain: 1.51 ON 15-11-17
Days of Rain: 11 (> .008in) 7 (> .08in) 3 (> 0.8in)