MONTHLY CLIMATOLOGICAL SUMMARY for NOV. 2015

NAME: N2KI - Skywarn Spotter ID 13-330NYC   CITY: Washingtonville STATE: NY
ELEV: 300ft LAT: 041:26:00 LONG: 0074:07:00

                            TEMPERATURE ( F), RAIN (in.), WIND SPEED (mph)

                                               HEAT     COOL           AVG
      MEAN                                     DEG      DEG            WIND                       DOM
DAY   TEMP    HIGH   TIME     LOW    TIME      DAYS     DAYS    RAIN   SPEED    HIGH    TIME      DIR
--------------------------------------------------------------------------------------------------------
01    54.4   062.9   15:37    47.4   00:00     10.5     00.0   00.01   00.9     16.1    12:36     WSW
02    49.6   063.7   14:01    40.1   00:00     15.4     00.0   00.00   00.1     05.8    14:27     WSW
03    52.1   076.1   15:05    34.3   06:21     12.9     00.0   00.00   00.5     11.5    14:37     WSW
04    54.4   073.8   13:47    37.7   06:53     10.6     00.0   00.00   00.2     10.3    14:23     WSW
05    58.5   069.6   13:16    43.9   03:38     06.4     00.0   00.00   00.2     10.3    13:12     WSW
06    68.9   075.3   11:51    63.0   03:48     00.0     04.0   00.00   01.9     19.6    10:55     WSW
07    54.8   063.6   00:01    47.5   00:00     10.2     00.0   00.00   00.7     12.7    09:57      W 
08    45.1   055.4   14:09    31.9   00:00     19.8     00.0   00.00   00.7     14.9    13:19      W 
09    42.5   060.4   14:47    28.1   06:55     22.4     00.0   00.00   00.2     09.2    12:27      W 
10    48.2   053.5   12:16    42.3   00:05     16.8     00.0   00.20   00.8     13.8    20:20     ENE
11    48.6   053.6   15:08    42.8   22:06     16.3     00.0   00.84   00.4     11.5    00:27     ENE
12    52.2   057.2   19:41    44.7   00:01     12.8     00.0   00.11   01.3     19.6    21:06     SSW
13    50.7   055.2   12:22    44.2   23:41     14.3     00.0   00.00   03.4     24.1    11:00      W 
14    41.5   044.5   14:53    36.2   21:39     23.4     00.0   00.00   02.8     24.1    07:09      W 
15    44.8   058.4   16:03    33.5   03:22     20.1     00.0   00.00   01.0     17.3    13:07     WSW
16    48.6   064.8   14:14    34.9   07:21     16.3     00.0   00.00   00.7     13.8    14:37      W 
17    38.2   049.5   15:26    28.2   00:00     26.8     00.0   00.00   00.4     09.2    00:14      E 
18    44.0   054.8   13:02    26.6   01:49     21.0     00.0   00.00   00.8     14.9    23:35      SE
19    59.0   062.5   21:05    54.4   00:02     05.9     00.0   00.38   02.0     21.9    11:11     SSE
20    48.5   059.9   00:08    30.7   23:59     16.5     00.0   00.00   00.9     13.8    14:22      W 
21    38.4   050.1   14:06    27.9   06:44     26.5     00.0   00.00   00.5     12.7    16:12     SSW
22    45.8   049.5   02:51    38.9   00:00     19.2     00.0   00.00   00.8     11.5    11:07     WNW
23    33.1   042.0   13:55    22.8   00:00     31.8     00.0   00.00   01.0     14.9    11:46      NW
24    31.0   044.7   14:54    20.2   05:20     33.9     00.0   00.00   00.4     12.7    11:40      W 
25    33.6   049.1   14:24    20.4   07:24     31.3     00.0   00.00   00.2     08.1    14:50      SW
26    40.6   057.4   15:22    25.0   07:12     24.3     00.0   00.00   00.3     11.5    13:46     WSW
27    49.6   064.7   14:00    32.8   07:37     15.3     00.0   00.01   01.2     23.0    12:52     WSW
28    48.1   058.0   02:14    38.6   23:56     16.8     00.0   00.01   00.6     11.5    12:48      NE
29    36.4   043.6   14:35    27.8   00:00     28.5     00.0   00.00   00.7     09.2    01:52      NE
30    31.5   039.7   14:54    21.4   07:41     33.4     00.0   00.00   00.1     04.6    13:59     ENE
--------------------------------------------------------------------------------------------------------
46.4 (46.4)   76.1  day 03     20.2  day 24   559.3    004.0   01.57   00.9     24.2   day 13      W 
Min <=  86: 30
Min <=  23: 4
Max Rain: 0.84 ON 11-11-15
Days of Rain: 7 (> .008in) 4 (> .08in) 1 (> 0.8in)