MONTHLY CLIMATOLOGICAL SUMMARY for NOV. 2014

NAME: N2KI - Skywarn Spotter ID 13-330NYC   CITY: Washingtonville STATE: NY
ELEV: 300ft LAT: 041:26:00 LONG: 0074:07:00

                            TEMPERATURE ( F), RAIN (in.), WIND SPEED (mph)

                                               HEAT     COOL           AVG
      MEAN                                     DEG      DEG            WIND                       DOM
DAY   TEMP    HIGH   TIME     LOW    TIME      DAYS     DAYS    RAIN   SPEED    HIGH    TIME      DIR
----------------------------------------------------------------------------------------------------------------------------------------------------------
01    44.4   048.2   00:01    40.0   21:09     20.6     00.0   00.10   04.8     16.1    19:05      NE
03    46.4   051.8   20:57    38.6   23:11     18.5     00.0   00.00   03.5     19.6    12:04     NNW
04    57.5   071.0   14:06    44.9   01:37     07.4     00.0   00.00   00.8     13.8    13:11      W 
05    55.9   062.7   12:32    32.0   22:09     09.1     00.0   00.00   00.7     11.5    13:40      W 
06    44.8   046.7   13:33    42.6   01:17     20.2     00.0   00.08   00.0     03.5    15:56     WNW
07    43.7   049.5   12:20    36.0   23:42     21.2     00.0   00.00   01.5     16.1    20:21      W 
08    41.4   047.9   14:07    33.7   06:56     23.5     00.0   00.00   00.8     11.5    21:06     WSW
09    45.5   056.1   13:14    30.9   00:00     19.5     00.0   00.00   00.5     11.5    11:36      W 
10    45.7   063.5   14:02    28.7   06:08     19.2     00.0   00.00   00.3     11.5    18:16     WSW
11    50.1   064.7   13:30    33.9   05:20     14.8     00.0   00.00   00.4     12.7    11:34      NW
12    49.7   061.1   12:12    32.9   00:00     15.2     00.0   00.00   00.4     16.1    13:01      W 
13    35.6   044.8   14:12    25.8   07:10     29.4     00.0   00.09   00.1     06.9    17:23      SW
14    34.2   041.0   13:42    26.7   22:57     30.8     00.0   00.22   00.8     14.9    13:43      W 
15    30.1   040.4   14:54    21.7   00:00     34.9     00.0   00.00   00.6     11.5    10:35      W 
16    32.1   040.0   21:25    20.0   03:47     32.8     00.0   00.00   00.2     09.2    12:26     WSW
17    38.8   043.7   20:50    35.7   02:20     26.1     00.0   00.60   00.2     11.5    22:12      SW
18    29.2   041.5   00:02    20.7   00:00     35.7     00.0   00.00   04.0     24.1    14:47      W 
19    25.3   031.9   14:14    18.0   06:59     39.7     00.0   00.00   02.0     16.1    08:39     WSW
20    35.1   044.1   13:55    28.8   23:52     29.9     00.0   00.00   02.5     24.1    12:02      W 
21    27.0   034.3   14:34    17.6   00:00     37.9     00.0   00.00   01.5     19.6    09:56      W 
22    30.7   041.9   13:57    14.4   07:13     34.3     00.0   00.00   01.8     20.7    11:19     WSW
23    47.9   059.8   15:42    41.5   07:22     17.0     00.0   00.00   00.5     11.5    00:52     WSW
24    63.1   071.2   14:53    44.7   00:04     01.9     00.0   00.37   03.4     36.8    06:31     SSW
25    51.8   064.3   00:54    37.7   21:19     13.1     00.0   00.00   02.2     20.7    07:06      W 
26    35.7   041.8   05:03    32.9   00:00     29.3     00.0   00.01   00.3     11.5    08:14      NE
27    32.5   033.7   13:59    29.2   00:00     32.5     00.0   00.17   00.0     03.5    00:00     ENE
28    25.7   033.3   11:08    14.0   00:00     39.3     00.0   00.03   00.6     13.8    14:42      W 
29    22.6   031.3   15:06    13.0   07:47     42.3     00.0   00.01   00.0     06.9    10:03     WSW
30    37.8   043.7   13:11    30.6   00:03     27.2     00.0   00.43   00.2     10.3    10:47     WSW
----------------------------------------------------------------------------------------------------------------------------------------------------------
40.0 (39.2)   71.2  day 24     13.0  day 29   723.1    000.0   02.09   01.2     36.8   day 02      W 
Max <=  32: 2
Min <=  86: 29
Min <=  23: 8
Max Rain: 0.60 ON 17-11-14
Days of Rain: 11 (> .008in) 7 (> .08in) 0 (> 0.8in)