MONTHLY CLIMATOLOGICAL SUMMARY for NOV. 2013

NAME: N2KI - Skywarn Spotter ID 13-330NYC   CITY: Washingtonville STATE: NY
ELEV: 300ft LAT: 041:26:00 LONG: 0074:07:00

                            TEMPERATURE ( F), RAIN (in.), WIND SPEED (mph)

                                               HEAT     COOL           AVG
      MEAN                                     DEG      DEG            WIND                       DOM
DAY   TEMP    HIGH   TIME     LOW    TIME      DAYS     DAYS    RAIN   SPEED    HIGH    TIME      DIR
----------------------------------------------------------------------------------------------------------------------------------------------------------
01    63.4   069.8   16:57    46.6   00:00     01.6     00.0   00.26   02.8     32.2    09:28     WSW
02    49.5   065.2   13:38    39.6   23:49     15.5     00.0   00.00   00.3     17.3    16:12     WSW
03    39.8   045.2   12:49    28.0   00:00     25.1     00.0   00.00   00.7     11.5    14:06      N 
04    31.5   043.2   15:09    20.3   07:09     33.5     00.0   00.00   00.4     11.5    10:26     NNE
05    41.3   053.9   14:47    27.2   06:48     23.6     00.0   00.00   00.4     11.5    14:18      SW
06    51.2   058.3   15:47    38.8   03:34     13.7     00.0   00.00   01.1     18.4    18:56      SW
07    52.6   060.9   08:40    35.7   23:34     12.4     00.0   00.09   01.5     16.1    08:52      W 
08    39.7   046.9   14:18    31.9   01:55     25.2     00.0   00.00   01.7     19.6    09:29      W 
09    41.9   049.2   14:42    35.0   01:27     23.0     00.0   00.00   01.0     12.7    14:59     WSW
10    46.8   057.2   11:06    40.2   07:27     18.1     00.0   00.00   02.5     20.7    15:42      W 
11    46.4   050.2   15:52    39.4   07:33     18.6     00.0   00.00   02.0     17.3    00:08      W 
12    35.6   049.8   00:03    25.8   23:56     29.4     00.0   00.02   01.5     17.3    04:53     WNW
13    30.2   038.2   14:25    25.2   00:24     34.7     00.0   00.00   01.2     12.7    14:12     WNW
14    40.1   054.6   14:47    28.6   00:42     24.8     00.0   00.00   01.3     18.4    09:27     WSW
15    38.9   060.5   14:12    23.5   07:15     26.0     00.0   00.00   00.4     11.5    14:49      W 
16    47.1   062.0   14:33    30.3   00:11     17.8     00.0   00.00   00.3     10.3    17:37     WSW
17    54.2   061.6   00:00    39.8   00:16     10.8     00.0   00.01   00.9     26.4    22:36      SW
18    57.4   063.6   14:16    46.9   00:00     07.5     00.0   00.23   03.2     23.0    04:01     WSW
19    39.5   047.4   00:24    25.5   00:00     25.4     00.0   00.00   02.7     24.1    00:44     WNW
20    28.2   040.0   14:57    18.8   07:17     36.7     00.0   00.00   00.5     11.5    11:12     ENE
21    34.1   048.9   14:27    16.7   07:10     30.8     00.0   00.00   00.2     08.1    14:29      SE
22    48.5   053.7   14:36    42.9   07:59     16.5     00.0   00.08   00.5     14.9    23:27      W 
23    38.5   052.5   00:01    25.1   23:37     26.5     00.0   00.00   02.9     18.4    23:29      W 
24    23.6   028.6   14:33    20.5   07:18     41.3     00.0   00.00   04.1     28.8    01:51     WNW
25    26.7   034.9   14:14    17.7   06:52     38.2     00.0   00.00   01.3     13.8    12:41     WSW
26    33.0   035.5   21:40    29.0   08:29     32.0     00.0   00.53   00.5     11.5    01:45     WNW
27    39.3   045.4   09:02    32.1   00:00     25.6     00.0   01.09   01.9     21.9    22:19      W 
28    28.1   032.2   15:01    22.1   20:30     36.8     00.0   00.00   03.1     24.1    04:33      W 
29    27.3   035.5   14:25    18.6   00:00     37.6     00.0   00.00   00.4     11.5    14:58      W 
30    24.6   033.0   14:24    12.6   07:18     40.4     00.0   00.00   00.2     08.1    12:46     WNW
----------------------------------------------------------------------------------------------------------------------------------------------------------
40.0 (39.4)   69.8  day 01     12.6  day 30   749.1    000.0   02.31   01.4     32.2   day 28      W 
Max <=  32: 1
Min <=  86: 30
Min <=  23: 8
Max Rain: 1.09 ON 27-11-13
Days of Rain: 8 (> .008in) 5 (> .08in) 1 (> 0.8in)