MONTHLY CLIMATOLOGICAL SUMMARY for NOV. 2012

NAME: N2KI - The Garrison   CITY: Washingtonville STATE: NY
ELEV: 300 LAT: 041:26:00 LONG: 0074:07:00

                            TEMPERATURE ( F), RAIN (in.), WIND SPEED (mph)

                                               HEAT     COOL           AVG
      MEAN                                     DEG      DEG            WIND                       DOM
DAY   TEMP    HIGH   TIME     LOW    TIME      DAYS     DAYS    RAIN   SPEED    HIGH    TIME      DIR
----------------------------------------------------------------------------------------------------------------------------------------------------------
01    46.8   050.6   14:15    43.4   08:25     18.1     00.0   00.00   01.3     12.7    13:56     WSW
02    45.8   050.5   11:38    41.5   23:14     19.1     00.0   00.00   02.1     18.4    19:54      W 
03    43.4   048.4   15:18    39.7   08:09     21.5     00.0   00.00   02.5     19.6    16:46     WNW
04    41.9   050.4   13:49    32.9   05:46     23.0     00.0   00.00   01.0     11.5    15:26      W 
05    36.9   043.4   14:57    25.7   00:00     28.0     00.0   00.00   01.0     11.5    15:49     NNW
06    29.7   042.0   15:41    20.0   06:52     35.2     00.0   00.00   00.2     09.2    12:00     SSE
07    32.9   038.3   13:35    25.8   00:03     32.1     00.0   00.00   02.1     18.4    15:12      NE
08    40.1   049.4   14:34    33.7   00:01     24.8     00.0   00.10   01.6     15.0    13:21      N 
09    42.2   054.1   13:53    28.2   04:21     22.7     00.0   00.00   01.2     12.7    13:53      W 
10    45.7   052.7   14:37    38.9   03:11     19.2     00.0   00.00   00.3     06.9    09:31     WSW
11    51.0   067.1   15:03    38.7   02:37     13.9     00.0   00.00   00.4     11.5    14:19     WSW
12    55.5   063.4   12:57    38.5   07:02     09.4     00.0   00.00   01.9     23.0    21:30      SW
13    46.1   063.5   02:23    39.6   23:59     18.8     00.0   00.42   01.0     19.6    02:38      W 
14    37.0   045.8   14:22    28.6   00:00     27.9     00.0   00.00   01.3     16.1    10:17     ENE
15    32.9   043.3   14:30    25.8   06:55     32.1     00.0   00.00   00.1     09.2    12:43      E 
16    33.1   044.2   14:27    26.7   00:00     31.9     00.0   00.00   00.3     08.1    13:35     ENE
17    33.6   049.8   14:17    22.6   07:15     31.3     00.0   00.00   00.2     09.2    10:55      E 
18    33.1   047.8   14:34    22.5   07:32     31.8     00.0   00.01   00.1     04.6    14:23     ESE
19    33.0   048.9   14:54    21.7   07:35     31.9     00.0   00.00   00.2     08.1    10:45      E 
20    32.7   045.8   14:09    23.6   07:17     32.3     00.0   00.01   00.0     03.5    14:13      NE
21    36.5   052.7   15:17    27.1   00:00     28.4     00.0   00.00   00.2     08.1    12:27     ENE
22    36.2   056.6   14:33    23.6   07:03     28.8     00.0   00.00   00.0     03.5    15:06     NNE
23    42.8   059.8   13:37    25.7   07:14     22.1     00.0   00.02   00.7     11.5    18:25      W 
24    39.6   049.8   00:03    34.2   20:48     25.4     00.0   00.00   03.8     21.9    07:10     WNW
25    35.3   038.9   13:49    31.8   18:32     29.6     00.0   00.00   02.7     25.3    05:17      W 
26    37.8   046.9   13:44    25.7   23:48     27.2     00.0   00.00   01.6     16.1    10:43      W 
27    31.7   034.2   15:48    25.2   02:08     33.2     00.0   00.15   00.0     03.5    18:04      NW
28    31.9   037.3   13:29    25.4   21:16     33.0     00.0   00.03   00.6     13.8    15:00     WSW
29    33.2   043.4   14:55    20.8   07:37     31.8     00.0   00.01   01.4     16.1    12:50     WSW
30    32.0   038.1   11:27    27.2   07:06     33.0     00.0   00.00   00.6     09.2    21:14      NE
----------------------------------------------------------------------------------------------------------------------------------------------------------
38.4 (39.0)   67.1  day 11     20.0  day 06   797.6    000.0   00.75   01.0     25.3   day 25     WNW
Min <=  86: 30
Min <=  23: 5
Max Rain: 0.42 ON 13-11-12
Days of Rain: 8 (> .008in) 3 (> .08in) 0 (> 0.8in)