MONTHLY CLIMATOLOGICAL SUMMARY for NOV. 2010

NAME: N2KI Studio 1 - Bravo   CITY: Washingtonville STATE: New York
ELEV: 445 LAT: N41 25 29.5 LONG: W74 08 53.3

                            TEMPERATURE ( F), RAIN (in.), WIND SPEED (mph)

                                               HEAT     COOL           AVG
      MEAN                                     DEG      DEG            WIND                       DOM
DAY   TEMP    HIGH   TIME     LOW    TIME      DAYS     DAYS    RAIN   SPEED    HIGH    TIME      DIR
----------------------------------------------------------------------------------------------------------------------------------------------------------
01    37.7   048.1   16:34    29.6   00:00     27.3     00.0   00.00   00.8     14.9    17:40     WNW
02    35.5   050.8   16:18    24.5   08:15     29.5     00.0   00.00   00.4     08.1    13:57     NNE
03    39.8   054.5   15:20    27.4   08:17     25.1     00.0   00.00   00.6     13.8    20:02      S 
04    43.4   045.6   15:07    38.9   00:31     21.6     00.0   01.00   01.1     11.5    16:00      NE
05    45.0   051.1   16:20    40.9   00:00     20.0     00.0   00.10   01.1     18.4    16:29     WSW
06    39.3   048.2   15:17    29.3   08:30     25.7     00.0   00.00   00.8     10.3    15:41     NNE
07    37.2   049.5   13:52    27.4   07:11     27.8     00.0   00.00   00.8     11.5    14:49     NNE
08    40.5   046.1   10:28    30.4   00:19     24.5     00.0   00.10   02.0     19.6    05:48     WNW
09    45.6   052.4   14:41    39.5   07:29     19.3     00.0   00.00   01.3     11.5    14:09     NNE
10    47.6   054.8   14:14    39.3   00:00     17.3     00.0   00.00   02.3     13.8    13:16      NE
11    41.2   056.4   15:36    29.5   07:33     23.7     00.0   00.00   01.0     13.8    10:15      NE
12    38.9   061.0   15:26    24.5   06:57     26.1     00.0   00.00   00.2     05.8    13:16     ESE
13    40.0   061.4   14:47    26.2   07:23     24.9     00.0   00.00   00.1     04.6    12:47      E 
14    43.4   061.7   13:45    27.6   07:20     21.5     00.0   00.00   00.3     11.5    14:32     ESE
15    48.8   054.8   15:40    43.7   00:40     16.1     00.0   00.00   00.1     04.6    13:34      NW
16    50.4   057.8   00:00    43.9   02:20     14.6     00.0   00.20   01.4     23.0    22:06      E 
17    55.2   062.5   04:01    49.4   23:32     09.7     00.0   00.40   06.0     33.4    04:37     WSW
18    46.8   054.6   12:03    40.4   06:57     18.1     00.0   00.00   01.6     19.6    10:11     WSW
19    37.7   045.6   12:17    27.1   00:00     27.2     00.0   00.00   01.2     12.7    12:58      W 
20    42.6   056.3   15:26    26.6   01:07     22.4     00.0   00.00   01.9     18.4    14:46      W 
21    37.9   044.7   14:57    29.0   06:34     27.0     00.0   00.00   00.7     11.5    20:28     ENE
22    49.9   064.8   14:03    38.7   01:40     15.0     00.0   00.00   01.0     20.7    13:20      SW
23    50.7   060.8   14:55    39.7   06:45     14.2     00.0   00.00   01.4     18.4    23:20     WSW
24    42.0   048.1   14:23    33.5   23:40     22.9     00.0   00.00   03.3     24.1    14:21     WNW
25    35.6   039.8   14:13    29.9   02:08     29.4     00.0   00.10   00.3     06.9    14:06     SSW
26    40.3   048.7   12:09    29.0   23:47     24.6     00.0   00.20   01.7     19.6    12:50      W 
27    36.3   040.2   13:24    29.2   00:07     28.7     00.0   00.00   03.6     21.9    12:23     WSW
28    34.6   047.4   14:34    25.8   00:00     30.4     00.0   00.00   00.6     12.7    14:12      W 
29    32.0   047.2   14:22    20.7   07:53     33.0     00.0   00.00   00.2     06.9    16:40     WSW
30    45.4   055.0   23:57    29.9   00:09     19.5     00.0   00.10   02.1     19.6    18:07     ESE
----------------------------------------------------------------------------------------------------------------------------------------------------------
42.0 (42.4)   64.8  day 22     20.7  day 29   687.0    000.0   02.29   01.3     33.4   day 17      W 
Min <=  86: 30
Min <=  23: 1
Max Rain: 1.00 ON 4-11-11
Days of Rain: 65 (> .008in) 65 (> .08in) 1 (> 0.8in)