MONTHLY CLIMATOLOGICAL SUMMARY for NOV. 2009

NAME: N2KI Studio 1 - Bravo   CITY: Washingtonville STATE: New York
ELEV: 445 LAT: N41 25 29.5 LONG: W74 08 53.3

                            TEMPERATURE ( F), RAIN (in.), WIND SPEED (mph)

                                               HEAT     COOL           AVG
      MEAN                                     DEG      DEG            WIND                       DOM
DAY   TEMP    HIGH   TIME     LOW    TIME      DAYS     DAYS    RAIN   SPEED    HIGH    TIME      DIR
----------------------------------------------------------------------------------------------------------------------------------------------------------
01    50.3   058.1   00:59    35.7   00:00     14.6     00.0   00.00   01.2     12.7    02:01      N 
02    41.5   056.1   15:31    31.9   06:13     23.5     00.0   00.00   00.5     06.9    14:02      NE
03    42.6   060.0   14:45    30.9   06:44     22.3     00.0   00.00   01.1     16.1    17:09      W 
04    41.6   049.2   11:32    32.4   06:40     23.4     00.0   00.00   00.8     11.5    14:18     WSW
05    42.1   051.1   14:33    36.6   05:55     22.8     00.0   00.10   01.0     12.7    17:12      SW
06    38.5   045.8   12:23    27.4   00:00     26.5     00.0   00.00   01.8     16.1    04:33      W 
07    39.1   054.2   14:18    24.8   07:00     25.9     00.0   00.00   01.1     12.7    15:14      SW
08    49.3   069.1   14:36    34.9   07:24     15.6     00.0   00.00   00.8     13.8    08:46      SW
09    52.8   072.3   13:50    33.0   07:23     12.2     00.0   00.00   01.1     19.6    12:22      SW
10    56.6   063.7   14:29    49.5   03:37     08.3     00.0   00.00   01.0     10.3    20:39     NNE
11    48.7   054.0   00:17    45.4   00:00     16.3     00.0   00.00   02.5     11.5    11:53      NE
12    46.4   051.2   15:52    43.1   08:09     18.6     00.0   00.00   02.8     12.7    14:58      NE
13    48.8   055.5   14:13    43.5   05:13     16.2     00.0   00.20   03.6     18.4    09:29      NE
14    50.7   053.6   16:19    47.7   01:20     14.2     00.0   00.50   01.5     08.1    08:56     ENE
15    53.8   060.4   15:39    47.6   23:13     11.1     00.0   00.00   00.3     04.6    13:45      E 
16    46.8   058.5   14:51    37.0   00:00     18.1     00.0   00.00   00.5     05.8    13:56     ENE
17    42.2   052.0   13:34    31.7   00:00     22.7     00.0   00.00   01.0     08.1    12:44     ENE
18    40.3   052.5   15:29    28.7   07:41     24.6     00.0   00.00   00.5     06.9    10:55     ENE
19    48.5   059.8   00:00    37.9   01:18     16.5     00.0   00.00   00.9     11.5    23:59     ENE
20    53.9   061.5   03:41    43.9   19:27     11.0     00.0   00.30   03.2     26.4    00:21     WSW
21    46.0   058.2   14:08    34.8   00:00     18.9     00.0   00.00   01.2     10.3    02:58     WSW
22    39.4   051.4   14:20    30.3   07:09     25.5     00.0   00.00   00.9     10.3    13:52      NE
23    43.8   050.1   14:40    34.0   01:01     21.1     00.0   00.00   01.8     09.2    17:49      NE
24    47.5   057.3   15:17    37.9   23:47     17.5     00.0   00.00   01.2     08.1    10:09      NE
25    46.2   049.1   15:45    38.4   00:03     18.7     00.0   00.00   00.1     05.8    12:19     ENE
26    47.8   056.4   14:26    38.5   21:45     17.2     00.0   00.00   00.3     05.8    14:22      E 
27    43.8   046.8   12:25    40.6   00:02     21.2     00.0   00.00   03.1     24.1    23:24      W 
28    44.7   048.2   14:05    41.5   21:11     20.2     00.0   00.00   05.9     31.1    00:08      W 
29    46.9   058.6   15:24    31.2   07:33     18.1     00.0   00.00   02.2     19.6    12:47     WSW
30    47.7   055.9   02:53    37.0   23:55     17.2     00.0   00.10   02.4     17.3    22:32     WSW
----------------------------------------------------------------------------------------------------------------------------------------------------------
46.3 (46.3)   72.3  day 09     24.8  day 07   559.8    000.0   01.34   01.5     31.1   day 28     NNW
Min <=  86: 30
Max Rain: 0.50 ON 14-11-11
Days of Rain: 60 (> .008in) 60 (> .08in) 0 (> 0.8in)