MONTHLY CLIMATOLOGICAL SUMMARY for OCT. 2022 NAME: N2KI - Skywarn Spotter ID 15-360NYC CITY: Washingtonville STATE: NY ELEV: 300ft LAT: 041:26:00 LONG: 0074:07:00 TEMPERATURE ( °F), RAIN (in.), WIND SPEED (mph) HEAT COOL AVG MEAN DEG DEG WIND DOM DAY TEMP HIGH TIME LOW TIME DAYS DAYS RAIN SPEED HIGH TIME DIR -------------------------------------------------------------------------------------------------------- 01 55.9 062.4 15:42 50.6 07:40 09.0 00.0 00.06 00.1 06.9 15:05 ESE 02 55.3 059.9 00:42 51.2 00:00 09.6 00.0 00.00 00.3 10.3 09:07 NNE 03 49.8 052.5 15:11 46.8 22:47 15.1 00.0 00.03 00.2 06.9 12:38 ENE 04 48.1 051.7 12:29 45.0 07:00 16.8 00.0 00.87 00.1 09.2 09:45 ENE 05 52.4 057.5 17:09 49.2 00:00 12.6 00.0 00.30 00.0 06.9 03:09 ESE 06 55.5 073.1 14:37 40.8 07:27 09.5 00.0 00.01 00.0 00.0 00:00 ESE 07 60.1 075.1 14:30 49.7 07:23 04.8 00.0 00.00 00.1 10.3 14:09 SSW 08 48.6 057.3 14:27 34.7 00:00 16.3 00.0 00.00 00.2 09.2 17:38 W 09 46.7 062.8 14:24 32.9 04:38 18.3 00.0 00.00 00.3 11.5 13:35 W 10 51.5 067.7 14:08 39.3 04:15 13.4 00.0 00.00 00.1 08.1 11:58 W 11 52.3 071.0 16:54 35.0 07:47 12.6 00.0 00.00 00.1 08.1 13:48 WNW 12 56.3 072.1 14:11 39.1 07:40 08.6 00.0 00.00 00.4 12.7 15:00 W 13 62.4 068.2 17:02 52.9 23:59 02.6 00.0 00.51 00.8 17.3 18:09 S 14 54.3 066.6 15:52 41.3 00:00 10.7 00.0 00.18 00.1 06.9 15:38 WSW 15 53.1 069.3 14:36 35.2 07:32 11.8 00.0 00.00 00.7 11.5 21:29 WSW 16 51.3 064.5 16:54 40.1 07:56 13.6 00.0 00.00 00.0 04.6 16:24 WSW 17 50.3 063.7 14:42 40.3 03:21 14.6 00.0 00.34 00.0 08.1 14:29 SW 18 46.4 056.5 15:26 37.6 00:00 18.5 00.0 00.01 00.2 12.7 14:24 SW 19 41.4 051.1 14:03 29.6 07:59 23.5 00.0 00.00 00.7 11.5 14:04 W 20 45.9 057.1 16:49 35.9 00:00 19.1 00.0 00.00 01.0 18.4 13:59 W 21 45.7 063.7 14:32 29.7 08:04 19.3 00.0 00.00 00.1 06.9 13:43 WSW 22 49.0 070.5 14:25 31.2 08:02 15.9 00.0 00.00 00.1 09.2 18:11 SSE 23 49.8 058.8 16:20 38.3 04:58 15.1 00.0 00.00 00.0 04.6 12:59 SE 24 55.2 056.8 15:29 51.6 07:35 09.7 00.0 00.64 00.0 09.2 03:51 E 25 63.0 071.9 16:37 56.5 02:13 02.0 00.0 00.07 00.0 10.3 14:35 ESE 26 64.3 074.3 14:40 57.6 00:00 00.6 00.0 00.00 00.2 11.5 20:27 S 27 55.7 064.7 15:43 39.5 00:00 09.2 00.0 00.00 00.7 13.8 08:09 NNW 28 42.6 053.1 16:11 34.3 04:03 22.3 00.0 00.00 00.2 09.2 09:08 ENE 29 40.4 059.9 16:19 27.0 08:10 24.6 00.0 00.00 00.1 06.9 15:06 SE 30 42.1 066.3 15:45 24.0 08:05 22.8 00.0 00.00 00.0 06.9 16:37 SE 31 49.8 065.4 16:20 33.2 05:55 15.1 00.0 00.00 00.1 08.1 11:48 S -------------------------------------------------------------------------------------------------------- 51.5 (51.9) 75.1 day 07 24.0 day 30 417.6 000.0 03.04 00.2 18.4 day 20 S Min <= 86: 31 Max Rain: 0.87 ON 4-10-22 Days of Rain: 11 (> .008in) 6 (> .08in) 1 (> 0.8in)