MONTHLY CLIMATOLOGICAL SUMMARY for OCT. 2021

NAME: N2KI - Skywarn Spotter ID 15-360NYC   CITY: Washingtonville STATE: NY
ELEV: 300ft LAT: 041:26:00 LONG: 0074:07:00

                            TEMPERATURE ( F), RAIN (in.), WIND SPEED (mph)

                                               HEAT     COOL           AVG
      MEAN                                     DEG      DEG            WIND                       DOM
DAY   TEMP    HIGH   TIME     LOW    TIME      DAYS     DAYS    RAIN   SPEED    HIGH    TIME      DIR
--------------------------------------------------------------------------------------------------------
01    52.2   067.0   14:37    40.9   06:53     12.7     00.0   00.00   00.2     05.8    14:13      NW
02    57.3   073.9   16:32    42.8   07:27     07.7     00.0   00.00   00.3     06.9    13:22      NW
03    61.5   073.5   14:04    50.1   07:29     03.5     00.0   00.05   00.1     03.5    14:51     WNW
04    61.2   062.9   06:36    57.5   00:00     03.8     00.0   00.47   00.1     09.2    11:18      NE
05    59.7   064.9   15:02    56.5   07:54     05.2     00.0   00.00   00.0     03.5    21:18      E 
06    61.9   068.3   15:01    56.0   00:00     03.1     00.0   00.01   00.0     03.5    14:26      SE
07    60.8   072.9   15:41    53.4   05:07     04.1     00.0   00.00   00.1     03.5    16:40      SE
08    61.7   074.6   14:32    51.4   06:07     03.2     00.0   00.00   00.1     04.6    20:54      SE
09    60.9   065.9   15:03    54.6   07:18     04.0     00.0   00.00   00.3     06.9    21:44     ESE
10    59.4   060.9   17:42    57.3   08:11     05.5     00.0   00.01   00.1     03.5    12:36     ESE
11    61.9   071.5   14:04    54.4   00:00     03.1     00.0   00.00   00.1     03.5    16:44     ESE
12    60.1   073.9   14:32    52.9   02:58     04.8     00.0   00.00   00.1     03.5    17:23     SSE
13    62.6   068.1   14:54    54.5   00:05     02.4     00.0   00.00   00.0     03.5    12:03     WSW
14    64.2   076.6   13:44    54.8   07:45     00.7     00.0   00.00   00.1     03.5    16:49      SW
15    66.7   079.8   16:19    54.2   05:03     00.0     01.8   00.00   00.2     04.6    15:19     SSW
16    67.6   076.9   14:37    54.8   00:00     00.0     02.6   00.56   00.7     10.3    11:34     WSW
17    52.7   061.8   14:43    47.6   07:47     12.3     00.0   00.01   00.6     11.5    11:13      NW
18    49.5   056.4   12:57    44.2   21:17     15.5     00.0   00.00   00.8     11.5    16:37     NNW
19    53.0   067.0   16:54    41.2   02:46     11.9     00.0   00.00   00.9     10.3    13:53     WNW
20    61.9   075.8   15:39    49.1   00:01     03.1     00.0   00.00   00.8     10.3    14:51     WSW
21    59.5   074.9   14:10    46.5   07:57     05.5     00.0   00.00   00.4     06.9    15:35     WSW
22    60.3   065.9   13:14    51.7   00:00     04.6     00.0   00.00   00.5     06.9    13:20      W 
23    49.5   058.7   14:26    41.7   05:07     15.5     00.0   00.03   00.3     04.6    18:45     NNW
24    47.3   056.0   14:44    37.2   07:46     17.6     00.0   00.09   00.3     05.8    13:05     WNW
25    59.5   071.0   16:12    50.0   00:05     05.4     00.0   00.31   00.4     09.2    20:33      S 
26    55.0   059.0   00:03    51.9   05:42     10.0     00.0   02.80   01.1     10.3    20:07      NE
27    54.9   059.5   14:01    49.5   23:59     10.0     00.0   00.08   00.9     09.2    10:51      NE
28    48.1   058.5   15:05    38.3   08:13     16.8     00.0   00.00   00.3     06.9    15:07     NNE
29    46.9   052.9   13:03    37.5   07:18     18.0     00.0   00.16   00.9     11.5    22:07     NNE
30    54.0   064.1   14:18    46.3   02:10     10.9     00.0   00.25   00.7     09.2    13:36     ENE
31    56.0   062.8   15:53    51.8   05:31     09.0     00.0   00.02   00.7     06.9    19:18     WSW
--------------------------------------------------------------------------------------------------------
57.7 (58.2)   79.8  day 15     37.2  day 24   229.9    004.4   04.85   00.4     11.5   day 29     NNW
Min <=  86: 31
Max Rain: 2.80 ON 26-10-21
Days of Rain: 14 (> .008in) 8 (> .08in) 1 (> 0.8in)