MONTHLY CLIMATOLOGICAL SUMMARY for OCT. 2020

NAME: N2KI - Skywarn Spotter ID 15-360NYC   CITY: Washingtonville STATE: NY
ELEV: 300ft LAT: 041:26:00 LONG: 0074:07:00

                            TEMPERATURE ( F), RAIN (in.), WIND SPEED (mph)

                                               HEAT     COOL           AVG
      MEAN                                     DEG      DEG            WIND                       DOM
DAY   TEMP    HIGH   TIME     LOW    TIME      DAYS     DAYS    RAIN   SPEED    HIGH    TIME      DIR
--------------------------------------------------------------------------------------------------------
01    61.0   072.3   14:42    50.3   23:14     04.0     00.0   00.00   00.5     06.9    13:11      W 
02    54.9   065.9   16:33    45.1   00:00     10.0     00.0   00.06   00.3     08.1    17:23      SW
03    51.9   065.9   14:32    41.5   00:00     13.1     00.0   00.00   00.4     09.2    15:06      W 
04    49.8   066.4   14:35    35.5   06:43     15.1     00.0   00.00   00.2     04.6    16:18      S 
05    54.8   068.5   13:46    43.5   06:09     10.2     00.0   00.00   00.2     04.6    15:31     SSE
06    55.4   068.4   14:47    42.9   07:07     09.6     00.0   00.00   00.4     08.1    14:18      SW
07    60.2   072.5   14:03    52.9   20:05     04.8     00.0   00.06   01.0     11.5    17:47      W 
08    53.7   062.3   14:05    41.1   00:00     11.2     00.0   00.00   00.9     11.5    14:19      W 
09    53.2   069.0   16:54    36.6   07:13     11.7     00.0   00.00   00.4     06.9    15:09      W 
10    62.9   078.2   14:50    48.1   07:33     02.1     00.0   00.00   00.6     08.1    18:41     WNW
11    58.5   064.6   00:17    53.6   07:53     06.4     00.0   00.00   00.6     06.9    13:44      NE
12    50.5   053.8   00:07    46.8   08:19     14.5     00.0   00.21   00.5     06.9    08:29      NE
13    52.6   056.5   16:49    49.6   05:31     12.4     00.0   00.36   00.4     04.6    12:54      NE
14    53.9   069.4   16:52    43.5   00:00     11.0     00.0   00.00   00.6     09.2    12:25     WNW
15    59.0   075.4   14:38    41.5   07:20     06.0     00.0   00.00   01.0     11.5    22:29      W 
16    54.0   062.9   00:48    46.3   00:00     10.9     00.0   00.53   00.3     06.9    14:49     NNW
17    47.3   060.6   14:41    34.9   23:58     17.6     00.0   00.00   00.5     06.9    14:57      NW
18    47.1   062.8   14:15    29.6   06:54     17.9     00.0   00.00   00.8     13.8    21:35      S 
19    55.7   063.2   14:54    45.1   05:34     09.3     00.0   00.00   00.7     12.7    21:37     SSW
20    61.3   072.6   15:44    54.3   05:14     03.6     00.0   00.00   00.3     05.8    13:13      E 
21    61.8   070.6   16:09    53.9   02:26     03.2     00.0   00.00   00.4     08.1    15:57     SSE
22    65.0   076.6   14:13    58.7   04:13     00.0     00.1   00.00   00.4     05.8    18:20     SSW
23    65.7   073.1   13:54    60.4   00:03     00.0     00.7   00.00   00.6     08.1    22:12      SW
24    60.0   069.6   14:36    40.7   00:00     04.9     00.0   00.00   00.8     08.1    19:32      W 
25    43.6   049.7   15:10    37.0   05:16     21.3     00.0   00.05   00.6     09.2    10:35      NE
26    47.5   050.8   17:41    43.7   01:38     17.5     00.0   00.13   00.3     04.6    05:21      NE
27    51.5   056.2   15:12    48.5   23:41     13.4     00.0   00.01   00.4     05.8    04:55      SW
28    49.5   056.3   15:35    45.9   23:51     15.4     00.0   00.18   00.3     05.8    15:33     WNW
29    46.3   048.5   08:40    44.0   00:00     18.6     00.0   01.09   01.0     11.5    18:37     NNE
30    36.6   044.1   00:03    30.8   23:48     28.4     00.0   00.48   01.1     11.5    03:26     NNE
31    34.6   045.3   17:10    23.9   07:54     30.3     00.0   00.02   00.6     08.1    20:45      S 
--------------------------------------------------------------------------------------------------------
53.5 (53.9)   78.2  day 10     23.9  day 31   354.3    000.8   03.18   00.6     13.8   day 29      W 
Min <=  86: 31
Max Rain: 1.09 ON 29-10-20
Days of Rain: 12 (> .008in) 7 (> .08in) 1 (> 0.8in)