MONTHLY CLIMATOLOGICAL SUMMARY for OCT. 2018

NAME: N2KI - Skywarn Spotter ID 15-360NYC   CITY: Washingtonville STATE: NY
ELEV: 300ft LAT: 041:26:00 LONG: 0074:07:00

                            TEMPERATURE ( F), RAIN (in.), WIND SPEED (mph)

                                               HEAT     COOL           AVG
      MEAN                                     DEG      DEG            WIND                       DOM
DAY   TEMP    HIGH   TIME     LOW    TIME      DAYS     DAYS    RAIN   SPEED    HIGH    TIME      DIR
--------------------------------------------------------------------------------------------------------
01    61.9   074.4   16:55    53.3   07:09     03.0     00.0   00.03   00.0     08.1    19:18      W 
02    63.3   074.9   13:23    56.4   04:15     01.7     00.0   01.23   00.1     10.3    13:07      SE
03    65.4   072.8   14:34    58.2   00:00     00.0     00.5   00.00   00.0     06.9    09:52      W 
04    63.9   075.1   14:13    53.3   05:24     01.0     00.0   00.07   00.0     03.5    17:15      W 
05    58.8   066.2   00:03    52.8   08:06     06.1     00.0   00.00   00.0     08.1    11:23     ESE
06    60.5   066.8   00:00    55.7   04:53     04.5     00.0   00.00   00.0     08.1    14:19      SE
07    70.6   079.1   16:05    61.4   00:00     00.0     05.7   00.00   00.0     05.8    15:44      W 
08    59.5   062.6   19:59    55.6   09:42     05.4     00.0   00.00   00.0     03.5    06:29      W 
09    69.5   077.8   15:12    62.1   00:32     00.0     04.5   00.00   00.1     09.2    12:00      W 
10    72.7   081.1   14:55    64.8   04:16     00.0     07.8   00.00   00.2     13.8    21:15     WSW
11    71.3   074.6   11:38    64.5   22:58     00.0     06.4   01.05   00.1     14.9    13:19     WSW
12    56.1   064.6   00:07    45.2   00:00     08.8     00.0   00.00   00.5     17.3    12:46      W 
13    47.4   055.1   16:26    40.2   00:00     17.5     00.0   00.28   00.2     11.5    16:13      W 
14    46.8   058.3   14:50    38.1   05:49     18.2     00.0   00.00   00.1     10.3    14:03     WSW
15    55.7   066.4   21:25    41.9   02:33     09.3     00.0   00.17   00.5     16.1    20:47      W 
16    48.2   058.4   00:03    40.6   00:00     16.7     00.0   00.03   00.5     14.9    04:36      W 
17    47.6   059.2   14:12    38.7   06:59     17.4     00.0   00.00   01.1     21.9    14:57      W 
18    41.6   049.4   14:55    32.8   00:00     23.4     00.0   00.00   00.8     16.1    16:54      W 
19    45.6   061.0   15:08    30.5   06:03     19.3     00.0   00.00   00.4     10.3    14:58      W 
20    54.1   062.0   15:18    47.4   23:10     10.8     00.0   00.09   00.6     17.3    13:30      W 
21    42.4   047.6   01:54    34.9   22:31     22.5     00.0   00.12   01.0     19.6    13:54      W 
22    41.4   049.1   15:11    32.4   08:06     23.6     00.0   00.00   00.2     10.3    10:14      W 
23    48.1   062.9   15:02    40.2   07:44     16.8     00.0   00.01   00.2     19.6    16:54      W 
24    46.8   053.7   15:04    40.7   00:00     18.1     00.0   00.00   00.8     19.6    13:46      W 
25    41.2   048.3   14:02    33.8   00:00     23.7     00.0   00.00   00.6     12.7    16:03      W 
26    39.0   047.4   15:50    30.2   04:11     25.9     00.0   00.00   00.0     04.6    15:10     WSW
27    42.5   044.3   18:49    39.6   09:13     22.4     00.0   01.03   02.0     13.8    16:51      NE
28    46.0   050.3   16:21    43.3   07:32     19.0     00.0   00.09   00.1     09.2    11:23     WNW
29    48.3   054.3   16:44    43.1   23:27     16.6     00.0   00.12   00.6     11.5    16:59      W 
30    44.4   054.9   16:58    35.2   00:00     20.5     00.0   00.00   00.4     11.5    17:26      W 
31    48.6   065.9   14:50    30.6   07:04     16.3     00.0   00.00   00.5     17.3    13:03     WSW
--------------------------------------------------------------------------------------------------------
53.2 (53.5)   81.1  day 10     30.2  day 26   388.8    024.8   04.32   00.4     21.9   day 27      W 
Min <=  86: 31
Max Rain: 1.23 ON 2-10-18
Days of Rain: 13 (> .008in) 9 (> .08in) 3 (> 0.8in)