MONTHLY CLIMATOLOGICAL SUMMARY for OCT. 2017

NAME: N2KI - Skywarn Spotter ID 15-360NYC   CITY: Washingtonville STATE: NY
ELEV: 300ft LAT: 041:26:00 LONG: 0074:07:00

                            TEMPERATURE ( F), RAIN (in.), WIND SPEED (mph)

                                               HEAT     COOL           AVG
      MEAN                                     DEG      DEG            WIND                       DOM
DAY   TEMP    HIGH   TIME     LOW    TIME      DAYS     DAYS    RAIN   SPEED    HIGH    TIME      DIR
--------------------------------------------------------------------------------------------------------
01    51.6   066.2   16:41    38.7   07:34     13.3     00.0   00.00   00.0     04.6    14:57      N 
02    50.8   070.3   14:50    35.5   07:37     14.1     00.0   00.00   00.0     04.6    13:42      SW
03    55.0   071.9   14:59    37.8   07:29     10.0     00.0   00.00   00.3     09.2    19:57      S 
04    62.9   078.0   16:13    46.0   03:09     02.0     00.0   00.00   00.3     11.5    23:18     WNW
05    70.8   080.1   15:29    58.9   07:26     00.0     05.8   00.00   00.2     10.3    17:04      W 
06    67.8   079.1   14:19    55.1   07:39     00.0     02.8   00.00   00.1     08.1    15:01     WNW
07    69.0   081.0   16:08    56.4   06:17     00.0     04.1   00.00   00.6     14.9    16:19     SSE
08    74.9   079.9   16:04    72.0   09:01     00.0     10.0   00.20   00.5     16.1    12:51     WSW
09    73.8   076.2   17:40    70.9   00:00     00.0     08.9   00.42   00.8     20.7    13:29     WSW
10    68.3   080.0   15:01    57.5   00:00     00.0     03.4   00.00   00.1     09.2    16:22      W 
11    60.4   071.4   14:53    54.2   04:43     04.5     00.0   00.00   00.1     08.1    21:29     NNW
12    54.2   063.6   14:47    47.6   23:29     10.7     00.0   00.00   00.3     10.3    14:24      E 
13    54.6   064.4   14:53    42.0   06:56     10.3     00.0   00.00   00.2     10.3    12:22      E 
14    61.0   068.9   17:13    53.5   00:00     04.0     00.0   00.00   00.1     05.8    16:22      S 
15    65.2   074.1   15:17    53.5   00:05     00.0     00.3   00.00   00.8     19.6    14:59     WSW
16    54.1   067.5   00:01    40.1   00:00     10.9     00.0   00.00   00.6     17.3    07:17     WNW
17    44.5   060.0   17:14    31.1   07:50     20.5     00.0   00.00   00.1     06.9    16:58     WNW
18    53.1   072.4   15:05    37.0   07:18     11.9     00.0   00.00   00.2     08.1    15:44     WSW
19    56.6   073.2   14:40    39.6   07:57     08.3     00.0   00.00   00.6     16.1    11:12     WSW
20    58.4   074.2   14:59    46.2   00:00     06.5     00.0   00.00   00.4     12.7    16:22      W 
21    56.0   079.0   15:06    38.3   07:50     08.9     00.0   00.00   00.1     08.1    14:48      W 
22    56.7   078.8   14:03    39.1   07:47     08.2     00.0   00.00   00.1     10.3    13:11      SW
23    60.4   072.5   15:25    44.8   03:50     04.5     00.0   00.00   00.6     13.8    22:12      SE
24    69.8   074.2   12:32    61.9   00:00     00.0     04.9   00.52   02.7     34.5    11:09      S 
25    57.3   066.4   15:06    50.3   07:48     07.6     00.0   00.00   00.1     06.9    14:13      SW
26    51.5   059.6   16:08    44.0   00:00     13.4     00.0   00.00   00.4     14.9    17:03      W 
27    49.1   064.0   17:03    34.6   08:08     15.8     00.0   00.00   00.3     09.2    12:53     WSW
28    53.8   068.7   14:21    35.6   07:37     11.1     00.0   00.00   01.0     17.3    17:20     SSW
29    62.3   064.6   20:00    58.6   01:29     02.7     00.0   02.08   00.9     17.3    19:38      E 
30    50.9   065.8   00:22    45.0   08:20     14.0     00.0   00.13   02.9     28.8    00:26      W 
31    46.9   055.6   14:25    37.7   07:58     18.1     00.0   00.00   01.4     19.6    12:33      W 
--------------------------------------------------------------------------------------------------------
58.8 (59.1)   81.0  day 07     31.1  day 17   231.6    040.0   03.35   00.5     34.5   day 24     WSW
Min <=  86: 31
Max Rain: 2.08 ON 29-10-17
Days of Rain: 5 (> .008in) 5 (> .08in) 1 (> 0.8in)