MONTHLY CLIMATOLOGICAL SUMMARY for OCT. 2016

NAME: N2KI - Skywarn Spotter ID 13-330NYC   CITY: Washingtonville STATE: NY
ELEV: 300ft LAT: 041:26:00 LONG: 0074:07:00

                            TEMPERATURE ( F), RAIN (in.), WIND SPEED (mph)

                                               HEAT     COOL           AVG
      MEAN                                     DEG      DEG            WIND                       DOM
DAY   TEMP    HIGH   TIME     LOW    TIME      DAYS     DAYS    RAIN   SPEED    HIGH    TIME      DIR
--------------------------------------------------------------------------------------------------------
01    54.8   058.5   16:57    52.1   07:16     10.2     00.0   00.04   00.0     06.9    20:32      E 
02    57.1   060.8   17:56    54.1   07:29     07.8     00.0   00.01   00.0     02.3    11:27     ESE
03    62.1   072.2   15:05    54.5   00:00     02.8     00.0   00.00   00.0     04.6    13:21      SE
04    58.8   068.0   15:21    52.1   00:00     06.1     00.0   00.00   00.0     06.9    11:03      SE
05    54.4   069.5   15:08    43.6   06:36     10.5     00.0   00.00   00.0     06.9    14:01      SE
06    54.9   074.1   15:39    39.3   07:25     10.0     00.0   00.00   00.0     04.6    14:18     SSW
07    56.9   076.8   15:06    42.4   07:42     08.0     00.0   00.00   00.1     10.3    14:44      SW
08    55.9   067.7   15:40    43.7   05:35     09.0     00.0   00.00   00.0     03.5    11:49     SSW
09    55.0   060.1   01:41    50.8   09:35     09.9     00.0   00.01   00.1     09.2    16:03     ENE
10    49.2   062.2   15:32    37.1   00:00     15.8     00.0   00.01   00.1     08.1    11:33      E 
11    46.0   065.5   14:54    30.2   07:35     18.9     00.0   00.00   00.1     06.9    15:40      E 
12    52.4   067.2   15:01    37.6   07:55     12.5     00.0   00.00   00.3     12.7    22:14      SE
13    53.3   062.9   12:35    45.5   00:00     11.6     00.0   00.01   00.1     10.3    13:14      SW
14    45.8   061.3   15:04    33.0   07:48     19.1     00.0   00.00   00.0     08.1    16:30      S 
15    47.0   066.3   14:53    29.6   06:03     17.9     00.0   00.00   00.2     12.7    20:15     SSE
16    56.3   071.3   16:23    40.0   07:29     08.7     00.0   00.00   00.3     11.5    12:09      W 
17    66.6   078.2   16:58    57.2   08:12     00.0     01.6   00.00   00.1     08.1    15:33      W 
18    69.4   085.2   15:07    51.9   07:55     00.0     04.5   00.00   00.7     17.3    14:33     WSW
19    70.3   081.0   14:19    51.3   00:00     00.0     05.4   00.00   00.5     17.3    13:04      W 
20    58.6   071.3   14:51    45.7   04:56     06.4     00.0   00.00   00.3     11.5    23:50     SSE
21    66.5   071.8   10:50    57.8   00:00     00.0     01.5   00.21   00.5     11.5    03:20      S 
22    47.2   057.7   00:02    43.6   19:59     17.8     00.0   01.26   02.0     19.6    17:58      W 
23    50.1   059.1   17:24    44.1   22:20     14.8     00.0   00.00   02.7     21.9    14:56      W 
24    49.8   058.3   15:27    42.0   00:00     15.2     00.0   00.25   01.3     21.9    16:12      W 
25    43.4   050.0   13:52    36.5   23:44     21.6     00.0   00.00   00.9     17.3    11:42      W 
26    39.7   049.3   14:56    29.3   07:05     25.2     00.0   00.00   00.3     10.3    11:08      W 
27    37.4   041.4   20:24    34.8   10:56     27.5     00.0   00.68   00.2     08.1    17:51     NNE
28    40.9   046.8   16:57    32.3   00:00     24.0     00.0   00.00   01.2     19.6    15:22      W 
29    47.2   064.4   17:15    29.1   06:34     17.8     00.0   00.00   00.9     17.3    12:55      W 
30    57.9   070.3   12:56    49.1   00:00     07.1     00.0   00.40   00.2     11.5    14:33     WNW
31    45.0   054.0   16:08    32.3   23:37     19.9     00.0   00.00   00.4     11.5    12:11      W 
--------------------------------------------------------------------------------------------------------
53.2 (53.6)   85.2  day 18     29.1  day 29   376.2    013.0   02.89   00.4     21.9   day 23     WSW
Min <=  86: 31
Max Rain: 1.26 ON 22-10-16
Days of Rain: 10 (> .008in) 5 (> .08in) 1 (> 0.8in)