MONTHLY CLIMATOLOGICAL SUMMARY for OCT. 2015

NAME: N2KI - Skywarn Spotter ID 13-330NYC   CITY: Washingtonville STATE: NY
ELEV: 300ft LAT: 041:26:00 LONG: 0074:07:00

                            TEMPERATURE ( F), RAIN (in.), WIND SPEED (mph)

                                               HEAT     COOL           AVG
      MEAN                                     DEG      DEG            WIND                       DOM
DAY   TEMP    HIGH   TIME     LOW    TIME      DAYS     DAYS    RAIN   SPEED    HIGH    TIME      DIR
--------------------------------------------------------------------------------------------------------
01    53.9   058.6   15:04    50.8   07:05     11.0     00.0   00.01   00.3     09.2    06:56     ENE
02    49.6   051.7   00:50    46.7   00:00     15.4     00.0   00.08   00.3     11.5    11:16      NE
03    47.5   050.7   21:42    45.0   08:21     17.4     00.0   00.31   00.4     09.2    15:56      NE
04    53.6   062.5   15:19    46.5   23:59     11.3     00.0   00.00   00.3     11.5    10:53      E 
05    51.6   063.7   14:49    44.0   00:00     13.3     00.0   00.00   00.1     08.1    11:58      SE
06    54.4   070.1   15:06    41.9   07:23     10.5     00.0   00.00   00.0     04.6    14:48      S 
07    56.8   070.9   14:15    45.2   07:16     08.1     00.0   00.00   00.1     09.2    15:48     WSW
08    58.5   070.2   15:11    48.3   07:35     06.5     00.0   00.00   00.2     11.5    20:24      SW
09    61.9   070.9   15:07    53.5   06:05     03.0     00.0   00.18   00.4     12.7    11:40      W 
10    51.5   063.6   15:14    40.1   07:51     13.5     00.0   00.00   00.1     11.5    01:14     SSW
11    51.2   069.6   15:06    36.1   07:31     13.8     00.0   00.00   00.3     10.3    14:12     SSW
12    58.2   078.2   14:57    42.7   06:29     06.7     00.0   00.00   00.2     09.2    19:02     WSW
13    59.4   067.9   14:59    51.4   01:51     05.6     00.0   00.01   00.3     11.5    12:54      W 
14    54.1   064.7   15:50    43.3   00:00     10.9     00.0   00.00   00.5     16.1    15:34      W 
15    49.6   062.9   14:55    38.3   05:38     15.4     00.0   00.00   00.4     12.7    22:02      W 
16    52.2   059.8   14:28    41.0   00:00     12.8     00.0   00.01   00.4     13.8    10:34      W 
17    43.1   052.0   14:42    29.2   00:00     21.8     00.0   00.00   00.7     16.1    13:07      W 
18    35.7   045.7   16:04    27.4   00:00     29.2     00.0   00.00   00.4     17.3    16:35      W 
19    38.2   052.4   17:05    23.6   06:50     26.8     00.0   00.00   00.5     11.5    16:07     WSW
20    56.9   072.6   16:53    40.3   07:42     08.1     00.0   00.00   00.9     12.7    14:11      W 
21    62.5   077.2   15:09    45.7   07:15     02.4     00.0   00.00   00.2     09.2    19:21     WSW
22    62.4   076.1   14:14    49.1   05:16     02.6     00.0   00.00   00.7     13.8    17:44      W 
23    49.8   060.5   00:01    36.2   00:00     15.2     00.0   00.00   00.6     13.8    00:20      N 
24    42.4   053.0   16:24    28.7   06:08     22.5     00.0   00.00   00.2     09.2    22:39      E 
25    54.1   064.5   14:55    40.0   00:00     10.8     00.0   00.16   00.7     13.8    20:44      W 
26    41.8   057.4   15:12    30.2   07:53     23.1     00.0   00.01   00.1     06.9    14:41      SW
27    41.4   056.4   15:31    29.3   07:45     23.5     00.0   00.00   00.0     06.9    16:04     ESE
28    53.5   068.8   23:43    39.8   01:58     11.4     00.0   01.01   01.6     25.3    17:57     ESE
29    63.5   069.8   03:03    52.8   00:00     01.4     00.0   00.16   02.4     26.4    16:34     WSW
30    48.9   056.3   14:49    39.7   00:00     16.0     00.0   00.00   01.1     13.8    17:15      W 
31    42.4   055.8   15:31    27.8   07:55     22.5     00.0   00.00   00.2     09.2    18:33     WSW
--------------------------------------------------------------------------------------------------------
51.6 (51.8)   78.2  day 12     23.6  day 19   412.5    000.0   01.95   00.5     26.5   day 29     WSW
Min <=  86: 31
Max Rain: 1.01 ON 28-10-15
Days of Rain: 10 (> .008in) 5 (> .08in) 1 (> 0.8in)