MONTHLY CLIMATOLOGICAL SUMMARY for OCT. 2014

NAME: N2KI - Skywarn Spotter ID 13-330NYC   CITY: Washingtonville STATE: NY
ELEV: 300ft LAT: 041:26:00 LONG: 0074:07:00

                            TEMPERATURE ( F), RAIN (in.), WIND SPEED (mph)

                                               HEAT     COOL           AVG
      MEAN                                     DEG      DEG            WIND                       DOM
DAY   TEMP    HIGH   TIME     LOW    TIME      DAYS     DAYS    RAIN   SPEED    HIGH    TIME      DIR
----------------------------------------------------------------------------------------------------------------------------------------------------------
01    57.2   059.4   00:00    56.4   03:01     07.8     00.0   00.00   00.0     00.0    00:00      SE
02    61.4   068.4   15:11    56.3   00:00     03.6     00.0   00.00   00.3     08.1    12:05      SE
03    61.0   072.0   13:09    50.9   07:12     03.9     00.0   00.10   00.6     10.3    16:07      SE
04    59.7   064.7   12:06    48.5   00:00     05.2     00.0   00.10   02.5     09.2    18:08     WNW
05    49.3   061.5   16:05    37.9   07:08     15.7     00.0   00.00   02.1     17.3    13:04      W 
06    54.5   069.7   15:01    37.3   07:08     10.4     00.0   00.00   04.1     17.3    20:09     SSW
07    65.5   074.1   14:06    59.1   07:01     00.0     00.6   00.00   05.2     16.1    02:00      SW
08    64.0   072.0   14:10    52.5   00:00     00.9     00.0   00.30   05.5     19.6    02:05     WSW
09    55.7   068.2   14:06    43.5   03:10     09.2     00.0   00.00   03.1     18.4    15:05      W 
10    50.6   062.2   14:04    37.8   05:07     14.3     00.0   00.00   00.9     06.9    15:02     WSW
11    47.8   053.3   16:10    42.7   22:02     17.1     00.0   00.10   00.1     01.1    14:02      S 
12    46.5   061.6   15:09    33.8   08:01     18.4     00.0   00.00   00.3     06.9    13:01      SE
13    52.7   062.7   16:05    37.0   01:06     12.2     00.0   00.00   00.5     09.2    12:09     SSW
14    67.9   076.6   14:06    58.4   00:05     00.0     03.0   00.00   02.9     12.7    18:01     SSW
15    72.9   077.5   12:11    69.7   00:00     00.0     08.0   00.70   04.9     14.9    14:11      S 
16    66.9   072.1   15:02    53.8   23:10     00.0     01.9   00.40   02.8     11.5    15:08     SSW
17    62.0   072.1   15:01    53.9   00:01     03.0     00.0   00.00   02.6     11.5    10:09     WSW
18    57.4   067.0   13:00    50.7   06:04     07.5     00.0   00.00   02.2     14.9    14:08      W 
19    47.8   054.0   00:03    35.5   00:00     17.2     00.0   00.00   04.5     19.6    13:08     WNW
20    46.5   060.9   14:06    34.4   05:10     18.4     00.0   00.00   01.6     12.7    14:02     WSW
21    51.7   054.8   15:02    47.5   06:08     13.3     00.0   00.20   00.4     05.8    14:01      W 
22    51.5   052.9   15:02    49.3   00:00     13.5     00.0   00.30   04.4     13.8    20:04      NE
23    49.4   050.8   06:03    48.5   11:04     15.5     00.0   00.40   02.6     13.8    03:01      NE
24    50.8   060.6   16:00    42.1   00:00     14.1     00.0   00.00   00.9     09.2    13:04      NE
25    53.4   065.7   16:09    38.9   03:00     11.5     00.0   00.00   02.7     13.8    15:05     WSW
26    51.4   055.8   14:07    42.5   07:08     13.5     00.0   00.00   03.5     19.6    15:06      W 
27    51.7   063.1   16:10    39.5   00:00     13.3     00.0   00.00   02.8     11.5    16:02      W 
28    56.3   077.0   14:10    37.9   03:05     08.7     00.0   00.00   01.5     11.5    19:04     WSW
29    55.9   067.1   11:04    42.4   00:00     09.0     00.0   00.10   01.3     16.1    11:04      W 
30    40.8   042.3   20:07    39.7   21:43     24.2     00.0   00.01   00.0     00.0    00:00      W 
31    42.2   051.8   16:48    29.4   07:58     22.8     00.0   00.00   00.2     04.6    22:26      NE
----------------------------------------------------------------------------------------------------------------------------------------------------------
55.5 (55.1)   77.5  day 15     29.4  day 31   324.1    013.4   02.94   02.3     19.6   day 26     WSW
Min <=  86: 30
Max Rain: 0.70 ON 15-10-14
Days of Rain: 10 (> .008in) 10 (> .08in) 0 (> 0.8in)