MONTHLY CLIMATOLOGICAL SUMMARY for OCT. 2013

NAME: N2KI - Skywarn Spotter ID 13-330NYC   CITY: Washingtonville STATE: NY
ELEV: 300ft LAT: 041:26:00 LONG: 0074:07:00

                            TEMPERATURE ( F), RAIN (in.), WIND SPEED (mph)

                                               HEAT     COOL           AVG
      MEAN                                     DEG      DEG            WIND                       DOM
DAY   TEMP    HIGH   TIME     LOW    TIME      DAYS     DAYS    RAIN   SPEED    HIGH    TIME      DIR
----------------------------------------------------------------------------------------------------------------------------------------------------------
01    61.1   079.5   15:34    44.7   06:35     03.9     00.0   00.00   00.3     10.3    17:04     WSW
02    64.6   081.4   16:38    52.2   07:09     00.3     00.0   00.00   00.4     12.7    13:34      W 
03    62.0   077.7   16:05    47.3   07:23     03.0     00.0   00.00   00.1     06.9    14:34     WSW
04    67.5   082.9   15:59    55.4   07:38     00.0     02.5   00.00   00.1     10.3    13:07     SSW
05    66.5   077.5   16:03    61.8   07:26     00.0     01.6   00.00   00.0     04.6    13:53     ESE
06    63.4   065.9   13:49    61.4   06:18     01.5     00.0   00.00   00.2     11.5    13:05      E 
07    66.7   074.4   11:21    54.5   00:00     00.0     01.7   00.82   01.5     26.4    14:11     SSW
08    53.6   065.8   15:13    44.5   07:42     11.3     00.0   00.01   00.1     06.9    11:42     WSW
09    50.5   063.1   16:42    40.2   06:12     14.4     00.0   00.00   00.1     09.2    10:00      E 
10    51.6   057.7   15:24    45.5   01:04     13.4     00.0   00.00   00.0     08.1    10:29      E 
11    59.6   068.1   15:43    53.2   00:12     05.3     00.0   00.00   00.1     10.3    13:14      E 
12    60.7   073.0   14:56    50.3   07:53     04.3     00.0   00.00   00.4     12.7    17:02      E 
13    56.6   067.2   15:26    46.0   08:01     08.3     00.0   00.00   00.2     10.3    14:36      E 
14    54.8   069.7   16:52    44.4   03:33     10.2     00.0   00.00   00.1     08.1    11:07      S 
15    57.4   071.3   14:39    45.0   07:49     07.5     00.0   00.00   00.1     09.2    19:41      S 
16    55.9   064.5   16:37    46.4   04:58     09.1     00.0   00.00   00.0     08.1    23:38      W 
17    66.5   075.6   15:14    60.3   04:06     00.0     01.5   00.00   00.6     13.8    23:12     WSW
18    58.6   066.6   00:02    43.0   00:00     06.3     00.0   00.00   01.6     19.6    02:23      W 
19    50.9   064.1   13:19    36.2   07:39     14.1     00.0   00.10   00.5     16.1    13:28      SW
20    50.7   061.3   15:34    38.4   00:00     14.2     00.0   00.00   01.0     16.1    12:03      W 
21    50.4   066.9   15:01    33.4   07:34     14.6     00.0   00.00   00.7     11.5    21:31     WSW
22    51.8   062.2   16:52    38.6   00:00     13.2     00.0   00.00   00.4     10.3    16:34     WSW
23    41.6   053.0   14:11    31.4   07:04     23.3     00.0   00.00   00.1     09.2    18:26      SW
24    42.6   051.8   13:01    34.3   05:13     22.4     00.0   00.00   01.0     14.9    15:52     WSW
25    41.5   051.9   17:08    34.7   04:23     23.5     00.0   00.00   00.7     16.1    15:12      W 
26    42.8   054.2   14:58    28.9   07:30     22.1     00.0   00.01   01.6     26.4    12:01     WSW
27    47.6   055.1   15:20    37.1   00:00     17.4     00.0   00.00   01.0     13.8    13:16      W 
28    44.4   060.8   14:54    28.6   07:46     20.6     00.0   00.00   00.8     14.9    12:49      W 
29    41.6   049.3   16:17    31.1   00:00     23.4     00.0   00.00   00.1     05.8    15:50     ESE
30    41.8   057.1   17:11    30.4   01:25     23.1     00.0   00.00   00.1     05.8    15:44     WSW
31    51.0   063.2   22:22    36.0   01:27     13.9     00.0   00.08   00.5     18.4    22:19     WSW
----------------------------------------------------------------------------------------------------------------------------------------------------------
54.1 (54.3)   82.9  day 04     28.6  day 28   344.4    007.4   01.68   00.5     26.5   day 07     WSW
Min <=  86: 31
Max Rain: 0.82 ON 7-10-13
Days of Rain: 5 (> .008in) 2 (> .08in) 1 (> 0.8in)