MONTHLY CLIMATOLOGICAL SUMMARY for OCT. 2012

NAME: N2KI - The Garrison   CITY: Washingtonville STATE: NY
ELEV: 300 LAT: 041:26:00 LONG: 0074:07:00

                            TEMPERATURE ( F), RAIN (in.), WIND SPEED (mph)

                                               HEAT     COOL           AVG
      MEAN                                     DEG      DEG            WIND                       DOM
DAY   TEMP    HIGH   TIME     LOW    TIME      DAYS     DAYS    RAIN   SPEED    HIGH    TIME      DIR
----------------------------------------------------------------------------------------------------------------------------------------------------------
01    56.6   068.8   16:03    49.6   07:07     08.4     00.0   00.00   02.6     11.5    14:02      W 
02    57.7   061.6   11:05    52.1   00:02     07.3     00.0   00.00   00.0     03.5    15:05     WSW
03    66.4   068.5   18:01    59.6   00:02     00.0     01.5   00.00   00.0     01.1    10:04     WNW
04    67.3   073.5   15:00    60.7   00:00     00.0     02.3   00.00   00.1     03.5    13:08      W 
05    62.1   067.5   19:01    60.7   07:02     02.8     00.0   00.00   00.0     01.1    21:02     SSW
06    60.5   073.5   11:06    46.3   00:00     04.4     00.0   00.00   02.2     11.5    16:05      W 
07    47.0   055.4   15:00    39.4   06:07     18.0     00.0   00.00   00.3     04.6    10:06      W 
08    47.0   055.4   15:00    39.4   06:07     17.9     00.0   00.00   00.3     04.6    10:06      W 
09    53.1   058.8   14:07    47.0   06:01     11.9     00.0   00.00   00.4     03.5    15:08     SSE
10    55.5   064.2   16:07    50.1   23:05     09.4     00.0   00.00   01.7     11.5    21:07     WSW
13    50.5   055.1   15:49    41.9   07:07     14.4     00.0   00.00   00.7     10.4    23:22     WSW
14    56.6   069.8   16:46    47.5   06:57     08.4     00.0   00.00   00.9     15.0    14:52      W 
15    62.5   068.8   12:40    55.9   00:00     02.5     00.0   00.41   01.0     15.0    07:04     WSW
16    50.4   057.4   16:07    37.8   00:00     14.5     00.0   00.00   01.0     19.6    12:23      W 
17    45.8   064.7   17:11    32.6   07:09     19.1     00.0   00.01   00.1     06.9    14:46     SSW
18    51.2   065.2   14:54    35.2   07:37     13.8     00.0   00.00   00.6     15.0    15:36     ESE
19    64.2   067.9   17:09    58.9   01:18     00.8     00.0   01.19   01.4     18.4    15:51      SE
20    59.0   069.3   13:37    49.2   22:58     06.0     00.0   00.00   00.8     16.1    14:38      W 
21    53.7   064.3   15:12    43.5   08:02     11.3     00.0   00.00   01.0     17.3    15:14      W 
22    55.3   067.7   16:33    46.7   07:54     09.7     00.0   00.00   01.3     13.8    10:17      W 
23    49.8   054.5   16:31    43.2   05:24     15.1     00.0   00.29   00.0     01.1    23:42      W 
24    53.2   054.4   19:38    51.8   06:15     11.8     00.0   00.09   00.0     03.5    03:08     ENE
25    55.6   060.0   17:00    52.6   01:16     09.3     00.0   00.01   00.0     05.8    14:56      SE
26    58.5   062.3   13:58    55.3   07:54     06.4     00.0   00.00   00.1     05.8    13:42     SSW
27    58.8   063.7   15:31    53.5   00:00     06.2     00.0   00.00   00.0     04.6    16:39     SSE
28    55.4   057.6   15:16    53.3   08:26     09.6     00.0   00.00   01.9     15.0    22:23     ENE
29    56.2   065.7   20:09    52.2   09:06     08.8     00.0   00.76   06.8     41.4    19:57     ENE
30    53.4   056.8   02:26    47.4   00:00     11.5     00.0   00.45   03.5     29.9    00:38      SE
31    45.1   047.3   00:01    41.6   07:58     19.9     00.0   00.00   00.6     11.5    15:58     WSW
----------------------------------------------------------------------------------------------------------------------------------------------------------
55.2 (55.6)   73.5  day 06     32.6  day 17   295.2    003.8   05.28   01.0     41.4   day 29      S 
Min <=  86: 30
Max Rain: 1.19 ON 19-10-12
Days of Rain: 8 (> .008in) 6 (> .08in) 1 (> 0.8in)