MONTHLY CLIMATOLOGICAL SUMMARY for OCT. 2010

NAME: N2KI Studio 1 - Bravo   CITY: Washingtonville STATE: New York
ELEV: 445 LAT: N41 25 29.5 LONG: W74 08 53.3

                            TEMPERATURE ( F), RAIN (in.), WIND SPEED (mph)

                                               HEAT     COOL           AVG
      MEAN                                     DEG      DEG            WIND                       DOM
DAY   TEMP    HIGH   TIME     LOW    TIME      DAYS     DAYS    RAIN   SPEED    HIGH    TIME      DIR
----------------------------------------------------------------------------------------------------------------------------------------------------------
01    61.4   075.9   00:59    50.4   00:00     03.5     00.0   03.00   00.9     25.3    00:59      E 
02    53.1   066.5   16:33    44.3   07:29     11.9     00.0   00.00   00.2     08.1    14:13     ENE
03    53.0   063.3   15:49    43.6   07:20     12.0     00.0   00.00   00.8     11.5    14:36     ENE
04    51.3   053.9   00:01    48.2   08:41     13.7     00.0   00.30   00.4     10.3    10:32     ENE
05    52.9   055.6   00:00    50.8   07:34     12.1     00.0   00.10   00.4     06.9    01:42     ENE
06    56.8   062.1   13:30    51.6   23:38     08.1     00.0   00.00   00.7     12.7    12:34      SW
07    58.6   068.6   16:20    51.4   04:18     06.4     00.0   00.00   01.9     20.7    14:06     WSW
09    59.7   074.0   16:26    41.4   00:00     05.2     00.0   00.00   01.4     20.7    15:15     WSW
10    50.9   070.6   16:31    33.2   07:36     14.0     00.0   00.00   00.9     14.9    13:54     WSW
11    59.9   074.1   16:14    46.9   04:35     05.1     00.0   00.00   00.7     12.7    12:52     WSW
12    56.4   066.3   16:17    45.5   00:00     08.6     00.0   00.30   00.2     08.1    01:14     SSE
13    47.5   064.3   16:43    34.9   07:44     17.5     00.0   00.00   00.2     06.9    12:55     SSW
14    47.9   061.3   12:38    34.5   07:29     17.1     00.0   00.20   00.2     06.9    13:06     NNW
15    50.1   053.2   13:21    47.2   22:35     14.8     00.0   00.00   03.2     27.6    09:49      W 
16    51.9   059.4   16:12    44.7   00:00     13.1     00.0   00.00   02.0     20.7    14:35      W 
17    53.0   068.3   14:29    41.7   00:00     12.0     00.0   00.00   01.5     19.6    16:36     WSW
18    48.4   059.0   14:26    39.7   00:00     16.6     00.0   00.00   01.1     17.3    14:24      W 
19    48.9   060.6   15:10    39.6   00:28     16.1     00.0   00.00   00.5     11.5    15:23      W 
20    47.8   059.0   14:24    35.8   06:47     17.1     00.0   00.00   00.6     13.8    14:37     WSW
21    50.0   059.2   15:06    38.9   22:55     15.0     00.0   00.00   01.8     19.6    16:45      W 
22    42.8   049.3   17:09    33.7   00:00     22.1     00.0   00.00   01.4     20.7    13:42     WSW
23    49.3   064.6   15:24    32.1   01:12     15.6     00.0   00.10   01.1     12.7    15:07     WSW
24    54.6   064.7   16:23    45.4   08:15     10.3     00.0   00.00   00.1     10.3    18:32     WSW
25    58.9   072.3   15:01    44.4   04:58     06.0     00.0   00.00   01.0     17.3    20:13     WSW
26    67.0   076.7   14:25    55.2   08:15     00.0     02.0   00.00   01.5     19.6    20:33      SW
27    66.0   072.3   12:05    51.9   00:00     00.0     01.1   00.40   01.0     18.4    00:23      SW
28    58.5   073.3   14:48    46.9   04:39     06.5     00.0   00.00   01.6     26.4    14:56     WSW
29    49.0   054.1   15:11    43.9   23:23     16.0     00.0   00.00   01.8     21.9    15:11      W 
30    47.5   056.9   15:57    38.2   07:18     17.4     00.0   00.00   02.2     19.6    14:23     WSW
31    46.5   054.1   11:57    35.8   23:55     18.4     00.0   00.00   02.3     19.6    12:20      W 
----------------------------------------------------------------------------------------------------------------------------------------------------------
53.3 (53.4)   76.7  day 26     32.1  day 23   352.1    003.1   04.70   01.1     27.6   day 28     WSW
Min <=  86: 30
Max Rain: 3.00 ON 1-10-11
Days of Rain: 7 (> .008in) 7 (> .08in) 1 (> 0.8in)