MONTHLY CLIMATOLOGICAL SUMMARY for OCT. 2009

NAME: N2KI Studio 1 - Bravo   CITY: Washingtonville STATE: New York
ELEV: 445 LAT: N41 25 29.5 LONG: W74 08 53.3

                            TEMPERATURE ( F), RAIN (in.), WIND SPEED (mph)

                                               HEAT     COOL           AVG
      MEAN                                     DEG      DEG            WIND                       DOM
DAY   TEMP    HIGH   TIME     LOW    TIME      DAYS     DAYS    RAIN   SPEED    HIGH    TIME      DIR
----------------------------------------------------------------------------------------------------------------------------------------------------------
01    48.6   055.1   16:32    43.3   02:27     16.3     00.0   00.00   01.3     18.4    15:56     WSW
02    51.0   063.5   23:59    36.6   07:32     14.0     00.0   00.00   00.9     19.6    22:28      W 
03    64.9   073.3   15:59    59.4   22:15     00.0     00.0   00.10   00.7     13.8    15:42     WSW
04    61.7   073.7   14:47    54.0   07:26     03.2     00.0   00.00   00.5     09.2    15:06     WSW
05    55.1   064.5   13:56    46.9   07:11     09.8     00.0   00.00   01.6     20.7    14:45     WSW
06    55.8   066.6   16:04    45.6   07:17     09.2     00.0   00.00   01.2     14.9    12:27     WSW
07    60.4   066.6   11:46    55.4   01:20     04.5     00.0   00.20   04.6     34.5    15:56     WSW
08    55.7   063.4   14:35    49.5   22:44     09.3     00.0   00.00   01.9     23.0    02:21     WSW
09    56.0   060.7   17:04    50.2   00:02     08.9     00.0   00.50   00.2     08.1    08:27     WSW
10    56.6   062.1   12:30    40.7   23:31     08.3     00.0   00.10   00.8     19.6    13:42      W 
11    46.8   061.3   15:31    35.1   06:10     18.2     00.0   00.00   01.2     24.1    14:52      W 
12    42.9   052.7   15:13    31.4   07:28     22.1     00.0   00.00   00.3     05.8    15:43     WSW
13    48.8   060.4   13:34    38.0   00:00     16.1     00.0   00.00   01.1     19.6    14:03     WNW
14    41.6   052.4   15:12    31.2   07:46     23.3     00.0   00.00   00.4     08.1    16:07      SW
15    37.8   041.5   00:36    34.3   18:17     27.1     00.0   00.20   01.5     09.2    11:42      NE
16    40.7   047.4   15:02    36.0   00:09     24.2     00.0   00.00   01.4     10.3    11:44      NE
17    42.6   047.9   16:04    37.9   07:56     22.4     00.0   00.00   00.6     06.9    05:35     ENE
18    41.1   043.4   17:03    32.5   00:00     23.8     00.0   00.10   01.2     11.5    14:57      NE
19    39.7   059.3   16:32    27.6   07:54     25.2     00.0   00.00   00.4     08.1    14:22     SSW
20    47.7   066.9   16:05    31.7   02:39     17.3     00.0   00.00   00.7     09.2    11:41     WSW
21    53.4   069.6   15:46    42.0   05:29     11.6     00.0   00.00   00.4     08.1    15:06      SW
22    59.2   077.5   15:46    43.4   06:11     05.8     00.0   00.00   01.2     18.4    15:54     WSW
23    48.6   060.5   00:12    42.6   10:40     16.3     00.0   00.20   01.7     16.1    05:33      NE
24    58.4   068.8   16:15    47.9   06:41     06.6     00.0   01.20   01.8     21.9    12:19      SW
25    53.8   062.2   16:29    40.0   00:00     11.2     00.0   00.00   01.8     18.4    01:22      W 
26    45.1   061.6   16:41    33.0   07:59     19.9     00.0   00.00   00.4     09.2    13:13      NE
27    45.2   051.3   17:54    35.4   04:09     19.7     00.0   00.20   00.3     04.6    20:58      E 
28    50.8   052.9   11:54    49.4   00:00     14.2     00.0   00.90   01.7     11.5    19:02      NE
29    53.0   061.1   16:46    47.6   08:01     12.0     00.0   00.00   01.3     09.2    00:19     NNE
30    53.8   058.0   16:03    51.2   08:56     11.1     00.0   00.00   01.4     11.5    23:54      SW
31    61.5   070.1   18:30    54.8   00:41     03.4     00.0   00.10   02.8     19.6    13:46     WSW
----------------------------------------------------------------------------------------------------------------------------------------------------------
50.9 (51.3)   77.5  day 22     27.6  day 19   435.0    000.0   03.81   01.2     34.5   day 07      W 
Min <=  86: 31
Max Rain: 1.20 ON 24-10-11
Days of Rain: 66 (> .008in) 66 (> .08in) 2 (> 0.8in)