MONTHLY CLIMATOLOGICAL SUMMARY for APR. 2024 NAME: N2KI Weather System - KNYWASHI15 CITY: Washingtonville STATE: NY ELEV: 300ft LAT: 041:26:00 LONG: 0074:07:00 TEMPERATURE ( °F), RAIN (in.), WIND SPEED (mph) HEAT COOL AVG MEAN DEG DEG WIND DOM DAY TEMP HIGH TIME LOW TIME DAYS DAYS RAIN SPEED HIGH TIME DIR -------------------------------------------------------------------------------------------------------- 01 45.7 052.6 18:00 38.8 03:51 19.2 00.0 00.00 00.0 05.8 16:55 WSW 02 41.8 043.6 17:36 39.2 07:02 23.1 00.0 00.69 00.3 10.3 21:56 SE 03 40.1 042.4 00:21 38.1 11:33 24.9 00.0 01.07 02.9 18.4 16:58 ENE 04 37.5 042.8 17:02 32.4 05:17 27.4 00.0 00.52 01.8 12.7 13:51 NE 05 40.1 046.0 17:02 34.3 04:58 24.9 00.0 00.00 02.0 19.6 13:32 WNW 06 43.6 050.1 17:43 37.5 04:22 21.4 00.0 00.00 02.2 16.1 12:50 N 07 46.3 057.6 18:21 37.0 00:00 18.6 00.0 00.00 01.6 13.8 15:21 NE 08 49.7 066.0 18:13 28.9 06:56 15.2 00.0 00.00 00.2 09.2 18:16 WSW 09 60.4 077.5 17:13 39.1 06:46 04.5 00.0 00.00 00.6 21.9 22:03 SW 10 59.0 064.3 15:07 53.1 07:15 05.9 00.0 00.00 00.5 10.3 12:28 ESE 11 56.2 063.1 15:35 52.2 09:22 08.7 00.0 00.24 01.1 23.0 23:32 ESE 12 59.9 064.5 11:38 52.0 00:00 05.0 00.0 00.74 03.3 29.9 04:25 SSW 13 47.8 052.8 00:35 45.7 18:35 17.1 00.0 00.02 04.5 25.3 16:07 W 14 54.4 072.1 17:11 37.9 07:05 10.5 00.0 00.00 01.0 14.9 19:00 WSW 15 61.0 076.0 17:38 46.2 07:08 03.9 00.0 00.00 01.2 12.7 13:33 NNW 16 55.3 070.0 16:35 39.1 06:24 09.7 00.0 00.00 01.1 16.1 13:59 NW 17 50.7 062.5 12:39 38.8 06:20 14.3 00.0 00.04 00.4 11.5 16:39 SE 18 45.3 047.3 00:44 44.0 15:07 19.7 00.0 00.10 00.5 09.2 02:29 E 19 50.0 058.7 15:28 43.2 01:09 14.9 00.0 00.00 00.6 14.9 14:25 SE 20 53.3 064.7 15:56 42.1 00:00 11.7 00.0 00.06 01.2 18.4 16:49 W 21 42.4 049.2 17:11 32.5 06:38 22.5 00.0 00.00 01.0 14.9 15:59 W 22 46.4 061.0 17:52 31.4 05:13 18.6 00.0 00.00 00.9 11.5 15:25 NW 23 50.0 067.2 14:20 30.7 06:21 14.9 00.0 00.00 01.5 21.9 20:28 SSE 24 55.5 067.1 14:31 45.2 00:00 09.4 00.0 00.00 01.4 17.3 14:52 WNW 25 46.1 057.9 17:51 35.7 06:40 18.8 00.0 00.00 01.2 11.5 13:35 E 26 48.3 064.7 17:53 30.7 06:22 16.6 00.0 00.00 00.4 10.3 18:28 SE 27 51.0 064.5 14:22 34.6 06:44 13.9 00.0 00.00 00.8 16.1 13:56 SW 28 59.6 076.6 16:45 46.0 02:56 05.4 00.0 00.28 00.1 08.1 13:41 SW 29 69.6 083.6 14:27 56.9 06:03 00.0 04.6 00.00 00.0 08.1 16:47 S 30 61.0 068.9 17:27 55.9 07:45 04.0 00.0 00.14 00.1 08.1 16:51 ESE -------------------------------------------------------------------------------------------------------- 50.9 (50.9) 83.6 day 29 28.9 day 08 424.8 004.6 03.87 01.1 29.9 day 13 WNW Min <= 86: 30 Max Rain: 1.07 ON 3-04-24 Days of Rain: 11 (> .008in) 8 (> .08in) 1 (> 0.8in)