MONTHLY CLIMATOLOGICAL SUMMARY for JAN. 2024 NAME: N2KI Weather System - KNYWASHI15 CITY: Washingtonville STATE: NY ELEV: 300ft LAT: 041:26:00 LONG: 0074:07:00 TEMPERATURE ( °F), RAIN (in.), WIND SPEED (mph) HEAT COOL AVG MEAN DEG DEG WIND DOM DAY TEMP HIGH TIME LOW TIME DAYS DAYS RAIN SPEED HIGH TIME DIR -------------------------------------------------------------------------------------------------------- 01 34.9 042.6 12:33 25.3 00:00 30.0 00.0 00.00 00.2 06.9 11:58 NW 02 28.5 041.7 15:16 18.9 08:10 36.5 00.0 00.00 00.4 09.2 13:03 NW 03 33.3 038.1 12:17 25.5 00:08 31.6 00.0 00.00 00.5 09.2 12:42 W 04 34.0 042.3 12:31 24.0 23:48 31.0 00.0 00.00 01.8 16.1 15:02 WNW 05 27.1 036.3 15:16 20.5 00:00 37.8 00.0 00.00 01.1 11.5 13:24 WNW 06 25.9 032.1 16:46 18.3 03:19 39.0 00.0 00.00 00.5 09.2 19:29 NW 07 31.4 033.5 13:40 29.2 01:10 33.6 00.0 00.13 00.3 13.8 19:34 NNE 08 32.8 041.5 14:09 20.6 00:00 32.1 00.0 00.49 00.9 11.5 09:32 W 09 32.6 054.1 23:42 17.5 03:15 32.4 00.0 01.66 02.7 27.6 19:45 ESE 10 46.5 056.6 01:33 41.1 00:00 18.5 00.0 00.26 03.1 21.9 01:18 WSW 11 40.0 043.8 15:08 32.3 00:00 24.9 00.0 00.00 01.1 16.1 11:25 WSW 12 38.2 048.1 13:34 27.9 08:22 26.8 00.0 00.10 01.1 23.0 22:44 SE 13 45.8 059.2 09:54 32.4 23:51 19.1 00.0 00.46 05.6 38.0 04:26 WSW 14 31.1 038.1 12:06 22.6 23:34 33.9 00.0 00.00 03.6 31.1 14:00 W 15 23.4 027.3 15:30 17.2 07:41 41.6 00.0 00.00 01.0 11.5 12:36 WSW 16 23.2 026.7 18:06 17.7 00:00 41.8 00.0 00.00 00.8 14.9 20:53 NNW 17 17.2 023.3 15:16 13.3 19:49 47.7 00.0 00.01 02.2 14.9 09:49 W 18 20.9 026.4 12:33 12.3 03:55 44.1 00.0 00.00 00.7 13.8 12:09 W 19 22.4 025.9 13:45 18.9 20:49 42.6 00.0 00.00 00.5 09.2 16:10 NNW 20 17.7 022.0 12:35 13.6 05:02 47.2 00.0 00.00 03.5 16.1 12:22 WNW 21 21.5 028.7 14:47 15.9 07:40 43.4 00.0 00.01 02.9 14.9 12:02 WNW 22 26.2 036.5 15:03 11.0 06:14 38.8 00.0 00.00 01.5 12.7 22:17 WSW 23 35.0 038.3 13:23 32.4 01:58 29.9 00.0 00.01 00.6 10.3 00:14 W 24 35.3 037.7 14:12 32.9 02:57 29.7 00.0 00.39 00.0 04.6 05:10 W 25 45.0 053.5 14:08 35.3 01:28 19.9 00.0 00.10 00.0 04.6 23:29 WSW 26 40.9 043.5 01:12 39.2 08:53 24.0 00.0 00.37 00.3 11.5 04:49 ESE 27 40.4 043.1 15:30 38.0 08:06 24.6 00.0 00.01 00.0 05.8 04:06 NE 28 35.9 039.0 00:09 33.2 19:26 29.0 00.0 00.80 01.2 11.5 15:15 NE 29 34.0 035.7 14:36 32.0 00:00 30.9 00.0 00.04 00.6 09.2 03:18 NE 30 32.9 035.1 15:49 30.9 06:43 32.1 00.0 00.00 00.2 09.2 20:28 E 31 34.1 036.0 16:41 32.0 08:05 30.8 00.0 00.00 00.1 06.9 12:02 SW -------------------------------------------------------------------------------------------------------- 31.9 (31.8) 59.2 day 13 11.0 day 22 1025.2 000.0 04.80 01.3 38.0 day 13 W Max <= 32: 7 Min <= 86: 31 Max <= 23: 1 Min <= 23: 14 Max Rain: 1.66 ON 9-01-24 Days of Rain: 15 (> .008in) 10 (> .08in) 2 (> 0.8in)